{"id":5873,"date":"2025-06-28T17:32:24","date_gmt":"2025-06-28T15:32:24","guid":{"rendered":"https:\/\/uj.adatbank.ro\/lexikon\/termek\/cristea-vasile-4\/"},"modified":"2025-06-28T17:32:24","modified_gmt":"2025-06-28T15:32:24","slug":"cristea-vasile-4","status":"publish","type":"product","link":"https:\/\/uj.adatbank.ro\/lexikon\/termek\/cristea-vasile-4\/","title":{"rendered":"CRISTEA Vasile"},"content":{"rendered":"<p>Somostelke, 1906. febr. 24., \u2020\u00a0Roma, 2000. jan 17.: g\u00f6r. kat. pap., tan\u00e1r, p\u00fcsp\u00f6k. \u2013 Bal\u00e1zsfalv\u00e1n tanult a Sf. Vasile L\u00edc.-ban, majd teol\u00f3giai akad. -\u00e1t v\u00e9gzett u. o., papp\u00e1 szentelt\u00e9k (1932). Bal\u00e1zsfalv\u00e1n a M\u0171v\u00e9szet \u00e9s Mesters\u00e9gek iskol\u00e1j\u00e1ban tan\u00e1r, bel\u00e9pett a Casa Domnului szerzetes rendbe (1933), tan\u00edtott a Sf. Vasile L\u00edc.-ban \u00e9s ugyanakkor pl\u00e9b\u00e1nos (\u20131947), valamanint a szenesfalvi szent\u00e9ly pl\u00e9b\u00e1nosa, Rom\u00e1ban a Pio Romeno Koll. rektora (1949\u201350) \u00e9s a firenzei Asumcionista egyh\u00e1zk\u00f6zs\u00e9g pl\u00e9b\u00e1nosa. A sz\u00e1m\u0171zet\u00e9sben \u00e9l\u0151 rom\u00e1n g\u00f6r. kat. \u2013ok Lebedo-i p\u00fcsp\u00f6ke (1960). Munkat\u00e1rsa volt a vatik\u00e1ni r\u00e1di\u00f3nak. <br \/><strong>Irod.:<\/strong> Todea 2013<\/br><\/p>\n","protected":false},"excerpt":{"rendered":"<p>Somostelke, 1906. febr. 24., \u2020\u00a0Roma, 2000. jan 17.: g\u00f6r. kat. pap., tan\u00e1r, p\u00fcsp\u00f6k. \u2013 Bal\u00e1zsfalv\u00e1n tanult a Sf. Vasile L\u00edc.-ban, majd teol\u00f3giai akad. -\u00e1t v\u00e9gzett u. o., papp\u00e1 szentelt\u00e9k (1932). Bal\u00e1zsfalv\u00e1n a M\u0171v\u00e9szet \u00e9s Mesters\u00e9gek iskol\u00e1j\u00e1ban tan\u00e1r, bel\u00e9pett a Casa Domnului szerzetes rendbe (1933), tan\u00edtott a Sf. Vasile L\u00edc.-ban \u00e9s ugyanakkor pl\u00e9b\u00e1nos (\u20131947), valamanint a [&hellip;]<\/p>\n","protected":false},"featured_media":0,"comment_status":"open","ping_status":"closed","template":"","meta":[],"product_brand":[],"product_cat":[137],"product_tag":[],"class_list":{"0":"post-5873","1":"product","2":"type-product","3":"status-publish","5":"product_cat-maros-megyei-eletrajzi-lexikon","7":"first","8":"instock","9":"shipping-taxable","10":"product-type-simple"},"_links":{"self":[{"href":"https:\/\/uj.adatbank.ro\/lexikon\/wp-json\/wp\/v2\/product\/5873","targetHints":{"allow":["GET"]}}],"collection":[{"href":"https:\/\/uj.adatbank.ro\/lexikon\/wp-json\/wp\/v2\/product"}],"about":[{"href":"https:\/\/uj.adatbank.ro\/lexikon\/wp-json\/wp\/v2\/types\/product"}],"replies":[{"embeddable":true,"href":"https:\/\/uj.adatbank.ro\/lexikon\/wp-json\/wp\/v2\/comments?post=5873"}],"wp:attachment":[{"href":"https:\/\/uj.adatbank.ro\/lexikon\/wp-json\/wp\/v2\/media?parent=5873"}],"wp:term":[{"taxonomy":"product_brand","embeddable":true,"href":"https:\/\/uj.adatbank.ro\/lexikon\/wp-json\/wp\/v2\/product_brand?post=5873"},{"taxonomy":"product_cat","embeddable":true,"href":"https:\/\/uj.adatbank.ro\/lexikon\/wp-json\/wp\/v2\/product_cat?post=5873"},{"taxonomy":"product_tag","embeddable":true,"href":"https:\/\/uj.adatbank.ro\/lexikon\/wp-json\/wp\/v2\/product_tag?post=5873"}],"curies":[{"name":"wp","href":"https:\/\/api.w.org\/{rel}","templated":true}]}}

<p>Somostelke, 1906. febr. 24., † Roma, 2000. jan 17.: gör. kat. pap., tanár, püspök. – Balázsfalván tanult a Sf. Vasile Líc.-ban, majd teológiai akad. -át végzett u. o., pappá szentelték (1932). Balázsfalván a Művészet és Mesterségek iskolájában tanár, belépett a Casa Domnului szerzetes rendbe (1933), tanított a Sf. Vasile Líc.-ban és ugyanakkor plébános (–1947), valamanint a szenesfalvi szentély plébánosa, Romában a Pio Romeno Koll. rektora (1949–50) és a firenzei Asumcionista egyházközség plébánosa. A száműzetésben élő román gör. kat. –ok Lebedo-i püspöke (1960). Munkatársa volt a vatikáni rádiónak. <br /><strong>Irod.:</strong> Todea 2013</br></p>

<p>Somostelke, 1906. febr. 24., † Roma, 2000. jan 17.: gör. kat. pap., tanár, püspök. – Balázsfalván tanult a Sf. Vasile Líc.-ban, majd teológiai akad. -át végzett u. o., pappá szentelték (1932). Balázsfalván a Művészet és Mesterségek iskolájában tanár, belépett a Casa Domnului szerzetes rendbe (1933), tanított a Sf. Vasile Líc.-ban és ugyanakkor plébános (–1947), valamanint a [&hellip;]</p>
