{"id":5880,"date":"2025-06-28T17:32:39","date_gmt":"2025-06-28T15:32:39","guid":{"rendered":"https:\/\/uj.adatbank.ro\/lexikon\/termek\/cucuiu-virgil\/"},"modified":"2025-06-28T17:32:39","modified_gmt":"2025-06-28T15:32:39","slug":"cucuiu-virgil","status":"publish","type":"product","link":"https:\/\/uj.adatbank.ro\/lexikon\/termek\/cucuiu-virgil\/","title":{"rendered":"CUCUIU Virgil"},"content":{"rendered":"<p>Marosbog\u00e1t, 1890. okt. 29., \u2020 Gyulafeh\u00e9rv\u00e1r, 1972. febr. 9.: pap, tan\u00e1r, tan\u00edt\u00f3. \u2013 K\u00f6z\u00e9piskol\u00e1it Mv.-en \u00e9s Bal\u00e1zsfalv\u00e1n v\u00e9gezte, a teol\u00f3gi\u00e1t Kv.-on (1921\u201322). Tan\u00edt\u00f3 Mez\u0151bodonban, Kiss\u00e1rm\u00e1son, Mez\u0151cs\u00e1nban, B\u00e1r\u00e1nyk\u00faton; t\u00f6rt\u00e9nelem-f\u00f6ldrajz tan\u00e1r Gyulafeh\u00e9rv\u00e1ron (1919\u201350.) Tanulm\u00e1nyokat \u00edrt Horia, Clo\u015fca \u00e9s Cri\u015fan-r\u00f3l valamint Avram Iancu-r\u00f3l (1929, 1937). <br \/><strong>Irod.:<\/strong> Jud. Alba<\/br><\/p>\n","protected":false},"excerpt":{"rendered":"<p>Marosbog\u00e1t, 1890. okt. 29., \u2020 Gyulafeh\u00e9rv\u00e1r, 1972. febr. 9.: pap, tan\u00e1r, tan\u00edt\u00f3. \u2013 K\u00f6z\u00e9piskol\u00e1it Mv.-en \u00e9s Bal\u00e1zsfalv\u00e1n v\u00e9gezte, a teol\u00f3gi\u00e1t Kv.-on (1921\u201322). Tan\u00edt\u00f3 Mez\u0151bodonban, Kiss\u00e1rm\u00e1son, Mez\u0151cs\u00e1nban, B\u00e1r\u00e1nyk\u00faton; t\u00f6rt\u00e9nelem-f\u00f6ldrajz tan\u00e1r Gyulafeh\u00e9rv\u00e1ron (1919\u201350.) Tanulm\u00e1nyokat \u00edrt Horia, Clo\u015fca \u00e9s Cri\u015fan-r\u00f3l valamint Avram Iancu-r\u00f3l (1929, 1937). Irod.: Jud. Alba<\/p>\n","protected":false},"featured_media":0,"comment_status":"open","ping_status":"closed","template":"","meta":[],"product_brand":[],"product_cat":[137],"product_tag":[],"class_list":{"0":"post-5880","1":"product","2":"type-product","3":"status-publish","5":"product_cat-maros-megyei-eletrajzi-lexikon","7":"first","8":"instock","9":"shipping-taxable","10":"product-type-simple"},"_links":{"self":[{"href":"https:\/\/uj.adatbank.ro\/lexikon\/wp-json\/wp\/v2\/product\/5880","targetHints":{"allow":["GET"]}}],"collection":[{"href":"https:\/\/uj.adatbank.ro\/lexikon\/wp-json\/wp\/v2\/product"}],"about":[{"href":"https:\/\/uj.adatbank.ro\/lexikon\/wp-json\/wp\/v2\/types\/product"}],"replies":[{"embeddable":true,"href":"https:\/\/uj.adatbank.ro\/lexikon\/wp-json\/wp\/v2\/comments?post=5880"}],"wp:attachment":[{"href":"https:\/\/uj.adatbank.ro\/lexikon\/wp-json\/wp\/v2\/media?parent=5880"}],"wp:term":[{"taxonomy":"product_brand","embeddable":true,"href":"https:\/\/uj.adatbank.ro\/lexikon\/wp-json\/wp\/v2\/product_brand?post=5880"},{"taxonomy":"product_cat","embeddable":true,"href":"https:\/\/uj.adatbank.ro\/lexikon\/wp-json\/wp\/v2\/product_cat?post=5880"},{"taxonomy":"product_tag","embeddable":true,"href":"https:\/\/uj.adatbank.ro\/lexikon\/wp-json\/wp\/v2\/product_tag?post=5880"}],"curies":[{"name":"wp","href":"https:\/\/api.w.org\/{rel}","templated":true}]}}