{"id":5885,"date":"2025-06-28T17:32:48","date_gmt":"2025-06-28T15:32:48","guid":{"rendered":"https:\/\/uj.adatbank.ro\/lexikon\/termek\/curta-eugen\/"},"modified":"2025-06-28T17:32:48","modified_gmt":"2025-06-28T15:32:48","slug":"curta-eugen","status":"publish","type":"product","link":"https:\/\/uj.adatbank.ro\/lexikon\/termek\/curta-eugen\/","title":{"rendered":"CURTA Eugen"},"content":{"rendered":"<p>? \u2020 ? : orvos-t\u00e1bornok, dr., polg\u00e1rmester. \u2013 Mv. polg\u00e1rmestere (1939\u201340). Polg\u00e1rmesters\u00e9ge idej\u00e9n \u00faj\u00edtott\u00e1k fel a f\u0151teret \u00e9s a S\u00e1ndor J\u00e1nos utc\u00e1t. Kiadta rendeletben (1940. szept. 2.), hogy a mv.-i K\u00e9pt\u00e1rb\u00f3l Aurel Ciupe vezet\u00e9se alatt gy\u0171jtsenek \u00f6ssze \u00e9s mentsenek ki minden rom\u00e1n anyagot \u00e9s \u00e9rt\u00e9ket, ezt a m. polg\u00e1ri \u0151rs\u00e9g megakad\u00e1lyozta. \u2013 <strong>F. m.:<\/strong> <strong>t\u00e1rssz.:<\/strong> Programul de lucru \u0219i tarifele de ap\u0103 \u0219i canal \/ Intreprinderile Comunale Tg. M. (ing. \u0218erban Cioran-val; Tg. M., 1939); Tarifele de v\u00e2nzarea energiei electrice (ing. \u0218erban Cioran-val; Tg. M., 1939); Tarifele taxelor de ridicarea gunoaielor menajere (Tg. M., 1939); Instruc\u021biuni cum trebuie s\u0103 ne ap\u0103r\u0103m contra atacurilor aeriene \u0219i ce trebuie \u0219tiut \u00een leg\u0103tur\u0103 cu astea ? (V. Nilca-val; Tg. M., 1939); Utas\u00edt\u00e1s: Hogyan v\u00e9dekezz\u00fcnk l\u00e9gi t\u00e1mad\u00e1s eset\u00e9n \u00e9s mit kell tudni ezzel kapcsolatban ? (V. Nilca-val; Tg. M., 1939). <br \/><strong>Irod.:<\/strong> Bern\u00e1dy; Fodor\u2013Bal\u00e1s; Id\u0151t\u00e1r 3; Pelin<\/br><\/p>\n","protected":false},"excerpt":{"rendered":"<p>? \u2020 ? : orvos-t\u00e1bornok, dr., polg\u00e1rmester. \u2013 Mv. polg\u00e1rmestere (1939\u201340). Polg\u00e1rmesters\u00e9ge idej\u00e9n \u00faj\u00edtott\u00e1k fel a f\u0151teret \u00e9s a S\u00e1ndor J\u00e1nos utc\u00e1t. Kiadta rendeletben (1940. szept. 2.), hogy a mv.-i K\u00e9pt\u00e1rb\u00f3l Aurel Ciupe vezet\u00e9se alatt gy\u0171jtsenek \u00f6ssze \u00e9s mentsenek ki minden rom\u00e1n anyagot \u00e9s \u00e9rt\u00e9ket, ezt a m. polg\u00e1ri \u0151rs\u00e9g megakad\u00e1lyozta. \u2013 F. m.: t\u00e1rssz.: [&hellip;]<\/p>\n","protected":false},"featured_media":0,"comment_status":"open","ping_status":"closed","template":"","meta":[],"product_brand":[],"product_cat":[137],"product_tag":[],"class_list":{"0":"post-5885","1":"product","2":"type-product","3":"status-publish","5":"product_cat-maros-megyei-eletrajzi-lexikon","7":"first","8":"instock","9":"shipping-taxable","10":"product-type-simple"},"_links":{"self":[{"href":"https:\/\/uj.adatbank.ro\/lexikon\/wp-json\/wp\/v2\/product\/5885","targetHints":{"allow":["GET"]}}],"collection":[{"href":"https:\/\/uj.adatbank.ro\/lexikon\/wp-json\/wp\/v2\/product"}],"about":[{"href":"https:\/\/uj.adatbank.ro\/lexikon\/wp-json\/wp\/v2\/types\/product"}],"replies":[{"embeddable":true,"href":"https:\/\/uj.adatbank.ro\/lexikon\/wp-json\/wp\/v2\/comments?post=5885"}],"wp:attachment":[{"href":"https:\/\/uj.adatbank.ro\/lexikon\/wp-json\/wp\/v2\/media?parent=5885"}],"wp:term":[{"taxonomy":"product_brand","embeddable":true,"href":"https:\/\/uj.adatbank.ro\/lexikon\/wp-json\/wp\/v2\/product_brand?post=5885"},{"taxonomy":"product_cat","embeddable":true,"href":"https:\/\/uj.adatbank.ro\/lexikon\/wp-json\/wp\/v2\/product_cat?post=5885"},{"taxonomy":"product_tag","embeddable":true,"href":"https:\/\/uj.adatbank.ro\/lexikon\/wp-json\/wp\/v2\/product_tag?post=5885"}],"curies":[{"name":"wp","href":"https:\/\/api.w.org\/{rel}","templated":true}]}}

<p>? † ? : orvos-tábornok, dr., polgármester. – Mv. polgármestere (1939–40). Polgármestersége idején újították fel a főteret és a Sándor János utcát. Kiadta rendeletben (1940. szept. 2.), hogy a mv.-i Képtárból Aurel Ciupe vezetése alatt gyűjtsenek össze és mentsenek ki minden román anyagot és értéket, ezt a m. polgári őrség megakadályozta. – <strong>F. m.:</strong> <strong>társsz.:</strong> Programul de lucru și tarifele de apă și canal / Intreprinderile Comunale Tg. M. (ing. Șerban Cioran-val; Tg. M., 1939); Tarifele de vânzarea energiei electrice (ing. Șerban Cioran-val; Tg. M., 1939); Tarifele taxelor de ridicarea gunoaielor menajere (Tg. M., 1939); Instrucțiuni cum trebuie să ne apărăm contra atacurilor aeriene și ce trebuie știut în legătură cu astea ? (V. Nilca-val; Tg. M., 1939); Utasítás: Hogyan védekezzünk légi támadás esetén és mit kell tudni ezzel kapcsolatban ? (V. Nilca-val; Tg. M., 1939). <br /><strong>Irod.:</strong> Bernády; Fodor–Balás; Időtár 3; Pelin</br></p>

<p>? † ? : orvos-tábornok, dr., polgármester. – Mv. polgármestere (1939–40). Polgármestersége idején újították fel a főteret és a Sándor János utcát. Kiadta rendeletben (1940. szept. 2.), hogy a mv.-i Képtárból Aurel Ciupe vezetése alatt gyűjtsenek össze és mentsenek ki minden román anyagot és értéket, ezt a m. polgári őrség megakadályozta. – F. m.: társsz.: [&hellip;]</p>
