{"id":5889,"date":"2025-06-28T17:32:58","date_gmt":"2025-06-28T15:32:58","guid":{"rendered":"https:\/\/uj.adatbank.ro\/lexikon\/termek\/custos-petrus\/"},"modified":"2025-06-28T17:32:58","modified_gmt":"2025-06-28T15:32:58","slug":"custos-petrus","status":"publish","type":"product","link":"https:\/\/uj.adatbank.ro\/lexikon\/termek\/custos-petrus\/","title":{"rendered":"CUSTOS, Petrus"},"content":{"rendered":"<p>? \u2020 ?: r. k. pap. \u2013 A segesv\u00e1ri testv\u00e9r\u00fclet els\u0151 papi tagja (1385), aki Gobelinus p\u00fcsp\u00f6k k\u00e1pl\u00e1nja. <br \/><strong>Irod.:<\/strong> Ferenczi 2012<\/br><\/p>\n","protected":false},"excerpt":{"rendered":"<p>? \u2020 ?: r. k. pap. \u2013 A segesv\u00e1ri testv\u00e9r\u00fclet els\u0151 papi tagja (1385), aki Gobelinus p\u00fcsp\u00f6k k\u00e1pl\u00e1nja. Irod.: Ferenczi 2012<\/p>\n","protected":false},"featured_media":0,"comment_status":"open","ping_status":"closed","template":"","meta":[],"product_brand":[],"product_cat":[137],"product_tag":[],"class_list":{"0":"post-5889","1":"product","2":"type-product","3":"status-publish","5":"product_cat-maros-megyei-eletrajzi-lexikon","7":"first","8":"instock","9":"shipping-taxable","10":"product-type-simple"},"_links":{"self":[{"href":"https:\/\/uj.adatbank.ro\/lexikon\/wp-json\/wp\/v2\/product\/5889","targetHints":{"allow":["GET"]}}],"collection":[{"href":"https:\/\/uj.adatbank.ro\/lexikon\/wp-json\/wp\/v2\/product"}],"about":[{"href":"https:\/\/uj.adatbank.ro\/lexikon\/wp-json\/wp\/v2\/types\/product"}],"replies":[{"embeddable":true,"href":"https:\/\/uj.adatbank.ro\/lexikon\/wp-json\/wp\/v2\/comments?post=5889"}],"wp:attachment":[{"href":"https:\/\/uj.adatbank.ro\/lexikon\/wp-json\/wp\/v2\/media?parent=5889"}],"wp:term":[{"taxonomy":"product_brand","embeddable":true,"href":"https:\/\/uj.adatbank.ro\/lexikon\/wp-json\/wp\/v2\/product_brand?post=5889"},{"taxonomy":"product_cat","embeddable":true,"href":"https:\/\/uj.adatbank.ro\/lexikon\/wp-json\/wp\/v2\/product_cat?post=5889"},{"taxonomy":"product_tag","embeddable":true,"href":"https:\/\/uj.adatbank.ro\/lexikon\/wp-json\/wp\/v2\/product_tag?post=5889"}],"curies":[{"name":"wp","href":"https:\/\/api.w.org\/{rel}","templated":true}]}}