{"id":5895,"date":"2025-06-28T17:33:13","date_gmt":"2025-06-28T15:33:13","guid":{"rendered":"https:\/\/uj.adatbank.ro\/lexikon\/termek\/czako-janos\/"},"modified":"2025-06-28T17:33:13","modified_gmt":"2025-06-28T15:33:13","slug":"czako-janos","status":"publish","type":"product","link":"https:\/\/uj.adatbank.ro\/lexikon\/termek\/czako-janos\/","title":{"rendered":"CZAK\u00d3 J\u00e1nos"},"content":{"rendered":"<p>1944.? \u2020, Mv., 1922. jan. 10. labdar\u00fag\u00f3. \u2013Marosludason kezdett futballozni (1962). Mv.-en a Lemnarul csapatn\u00e1l folytatta. Az AS Armata csapatn\u00e1l Mv.-en folytatta tev\u00e9kenys\u00e9g\u00e9t (1963\u20131975), az alakulata az A oszt\u00e1ly tagja. Visszavonul\u00e1sa ut\u00e1n a klub gyermekk\u00f6zpontj\u00e1ban dolgozott \u00f6t \u00e9vig. A feln\u0151tt csapatot ir\u00e1ny\u00edtotta (1982\u20131988). Az Elektromaros csapat\u00e1n\u00e1l dolgozott (1988\u20131993). <br \/><strong>Irod.:<\/strong> Elhunyt Czak\u00f3 J\u00e1nos (N\u00e9p\u00fajs\u00e1g, 2022. jan. 13.); Kl\u00f3sz 2005<\/br><\/p>\n","protected":false},"excerpt":{"rendered":"<p>1944.? \u2020, Mv., 1922. jan. 10. labdar\u00fag\u00f3. \u2013Marosludason kezdett futballozni (1962). Mv.-en a Lemnarul csapatn\u00e1l folytatta. Az AS Armata csapatn\u00e1l Mv.-en folytatta tev\u00e9kenys\u00e9g\u00e9t (1963\u20131975), az alakulata az A oszt\u00e1ly tagja. Visszavonul\u00e1sa ut\u00e1n a klub gyermekk\u00f6zpontj\u00e1ban dolgozott \u00f6t \u00e9vig. A feln\u0151tt csapatot ir\u00e1ny\u00edtotta (1982\u20131988). Az Elektromaros csapat\u00e1n\u00e1l dolgozott (1988\u20131993). Irod.: Elhunyt Czak\u00f3 J\u00e1nos (N\u00e9p\u00fajs\u00e1g, 2022. jan. [&hellip;]<\/p>\n","protected":false},"featured_media":0,"comment_status":"open","ping_status":"closed","template":"","meta":[],"product_brand":[],"product_cat":[137],"product_tag":[],"class_list":{"0":"post-5895","1":"product","2":"type-product","3":"status-publish","5":"product_cat-maros-megyei-eletrajzi-lexikon","7":"first","8":"instock","9":"shipping-taxable","10":"product-type-simple"},"_links":{"self":[{"href":"https:\/\/uj.adatbank.ro\/lexikon\/wp-json\/wp\/v2\/product\/5895","targetHints":{"allow":["GET"]}}],"collection":[{"href":"https:\/\/uj.adatbank.ro\/lexikon\/wp-json\/wp\/v2\/product"}],"about":[{"href":"https:\/\/uj.adatbank.ro\/lexikon\/wp-json\/wp\/v2\/types\/product"}],"replies":[{"embeddable":true,"href":"https:\/\/uj.adatbank.ro\/lexikon\/wp-json\/wp\/v2\/comments?post=5895"}],"wp:attachment":[{"href":"https:\/\/uj.adatbank.ro\/lexikon\/wp-json\/wp\/v2\/media?parent=5895"}],"wp:term":[{"taxonomy":"product_brand","embeddable":true,"href":"https:\/\/uj.adatbank.ro\/lexikon\/wp-json\/wp\/v2\/product_brand?post=5895"},{"taxonomy":"product_cat","embeddable":true,"href":"https:\/\/uj.adatbank.ro\/lexikon\/wp-json\/wp\/v2\/product_cat?post=5895"},{"taxonomy":"product_tag","embeddable":true,"href":"https:\/\/uj.adatbank.ro\/lexikon\/wp-json\/wp\/v2\/product_tag?post=5895"}],"curies":[{"name":"wp","href":"https:\/\/api.w.org\/{rel}","templated":true}]}}