{"id":5896,"date":"2025-06-28T17:33:17","date_gmt":"2025-06-28T15:33:17","guid":{"rendered":"https:\/\/uj.adatbank.ro\/lexikon\/termek\/czako-jozsef-dr-%c2%a7-sepsikilyeni\/"},"modified":"2025-06-28T17:33:17","modified_gmt":"2025-06-28T15:33:17","slug":"czako-jozsef-dr-%c2%a7-sepsikilyeni","status":"publish","type":"product","link":"https:\/\/uj.adatbank.ro\/lexikon\/termek\/czako-jozsef-dr-%c2%a7-sepsikilyeni\/","title":{"rendered":"CZAK\u00d3 J\u00f3zsef, dr., \u00a7 sepsikily\u00e9ni"},"content":{"rendered":"<p>Sz\u00e9kelyk\u00f6vesd, 1895. jan. 4., \u2020 Mv., 1975. dec. 23. temet\u00e9se dec. 26: seb\u00e9szf\u0151orvos, egyetemi el\u0151ad\u00f3tan\u00e1r. \u2013 Cz. J\u00f3zsef \u00e9s Korbuly Erzs\u00e9bet fia. Feles\u00e9ge br. Kem\u00e9ny Katalin, aki 107 \u00e9vet \u00e9lt (1907\u20132014), esk\u00fcv\u0151 Malomfalv\u00e1n (1939. m\u00e1j. 7). Gyermekeik: J\u00falia-Katalin (1940-, ) J\u00f3zsef Ferenc (1941\u2013) \u00e9s Judit (1944\u2013). \u2013 \u00c9retts\u00e9gezett Kv.-on (1913), ugyanott v\u00e9gezte az orvosi egyetemet (1919), Bp.-en doktorr\u00e1 avatt\u00e1k (1921), majd a II. sz. Seb\u00e9szeti Klinik\u00e1n praktiz\u00e1lt; seb\u00e9szorvosi oklevelet szerzett (1923). Birtokai voltak Kisg\u00f6rg\u00e9nyben. Mv.-en seb\u00e9sz szakorvos (1925\u2013). K\u00e9rv\u00e9nyezte egy k\u00f3rh\u00e1z \u00e9p\u00edt\u00e9s\u00e9t nem hagyt\u00e1k j\u00f3v\u00e1. L\u00e9trehozta a Mv.-i Szanat\u00f3riumi R\u00e9szv\u00e9nyt\u00e1rsas\u00e1got, a tagjai hozz\u00e1j\u00e1rultak \u00e9s fel\u00e9p\u00fclt a k\u00f3rh\u00e1z (1926), az \u00e9p\u00edtkez\u00e9st befejezt\u00e9k (1929). A Szanat\u00f3rium seb\u00e9sz f\u0151orvosa \u00e9s igazgat\u00f3ja, majd az \u00c1llami K\u00f3rh\u00e1z igazgat\u00f3 seb\u00e9sz-f\u0151orvosa. A szakma sz\u00e1mon tartja, mint a rom\u00e1niai seb\u00e9szetben megval\u00f3s\u00edtott els\u0151 sz\u00edvm\u0171t\u00e9t elv\u00e9gz\u00e9s\u00e9t a mv.-i szanat\u00f3rium\u00e1ban (1935. okt. 18.). Az EME orvos szakoszt\u00e1ly\u00e1nak tev\u00e9keny tagja, IV. Kongresszus\u00e1n (1939) el\u0151ad\u00e1st tartott. A Maros megyei ref. egyh\u00e1zmegye f\u0151gondnoka. Gyakran l\u00e1tott vend\u00e9g\u00fcl m\u0171v\u00e9szeket \u00e9s \u00edr\u00f3kat az igazgat\u00f3s\u00e1ga alatt \u00e1ll\u00f3 szanat\u00f3riumba. Vend\u00e9ge volt Kosztol\u00e1nyi Dezs\u0151, Berde M\u00e1ria, M\u00f3ricz Zsigmond, Ligeti Ern\u0151, Octavian Goga, Salamon Ern\u0151n\u00e9, Dohn\u00e1nyi Ern\u0151, Zathureczky Ede, Iuliu Maniu parasztp\u00e1rti vez\u00e9r \u00e9s minisztereln\u00f6k. R\u00e9szt vett az Erd\u00e9lyi M\u00fazeum-egyes\u00fclet \u00fajraszervez\u00e9s\u00e9ben \u00e9s tev\u00e9kenys\u00e9g\u00e9ben (1938). El\u0151ad\u00f3ja \u00e9s szervez\u0151je a tordai V\u00e1ndorgy\u0171l\u00e9snek (1938). A m. \u00e1llami hadik\u00f3rh\u00e1z sz\u00e1m\u00e1ra vette b\u00e9rbe a saj\u00e1t k\u00f3rh\u00e1z\u00e1t (1941). A Demokrata Zsid\u00f3 N\u00e9psz\u00f6vets\u00e9g a deport\u00e1l\u00e1sb\u00f3l hazat\u00e9r\u0151 zsid\u00f3kat helyezte el az \u00e9p\u00fcletben (1945). Csal\u00e1dj\u00e1t meghurcolt\u00e1k, lak\u00e1sukt\u00f3l megfosztott\u00e1k a kommunista rendszerben. Letart\u00f3ztatt\u00e1k, koholt v\u00e1dak alapj\u00e1n beb\u00f6rt\u00f6n\u00f6zt\u00e9k \u00e9s a Duna-Fekete-tenger csatorn\u00e1t is megj\u00e1rta. A cukorgy\u00e1r \u00fczemi orvosa (1949\u201351). Miskolczy Dezs\u0151 akad. prof. k\u00f6zbej\u00e1r\u00e1s\u00e1ra \u00fajra seb\u00e9sz szakorvos hal\u00e1l\u00e1ig. \u2013 <strong>F. m.:<\/strong> Sz\u00edvb\u0151l elt\u00e1vol\u00edtott varr\u00f3t\u0171 esete (Kv., 1939). *1943.? \u2020\u00a0Mv., 2023. aug.?: sporttan\u00e1r. \u2013 Testv\u00e9re, Gy\u00f6ngyi. &#8212;<br \/><strong>Irod.:<\/strong> N\u00e9p\u00fajs\u00e1g, 2023. aug. 31. <br \/><strong>Irod.:<\/strong> 1924\u20131944 Helikon; dr. Czak\u00f3 J\u00f3zsef [Nekrol\u00f3g] (V. Z., 1975. dec. 25.); Czak\u00f3 J\u00f3zsef: Sz\u00edvm\u0171t\u00e9t 70 \u00e9vvel ezel\u0151tt Mv.-en (N\u00fa., 2005. okt. 18.); Csekme; EBKL; Id\u0151t\u00e1r 3; id\u0151t\u00e1r 4.; Ki kicsoda\u00a0?; Kisg\u00f6rg\u00e9ny; Kiss\u2013P\u00e9terffy\u2013P\u00e9terffy; Mv.-Bal\u00e1s; Marosi-KZST; Mv.-i \u00f6rm\u00e9nyek; \u00d6kr\u00f6s; P\u00e9terffy \u00c1. &#8211; P. P.; RMIL; Szucher Ervin: Sz\u00e1m\u0171zn\u00e9k az els\u0151 rom\u00e1niai sz\u00edvseb\u00e9sz eml\u00e9k\u00e9t (Erd\u00e9lyi Napl\u00f3, 50. sz, 2015. dec. 17.); Todea\u2013F\u00fcl\u00f6p\u2013Avram; Sz\u00e1sz- Barab\u00e1s-Pusk\u00e1s; Dr. Czak\u00f3 J\u00f3zsef \u00f6rm\u00e9ny sz\u00e1rmaz\u00e1s\u00fa orvosprofesszor eml\u00e9ke el\u0151tt tisztelegve eml\u00e9kt\u00e1bl\u00e1t avattak Mv.-en (N\u00fa., 2023. aug. 24.)<\/br><\/p>\n","protected":false},"excerpt":{"rendered":"<p>Sz\u00e9kelyk\u00f6vesd, 1895. jan. 4., \u2020 Mv., 1975. dec. 23. temet\u00e9se dec. 26: seb\u00e9szf\u0151orvos, egyetemi el\u0151ad\u00f3tan\u00e1r. \u2013 Cz. J\u00f3zsef \u00e9s Korbuly Erzs\u00e9bet fia. Feles\u00e9ge br. Kem\u00e9ny Katalin, aki 107 \u00e9vet \u00e9lt (1907\u20132014), esk\u00fcv\u0151 Malomfalv\u00e1n (1939. m\u00e1j. 7). Gyermekeik: J\u00falia-Katalin (1940-, ) J\u00f3zsef Ferenc (1941\u2013) \u00e9s Judit (1944\u2013). \u2013 \u00c9retts\u00e9gezett Kv.-on (1913), ugyanott v\u00e9gezte az orvosi egyetemet [&hellip;]<\/p>\n","protected":false},"featured_media":0,"comment_status":"open","ping_status":"closed","template":"","meta":[],"product_brand":[],"product_cat":[137],"product_tag":[],"class_list":{"0":"post-5896","1":"product","2":"type-product","3":"status-publish","5":"product_cat-maros-megyei-eletrajzi-lexikon","7":"first","8":"instock","9":"shipping-taxable","10":"product-type-simple"},"_links":{"self":[{"href":"https:\/\/uj.adatbank.ro\/lexikon\/wp-json\/wp\/v2\/product\/5896","targetHints":{"allow":["GET"]}}],"collection":[{"href":"https:\/\/uj.adatbank.ro\/lexikon\/wp-json\/wp\/v2\/product"}],"about":[{"href":"https:\/\/uj.adatbank.ro\/lexikon\/wp-json\/wp\/v2\/types\/product"}],"replies":[{"embeddable":true,"href":"https:\/\/uj.adatbank.ro\/lexikon\/wp-json\/wp\/v2\/comments?post=5896"}],"wp:attachment":[{"href":"https:\/\/uj.adatbank.ro\/lexikon\/wp-json\/wp\/v2\/media?parent=5896"}],"wp:term":[{"taxonomy":"product_brand","embeddable":true,"href":"https:\/\/uj.adatbank.ro\/lexikon\/wp-json\/wp\/v2\/product_brand?post=5896"},{"taxonomy":"product_cat","embeddable":true,"href":"https:\/\/uj.adatbank.ro\/lexikon\/wp-json\/wp\/v2\/product_cat?post=5896"},{"taxonomy":"product_tag","embeddable":true,"href":"https:\/\/uj.adatbank.ro\/lexikon\/wp-json\/wp\/v2\/product_tag?post=5896"}],"curies":[{"name":"wp","href":"https:\/\/api.w.org\/{rel}","templated":true}]}}

CZAKÓ József, dr., § sepsikilyéni

<p>Székelykövesd, 1895. jan. 4., † Mv., 1975. dec. 23. temetése dec. 26: sebészfőorvos, egyetemi előadótanár. – Cz. József és Korbuly Erzsébet fia. Felesége br. Kemény Katalin, aki 107 évet élt (1907–2014), esküvő Malomfalván (1939. máj. 7). Gyermekeik: Júlia-Katalin (1940-, ) József Ferenc (1941–) és Judit (1944–). – Érettségezett Kv.-on (1913), ugyanott végezte az orvosi egyetemet (1919), Bp.-en doktorrá avatták (1921), majd a II. sz. Sebészeti Klinikán praktizált; sebészorvosi oklevelet szerzett (1923). Birtokai voltak Kisgörgényben. Mv.-en sebész szakorvos (1925–). Kérvényezte egy kórház építését nem hagyták jóvá. Létrehozta a Mv.-i Szanatóriumi Részvénytársaságot, a tagjai hozzájárultak és felépült a kórház (1926), az építkezést befejezték (1929). A Szanatórium sebész főorvosa és igazgatója, majd az Állami Kórház igazgató sebész-főorvosa. A szakma számon tartja, mint a romániai sebészetben megvalósított első szívműtét elvégzését a mv.-i szanatóriumában (1935. okt. 18.). Az EME orvos szakosztályának tevékeny tagja, IV. Kongresszusán (1939) előadást tartott. A Maros megyei ref. egyházmegye főgondnoka. Gyakran látott vendégül művészeket és írókat az igazgatósága alatt álló szanatóriumba. Vendége volt Kosztolányi Dezső, Berde Mária, Móricz Zsigmond, Ligeti Ernő, Octavian Goga, Salamon Ernőné, Dohnányi Ernő, Zathureczky Ede, Iuliu Maniu parasztpárti vezér és miniszterelnök. Részt vett az Erdélyi Múzeum-egyesület újraszervezésében és tevékenységében (1938). Előadója és szervezője a tordai Vándorgyűlésnek (1938). A m. állami hadikórház számára vette bérbe a saját kórházát (1941). A Demokrata Zsidó Népszövetség a deportálásból hazatérő zsidókat helyezte el az épületben (1945). Családját meghurcolták, lakásuktól megfosztották a kommunista rendszerben. Letartóztatták, koholt vádak alapján bebörtönözték és a Duna-Fekete-tenger csatornát is megjárta. A cukorgyár üzemi orvosa (1949–51). Miskolczy Dezső akad. prof. közbejárására újra sebész szakorvos haláláig. – <strong>F. m.:</strong> Szívből eltávolított varrótű esete (Kv., 1939). *1943.? † Mv., 2023. aug.?: sporttanár. – Testvére, Gyöngyi. &#8212;<br /><strong>Irod.:</strong> Népújság, 2023. aug. 31. <br /><strong>Irod.:</strong> 1924–1944 Helikon; dr. Czakó József [Nekrológ] (V. Z., 1975. dec. 25.); Czakó József: Szívműtét 70 évvel ezelőtt Mv.-en (Nú., 2005. okt. 18.); Csekme; EBKL; Időtár 3; időtár 4.; Ki kicsoda ?; Kisgörgény; Kiss–Péterffy–Péterffy; Mv.-Balás; Marosi-KZST; Mv.-i örmények; Ökrös; Péterffy Á. &#8211; P. P.; RMIL; Szucher Ervin: Száműznék az első romániai szívsebész emlékét (Erdélyi Napló, 50. sz, 2015. dec. 17.); Todea–Fülöp–Avram; Szász- Barabás-Puskás; Dr. Czakó József örmény származású orvosprofesszor emléke előtt tisztelegve emléktáblát avattak Mv.-en (Nú., 2023. aug. 24.)</br></p>

<p>Székelykövesd, 1895. jan. 4., † Mv., 1975. dec. 23. temetése dec. 26: sebészfőorvos, egyetemi előadótanár. – Cz. József és Korbuly Erzsébet fia. Felesége br. Kemény Katalin, aki 107 évet élt (1907–2014), esküvő Malomfalván (1939. máj. 7). Gyermekeik: Júlia-Katalin (1940-, ) József Ferenc (1941–) és Judit (1944–). – Érettségezett Kv.-on (1913), ugyanott végezte az orvosi egyetemet [&hellip;]</p>
