{"id":5903,"date":"2025-06-28T17:33:30","date_gmt":"2025-06-28T15:33:30","guid":{"rendered":"https:\/\/uj.adatbank.ro\/lexikon\/termek\/czaran-viktor\/"},"modified":"2025-06-28T17:33:30","modified_gmt":"2025-06-28T15:33:30","slug":"czaran-viktor","status":"publish","type":"product","link":"https:\/\/uj.adatbank.ro\/lexikon\/termek\/czaran-viktor\/","title":{"rendered":"CZ\u00c1R\u00c1N Viktor"},"content":{"rendered":"<p>Sepr\u0151s, 1893. okt. 22. \u2020\u00a0? : f\u00f6ldbirtokos, \u00e9p\u00edt\u0151munk\u00e1s. \u2013 Cz. M\u00e1rton \u00e9s Margit fia. \u2013 Kereskedelmi akad. -\u00e1t v\u00e9gzett. Sepr\u0151si (Arad) f\u00f6ldbirtokos, az \u00e1llamos\u00edt\u00e1s ut\u00e1n k\u00e9nyszerlakhelye Mv.-en volt, \u00e9p\u00edt\u0151munk\u00e1s. A securitate mefigyeltette, mint a t\u00f6bbi Mv.-en k\u00e9nyszerlakhelyen \u00e9l\u0151, volt m. f\u00f6ldbirtokost, akik k\u00e9t nagyobb csoportba t\u00f6m\u00f6r\u00fcltek \u00e9s heti gyakoris\u00e1ggal tal\u00e1lkoztak. A Rozsnyai Gy\u00f6rgy csoport tagja, de a Bern\u00e1dy Elvira \u00f6sszej\u00f6vetelein is r\u00e9sztvett (1951 k.). Torma Mikl\u00f3s r. k. k\u00f6r\u00e9hez is tartozott (1952). <br \/><strong>Irod.:<\/strong> Bartos 2012; Mik\u00f3<\/br><\/p>\n","protected":false},"excerpt":{"rendered":"<p>Sepr\u0151s, 1893. okt. 22. \u2020\u00a0? : f\u00f6ldbirtokos, \u00e9p\u00edt\u0151munk\u00e1s. \u2013 Cz. M\u00e1rton \u00e9s Margit fia. \u2013 Kereskedelmi akad. -\u00e1t v\u00e9gzett. Sepr\u0151si (Arad) f\u00f6ldbirtokos, az \u00e1llamos\u00edt\u00e1s ut\u00e1n k\u00e9nyszerlakhelye Mv.-en volt, \u00e9p\u00edt\u0151munk\u00e1s. A securitate mefigyeltette, mint a t\u00f6bbi Mv.-en k\u00e9nyszerlakhelyen \u00e9l\u0151, volt m. f\u00f6ldbirtokost, akik k\u00e9t nagyobb csoportba t\u00f6m\u00f6r\u00fcltek \u00e9s heti gyakoris\u00e1ggal tal\u00e1lkoztak. A Rozsnyai Gy\u00f6rgy csoport tagja, [&hellip;]<\/p>\n","protected":false},"featured_media":0,"comment_status":"open","ping_status":"closed","template":"","meta":[],"product_brand":[],"product_cat":[137],"product_tag":[],"class_list":{"0":"post-5903","1":"product","2":"type-product","3":"status-publish","5":"product_cat-maros-megyei-eletrajzi-lexikon","7":"first","8":"instock","9":"shipping-taxable","10":"product-type-simple"},"_links":{"self":[{"href":"https:\/\/uj.adatbank.ro\/lexikon\/wp-json\/wp\/v2\/product\/5903","targetHints":{"allow":["GET"]}}],"collection":[{"href":"https:\/\/uj.adatbank.ro\/lexikon\/wp-json\/wp\/v2\/product"}],"about":[{"href":"https:\/\/uj.adatbank.ro\/lexikon\/wp-json\/wp\/v2\/types\/product"}],"replies":[{"embeddable":true,"href":"https:\/\/uj.adatbank.ro\/lexikon\/wp-json\/wp\/v2\/comments?post=5903"}],"wp:attachment":[{"href":"https:\/\/uj.adatbank.ro\/lexikon\/wp-json\/wp\/v2\/media?parent=5903"}],"wp:term":[{"taxonomy":"product_brand","embeddable":true,"href":"https:\/\/uj.adatbank.ro\/lexikon\/wp-json\/wp\/v2\/product_brand?post=5903"},{"taxonomy":"product_cat","embeddable":true,"href":"https:\/\/uj.adatbank.ro\/lexikon\/wp-json\/wp\/v2\/product_cat?post=5903"},{"taxonomy":"product_tag","embeddable":true,"href":"https:\/\/uj.adatbank.ro\/lexikon\/wp-json\/wp\/v2\/product_tag?post=5903"}],"curies":[{"name":"wp","href":"https:\/\/api.w.org\/{rel}","templated":true}]}}

CZÁRÁN Viktor

<p>Seprős, 1893. okt. 22. † ? : földbirtokos, építőmunkás. – Cz. Márton és Margit fia. – Kereskedelmi akad. -át végzett. Seprősi (Arad) földbirtokos, az államosítás után kényszerlakhelye Mv.-en volt, építőmunkás. A securitate mefigyeltette, mint a többi Mv.-en kényszerlakhelyen élő, volt m. földbirtokost, akik két nagyobb csoportba tömörültek és heti gyakorisággal találkoztak. A Rozsnyai György csoport tagja, de a Bernády Elvira összejövetelein is résztvett (1951 k.). Torma Miklós r. k. köréhez is tartozott (1952). <br /><strong>Irod.:</strong> Bartos 2012; Mikó</br></p>

<p>Seprős, 1893. okt. 22. † ? : földbirtokos, építőmunkás. – Cz. Márton és Margit fia. – Kereskedelmi akad. -át végzett. Seprősi (Arad) földbirtokos, az államosítás után kényszerlakhelye Mv.-en volt, építőmunkás. A securitate mefigyeltette, mint a többi Mv.-en kényszerlakhelyen élő, volt m. földbirtokost, akik két nagyobb csoportba tömörültek és heti gyakorisággal találkoztak. A Rozsnyai György csoport tagja, [&hellip;]</p>
