{"id":5905,"date":"2025-06-28T17:33:35","date_gmt":"2025-06-28T15:33:35","guid":{"rendered":"https:\/\/uj.adatbank.ro\/lexikon\/termek\/czay-martinus-gottlieb\/"},"modified":"2025-06-28T17:33:35","modified_gmt":"2025-06-28T15:33:35","slug":"czay-martinus-gottlieb","status":"publish","type":"product","link":"https:\/\/uj.adatbank.ro\/lexikon\/termek\/czay-martinus-gottlieb\/","title":{"rendered":"CZAY Martinus Gottlieb"},"content":{"rendered":"<p>Segesv\u00e1r, 1778., \u2020 Segesd, 1831. \u00e1pr. 21.: lelk\u00e9sz, tan\u00e1r. \u2013 Tanult Segesv\u00e1ron, Kv.-on az Unit\u00e1riusokn\u00e1l, majd J\u00e9n\u00e1ban (1798). Kollaborator, lektor, korrektor, rektor (1808\u201318) hol\u00a0?; lelkip\u00e1sztor Segesden. <br \/><strong>Irod.:<\/strong> Szab\u00f3\u2013Sz\u00f6gi<\/br><\/p>\n","protected":false},"excerpt":{"rendered":"<p>Segesv\u00e1r, 1778., \u2020 Segesd, 1831. \u00e1pr. 21.: lelk\u00e9sz, tan\u00e1r. \u2013 Tanult Segesv\u00e1ron, Kv.-on az Unit\u00e1riusokn\u00e1l, majd J\u00e9n\u00e1ban (1798). Kollaborator, lektor, korrektor, rektor (1808\u201318) hol\u00a0?; lelkip\u00e1sztor Segesden. Irod.: Szab\u00f3\u2013Sz\u00f6gi<\/p>\n","protected":false},"featured_media":0,"comment_status":"open","ping_status":"closed","template":"","meta":[],"product_brand":[],"product_cat":[137],"product_tag":[],"class_list":{"0":"post-5905","1":"product","2":"type-product","3":"status-publish","5":"product_cat-maros-megyei-eletrajzi-lexikon","7":"first","8":"instock","9":"shipping-taxable","10":"product-type-simple"},"_links":{"self":[{"href":"https:\/\/uj.adatbank.ro\/lexikon\/wp-json\/wp\/v2\/product\/5905","targetHints":{"allow":["GET"]}}],"collection":[{"href":"https:\/\/uj.adatbank.ro\/lexikon\/wp-json\/wp\/v2\/product"}],"about":[{"href":"https:\/\/uj.adatbank.ro\/lexikon\/wp-json\/wp\/v2\/types\/product"}],"replies":[{"embeddable":true,"href":"https:\/\/uj.adatbank.ro\/lexikon\/wp-json\/wp\/v2\/comments?post=5905"}],"wp:attachment":[{"href":"https:\/\/uj.adatbank.ro\/lexikon\/wp-json\/wp\/v2\/media?parent=5905"}],"wp:term":[{"taxonomy":"product_brand","embeddable":true,"href":"https:\/\/uj.adatbank.ro\/lexikon\/wp-json\/wp\/v2\/product_brand?post=5905"},{"taxonomy":"product_cat","embeddable":true,"href":"https:\/\/uj.adatbank.ro\/lexikon\/wp-json\/wp\/v2\/product_cat?post=5905"},{"taxonomy":"product_tag","embeddable":true,"href":"https:\/\/uj.adatbank.ro\/lexikon\/wp-json\/wp\/v2\/product_tag?post=5905"}],"curies":[{"name":"wp","href":"https:\/\/api.w.org\/{rel}","templated":true}]}}