{"id":5906,"date":"2025-06-28T17:33:38","date_gmt":"2025-06-28T15:33:38","guid":{"rendered":"https:\/\/uj.adatbank.ro\/lexikon\/termek\/czech-joseph-asterius\/"},"modified":"2025-06-28T17:33:38","modified_gmt":"2025-06-28T15:33:38","slug":"czech-joseph-asterius","status":"publish","type":"product","link":"https:\/\/uj.adatbank.ro\/lexikon\/termek\/czech-joseph-asterius\/","title":{"rendered":"CZECH Joseph; Asterius"},"content":{"rendered":"<p>Segesv\u00e1r, 1797. j\u00fal. 13., \u2020 B\u00e9cs, 1841. okt. 8.: m. k. udvari fogalmaz\u00f3. \u2013 A k\u00f6z\u00e9piskol\u00e1t Nagyszebenben, a jogot Kv.-on v\u00e9gezte. Sz\u00fcl\u0151v\u00e1rosa tb. titk\u00e1ra (1817), az erd\u00e9lyi kir. udvari Kancell\u00e1ria gyakornoka (1818\u2013), udvari fogalmaz\u00f3 (1833\u2013). Geognosiai \u00e9s geogoniai cikkei n\u00e9met szaklapokban jelentek meg. \u2013 <strong>F. m.:<\/strong> Erd\u00e9ly t\u00f6rt\u00e9neteinek r\u00f6vid rajza. A honi ifj\u00fasg sz\u00e1m\u00e1ra (Kv., 1845). <br \/><strong>Irod.:<\/strong> Guly\u00e1s; R\u00e1cz 2009<\/br><\/p>\n","protected":false},"excerpt":{"rendered":"<p>Segesv\u00e1r, 1797. j\u00fal. 13., \u2020 B\u00e9cs, 1841. okt. 8.: m. k. udvari fogalmaz\u00f3. \u2013 A k\u00f6z\u00e9piskol\u00e1t Nagyszebenben, a jogot Kv.-on v\u00e9gezte. Sz\u00fcl\u0151v\u00e1rosa tb. titk\u00e1ra (1817), az erd\u00e9lyi kir. udvari Kancell\u00e1ria gyakornoka (1818\u2013), udvari fogalmaz\u00f3 (1833\u2013). Geognosiai \u00e9s geogoniai cikkei n\u00e9met szaklapokban jelentek meg. \u2013 F. m.: Erd\u00e9ly t\u00f6rt\u00e9neteinek r\u00f6vid rajza. A honi ifj\u00fasg sz\u00e1m\u00e1ra (Kv., [&hellip;]<\/p>\n","protected":false},"featured_media":0,"comment_status":"open","ping_status":"closed","template":"","meta":[],"product_brand":[],"product_cat":[137],"product_tag":[],"class_list":{"0":"post-5906","1":"product","2":"type-product","3":"status-publish","5":"product_cat-maros-megyei-eletrajzi-lexikon","7":"first","8":"instock","9":"shipping-taxable","10":"product-type-simple"},"_links":{"self":[{"href":"https:\/\/uj.adatbank.ro\/lexikon\/wp-json\/wp\/v2\/product\/5906","targetHints":{"allow":["GET"]}}],"collection":[{"href":"https:\/\/uj.adatbank.ro\/lexikon\/wp-json\/wp\/v2\/product"}],"about":[{"href":"https:\/\/uj.adatbank.ro\/lexikon\/wp-json\/wp\/v2\/types\/product"}],"replies":[{"embeddable":true,"href":"https:\/\/uj.adatbank.ro\/lexikon\/wp-json\/wp\/v2\/comments?post=5906"}],"wp:attachment":[{"href":"https:\/\/uj.adatbank.ro\/lexikon\/wp-json\/wp\/v2\/media?parent=5906"}],"wp:term":[{"taxonomy":"product_brand","embeddable":true,"href":"https:\/\/uj.adatbank.ro\/lexikon\/wp-json\/wp\/v2\/product_brand?post=5906"},{"taxonomy":"product_cat","embeddable":true,"href":"https:\/\/uj.adatbank.ro\/lexikon\/wp-json\/wp\/v2\/product_cat?post=5906"},{"taxonomy":"product_tag","embeddable":true,"href":"https:\/\/uj.adatbank.ro\/lexikon\/wp-json\/wp\/v2\/product_tag?post=5906"}],"curies":[{"name":"wp","href":"https:\/\/api.w.org\/{rel}","templated":true}]}}