{"id":5910,"date":"2025-06-28T17:33:44","date_gmt":"2025-06-28T15:33:44","guid":{"rendered":"https:\/\/uj.adatbank.ro\/lexikon\/termek\/czecz-rozsika\/"},"modified":"2025-06-28T17:33:44","modified_gmt":"2025-06-28T15:33:44","slug":"czecz-rozsika","status":"publish","type":"product","link":"https:\/\/uj.adatbank.ro\/lexikon\/termek\/czecz-rozsika\/","title":{"rendered":"CZECZ R\u00f3zsika"},"content":{"rendered":"<p>Mv., 1874. szept. 4., \u2020\u00a0?: \u00edr\u00f3. \u2013 Tanulm\u00e1nyait mag\u00e1n\u00faton v\u00e9gezte. Kv.-on \u00e9lt rokona, Gid\u00f3falvi P\u00e1l h\u00e1z\u00e1n\u00e1l mint csal\u00e1dtag s k\u00f6zjegyz\u0151i alkalmazott (1912\u201321). Versei, t\u00e1rc\u00e1i \u00e9s egy\u00e9bb cikkei a Szil\u00e1gys\u00e1g, Feh\u00e9rtemplom \u00e9s Vid., Kv.-i Hirlap, Magyar L\u00e1nyok, Orsz. K\u00f6zp. Hitelsz\u00f6vetkezet \u00c9rtes\u00edt\u0151je, Prot. \u00c1rvah\u00e1zi Napt\u00e1r, \u00daj Id\u0151k, Sz\u00e9kely N\u00e9p, D\u00e9va \u00e9s Vid\u00e9ke, Keleti \u00dajs\u00e1g, Temesv\u00e1ri Hirlap- ban jelentek meg. <br \/><strong>Irod.:<\/strong> Guly\u00e1s<\/br><\/p>\n","protected":false},"excerpt":{"rendered":"<p>Mv., 1874. szept. 4., \u2020\u00a0?: \u00edr\u00f3. \u2013 Tanulm\u00e1nyait mag\u00e1n\u00faton v\u00e9gezte. Kv.-on \u00e9lt rokona, Gid\u00f3falvi P\u00e1l h\u00e1z\u00e1n\u00e1l mint csal\u00e1dtag s k\u00f6zjegyz\u0151i alkalmazott (1912\u201321). Versei, t\u00e1rc\u00e1i \u00e9s egy\u00e9bb cikkei a Szil\u00e1gys\u00e1g, Feh\u00e9rtemplom \u00e9s Vid., Kv.-i Hirlap, Magyar L\u00e1nyok, Orsz. K\u00f6zp. Hitelsz\u00f6vetkezet \u00c9rtes\u00edt\u0151je, Prot. \u00c1rvah\u00e1zi Napt\u00e1r, \u00daj Id\u0151k, Sz\u00e9kely N\u00e9p, D\u00e9va \u00e9s Vid\u00e9ke, Keleti \u00dajs\u00e1g, Temesv\u00e1ri Hirlap- ban [&hellip;]<\/p>\n","protected":false},"featured_media":0,"comment_status":"open","ping_status":"closed","template":"","meta":[],"product_brand":[],"product_cat":[137],"product_tag":[],"class_list":{"0":"post-5910","1":"product","2":"type-product","3":"status-publish","5":"product_cat-maros-megyei-eletrajzi-lexikon","7":"first","8":"instock","9":"shipping-taxable","10":"product-type-simple"},"_links":{"self":[{"href":"https:\/\/uj.adatbank.ro\/lexikon\/wp-json\/wp\/v2\/product\/5910","targetHints":{"allow":["GET"]}}],"collection":[{"href":"https:\/\/uj.adatbank.ro\/lexikon\/wp-json\/wp\/v2\/product"}],"about":[{"href":"https:\/\/uj.adatbank.ro\/lexikon\/wp-json\/wp\/v2\/types\/product"}],"replies":[{"embeddable":true,"href":"https:\/\/uj.adatbank.ro\/lexikon\/wp-json\/wp\/v2\/comments?post=5910"}],"wp:attachment":[{"href":"https:\/\/uj.adatbank.ro\/lexikon\/wp-json\/wp\/v2\/media?parent=5910"}],"wp:term":[{"taxonomy":"product_brand","embeddable":true,"href":"https:\/\/uj.adatbank.ro\/lexikon\/wp-json\/wp\/v2\/product_brand?post=5910"},{"taxonomy":"product_cat","embeddable":true,"href":"https:\/\/uj.adatbank.ro\/lexikon\/wp-json\/wp\/v2\/product_cat?post=5910"},{"taxonomy":"product_tag","embeddable":true,"href":"https:\/\/uj.adatbank.ro\/lexikon\/wp-json\/wp\/v2\/product_tag?post=5910"}],"curies":[{"name":"wp","href":"https:\/\/api.w.org\/{rel}","templated":true}]}}