{"id":5915,"date":"2025-06-28T17:33:53","date_gmt":"2025-06-28T15:33:53","guid":{"rendered":"https:\/\/uj.adatbank.ro\/lexikon\/termek\/czegledy-miklos-cz-cz-m\/"},"modified":"2025-06-28T17:33:53","modified_gmt":"2025-06-28T15:33:53","slug":"czegledy-miklos-cz-cz-m","status":"publish","type":"product","link":"https:\/\/uj.adatbank.ro\/lexikon\/termek\/czegledy-miklos-cz-cz-m\/","title":{"rendered":"CZEGL\u00c9DY Mikl\u00f3s; Cz; Cz. M"},"content":{"rendered":"<p>Dics\u0151szentm\u00e1rton, 1876. febr. 19., \u2020\u00a0? : \u00fcgyv\u00e9d. \u2013 A k\u00f6z\u00e9piskol\u00e1t Nagyszebenben, Nagyenyeden, a jogot Kv.-on, Bp.-en v\u00e9gezte. \u00dcgyv\u00e9dk\u00e9nt dolgozott Sepsiszentgy\u00f6rgy\u00f6n, Bp.-en, Nagyv\u00e1radon. Az els\u0151 vh.-ban a 2. gyalogezred k\u00f6tel\u00e9k\u00e9ben katon\u00e1skodott, 2 \u00e9vet a belgr\u00e1di katonai korm\u00e1nyz\u00f3s\u00e1gn\u00e1l volt. A kov\u00e1sznai ker\u00fcletben 15 \u00e9vig a 48-as P\u00e1rt eln\u00f6ke, a MP tagja. \u00dcgy\u00e9sze volt a nagyv\u00e1radi Szigligeti T\u00e1rsas\u00e1gnak. Verseit, t\u00e1rc\u00e1it, polg\u00e1rjogi cikkeit k\u00f6z\u00f6lte a K\u00f6z\u00e9rdek, Sz\u00e9kely Nemzet, Sz\u00e9kely N\u00e9p, Nagyv\u00e1radi Napl\u00f3 (aminek 1927.-ig \u00e1lland\u00f3 munkat\u00e1rsa). \u2013 <strong>F. m.:<\/strong> Az agr\u00e1r-reform t\u00f6rv\u00e9ny v\u00e9grehajt\u00e1si rendelete Erd\u00e9ly-, B\u00e1n\u00e1t-, K\u0151r\u00f6s-v\u00f6lgy-, \u00e9s M\u00e1ramarosra vo63natkoz\u00f3lag (Nagyv\u00e1rad, 1921). <br \/><strong>Irod.:<\/strong> Guly\u00e1s<\/br><\/p>\n","protected":false},"excerpt":{"rendered":"<p>Dics\u0151szentm\u00e1rton, 1876. febr. 19., \u2020\u00a0? : \u00fcgyv\u00e9d. \u2013 A k\u00f6z\u00e9piskol\u00e1t Nagyszebenben, Nagyenyeden, a jogot Kv.-on, Bp.-en v\u00e9gezte. \u00dcgyv\u00e9dk\u00e9nt dolgozott Sepsiszentgy\u00f6rgy\u00f6n, Bp.-en, Nagyv\u00e1radon. Az els\u0151 vh.-ban a 2. gyalogezred k\u00f6tel\u00e9k\u00e9ben katon\u00e1skodott, 2 \u00e9vet a belgr\u00e1di katonai korm\u00e1nyz\u00f3s\u00e1gn\u00e1l volt. A kov\u00e1sznai ker\u00fcletben 15 \u00e9vig a 48-as P\u00e1rt eln\u00f6ke, a MP tagja. \u00dcgy\u00e9sze volt a nagyv\u00e1radi Szigligeti T\u00e1rsas\u00e1gnak. [&hellip;]<\/p>\n","protected":false},"featured_media":0,"comment_status":"open","ping_status":"closed","template":"","meta":[],"product_brand":[],"product_cat":[137],"product_tag":[],"class_list":{"0":"post-5915","1":"product","2":"type-product","3":"status-publish","5":"product_cat-maros-megyei-eletrajzi-lexikon","7":"first","8":"instock","9":"shipping-taxable","10":"product-type-simple"},"_links":{"self":[{"href":"https:\/\/uj.adatbank.ro\/lexikon\/wp-json\/wp\/v2\/product\/5915","targetHints":{"allow":["GET"]}}],"collection":[{"href":"https:\/\/uj.adatbank.ro\/lexikon\/wp-json\/wp\/v2\/product"}],"about":[{"href":"https:\/\/uj.adatbank.ro\/lexikon\/wp-json\/wp\/v2\/types\/product"}],"replies":[{"embeddable":true,"href":"https:\/\/uj.adatbank.ro\/lexikon\/wp-json\/wp\/v2\/comments?post=5915"}],"wp:attachment":[{"href":"https:\/\/uj.adatbank.ro\/lexikon\/wp-json\/wp\/v2\/media?parent=5915"}],"wp:term":[{"taxonomy":"product_brand","embeddable":true,"href":"https:\/\/uj.adatbank.ro\/lexikon\/wp-json\/wp\/v2\/product_brand?post=5915"},{"taxonomy":"product_cat","embeddable":true,"href":"https:\/\/uj.adatbank.ro\/lexikon\/wp-json\/wp\/v2\/product_cat?post=5915"},{"taxonomy":"product_tag","embeddable":true,"href":"https:\/\/uj.adatbank.ro\/lexikon\/wp-json\/wp\/v2\/product_tag?post=5915"}],"curies":[{"name":"wp","href":"https:\/\/api.w.org\/{rel}","templated":true}]}}

CZEGLÉDY Miklós; Cz; Cz. M

<p>Dicsőszentmárton, 1876. febr. 19., † ? : ügyvéd. – A középiskolát Nagyszebenben, Nagyenyeden, a jogot Kv.-on, Bp.-en végezte. Ügyvédként dolgozott Sepsiszentgyörgyön, Bp.-en, Nagyváradon. Az első vh.-ban a 2. gyalogezred kötelékében katonáskodott, 2 évet a belgrádi katonai kormányzóságnál volt. A kovásznai kerületben 15 évig a 48-as Párt elnöke, a MP tagja. Ügyésze volt a nagyváradi Szigligeti Társaságnak. Verseit, tárcáit, polgárjogi cikkeit közölte a Közérdek, Székely Nemzet, Székely Nép, Nagyváradi Napló (aminek 1927.-ig állandó munkatársa). – <strong>F. m.:</strong> Az agrár-reform törvény végrehajtási rendelete Erdély-, Bánát-, Kőrös-völgy-, és Máramarosra vo63natkozólag (Nagyvárad, 1921). <br /><strong>Irod.:</strong> Gulyás</br></p>

<p>Dicsőszentmárton, 1876. febr. 19., † ? : ügyvéd. – A középiskolát Nagyszebenben, Nagyenyeden, a jogot Kv.-on, Bp.-en végezte. Ügyvédként dolgozott Sepsiszentgyörgyön, Bp.-en, Nagyváradon. Az első vh.-ban a 2. gyalogezred kötelékében katonáskodott, 2 évet a belgrádi katonai kormányzóságnál volt. A kovásznai kerületben 15 évig a 48-as Párt elnöke, a MP tagja. Ügyésze volt a nagyváradi Szigligeti Társaságnak. [&hellip;]</p>
