{"id":5918,"date":"2025-06-28T17:34:01","date_gmt":"2025-06-28T15:34:01","guid":{"rendered":"https:\/\/uj.adatbank.ro\/lexikon\/termek\/czekelius-friedrich\/"},"modified":"2025-06-28T17:34:01","modified_gmt":"2025-06-28T15:34:01","slug":"czekelius-friedrich","status":"publish","type":"product","link":"https:\/\/uj.adatbank.ro\/lexikon\/termek\/czekelius-friedrich\/","title":{"rendered":"CZEKELIUS Friedrich"},"content":{"rendered":"<p>Nagyszeben, 1845. jan. 9. \u2020\u00a0Szeben, 1902. jan. 23.: sz\u00e1szr\u00e9geni tan\u00e1r. &#8211; Apja f\u0151m\u00e9rn\u00f6k. -Nagyszebenben v\u00e9gezte a k\u00f6z\u00e9piskol\u00e1t, majd a b\u00e9csi Prot. Teol. Int. Hittud. Kar\u00e1n (1862\u201363), a J\u00e9nai egy. Hittud. \u00e9s B\u00f6lcs. Kar\u00e1n (1863\u2013) teol\u00f3gi\u00e1t t\u00f6rt\u00e9nelmet \u00e9s f\u00f6ldrajzot tanult. Hazat\u00e9rve a sz\u00e1szr\u00e9geni re\u00e1lgimn.-ban, a nagydiszn\u00f3di f\u0151elemi iskol\u00e1ban (1870\u201371), Szebenben egy elemi iskol\u00e1ban, ill. egy le\u00e1nyiskol\u00e1ban \u00e9s a f\u0151re\u00e1liskol\u00e1ban (1871\u201398) tan\u00edtott. <br \/><strong>Irod.:<\/strong> A Magyro.-i k\u00f6z\u00e9piskol\u00e1kban 1850\u201355 \u2013ig megjelent \u00f6sszes programm\u00e9rtekez\u00e9sek repert\u00f3riuma (Bp., 1887); Szab\u00f3\u2013Simon\u2013Sz\u00f6gi<\/br><\/p>\n","protected":false},"excerpt":{"rendered":"<p>Nagyszeben, 1845. jan. 9. \u2020\u00a0Szeben, 1902. jan. 23.: sz\u00e1szr\u00e9geni tan\u00e1r. &#8211; Apja f\u0151m\u00e9rn\u00f6k. -Nagyszebenben v\u00e9gezte a k\u00f6z\u00e9piskol\u00e1t, majd a b\u00e9csi Prot. Teol. Int. Hittud. Kar\u00e1n (1862\u201363), a J\u00e9nai egy. Hittud. \u00e9s B\u00f6lcs. Kar\u00e1n (1863\u2013) teol\u00f3gi\u00e1t t\u00f6rt\u00e9nelmet \u00e9s f\u00f6ldrajzot tanult. Hazat\u00e9rve a sz\u00e1szr\u00e9geni re\u00e1lgimn.-ban, a nagydiszn\u00f3di f\u0151elemi iskol\u00e1ban (1870\u201371), Szebenben egy elemi iskol\u00e1ban, ill. egy le\u00e1nyiskol\u00e1ban [&hellip;]<\/p>\n","protected":false},"featured_media":0,"comment_status":"open","ping_status":"closed","template":"","meta":[],"product_brand":[],"product_cat":[137],"product_tag":[],"class_list":{"0":"post-5918","1":"product","2":"type-product","3":"status-publish","5":"product_cat-maros-megyei-eletrajzi-lexikon","7":"first","8":"instock","9":"shipping-taxable","10":"product-type-simple"},"_links":{"self":[{"href":"https:\/\/uj.adatbank.ro\/lexikon\/wp-json\/wp\/v2\/product\/5918","targetHints":{"allow":["GET"]}}],"collection":[{"href":"https:\/\/uj.adatbank.ro\/lexikon\/wp-json\/wp\/v2\/product"}],"about":[{"href":"https:\/\/uj.adatbank.ro\/lexikon\/wp-json\/wp\/v2\/types\/product"}],"replies":[{"embeddable":true,"href":"https:\/\/uj.adatbank.ro\/lexikon\/wp-json\/wp\/v2\/comments?post=5918"}],"wp:attachment":[{"href":"https:\/\/uj.adatbank.ro\/lexikon\/wp-json\/wp\/v2\/media?parent=5918"}],"wp:term":[{"taxonomy":"product_brand","embeddable":true,"href":"https:\/\/uj.adatbank.ro\/lexikon\/wp-json\/wp\/v2\/product_brand?post=5918"},{"taxonomy":"product_cat","embeddable":true,"href":"https:\/\/uj.adatbank.ro\/lexikon\/wp-json\/wp\/v2\/product_cat?post=5918"},{"taxonomy":"product_tag","embeddable":true,"href":"https:\/\/uj.adatbank.ro\/lexikon\/wp-json\/wp\/v2\/product_tag?post=5918"}],"curies":[{"name":"wp","href":"https:\/\/api.w.org\/{rel}","templated":true}]}}

<p>Nagyszeben, 1845. jan. 9. † Szeben, 1902. jan. 23.: szászrégeni tanár. &#8211; Apja főmérnök. -Nagyszebenben végezte a középiskolát, majd a bécsi Prot. Teol. Int. Hittud. Karán (1862–63), a Jénai egy. Hittud. és Bölcs. Karán (1863–) teológiát történelmet és földrajzot tanult. Hazatérve a szászrégeni reálgimn.-ban, a nagydisznódi főelemi iskolában (1870–71), Szebenben egy elemi iskolában, ill. egy leányiskolában és a főreáliskolában (1871–98) tanított. <br /><strong>Irod.:</strong> A Magyro.-i középiskolákban 1850–55 –ig megjelent összes programmértekezések repertóriuma (Bp., 1887); Szabó–Simon–Szögi</br></p>

<p>Nagyszeben, 1845. jan. 9. † Szeben, 1902. jan. 23.: szászrégeni tanár. &#8211; Apja főmérnök. -Nagyszebenben végezte a középiskolát, majd a bécsi Prot. Teol. Int. Hittud. Karán (1862–63), a Jénai egy. Hittud. és Bölcs. Karán (1863–) teológiát történelmet és földrajzot tanult. Hazatérve a szászrégeni reálgimn.-ban, a nagydisznódi főelemi iskolában (1870–71), Szebenben egy elemi iskolában, ill. egy leányiskolában [&hellip;]</p>
