{"id":5920,"date":"2025-06-28T17:34:04","date_gmt":"2025-06-28T15:34:04","guid":{"rendered":"https:\/\/uj.adatbank.ro\/lexikon\/termek\/czekelius-michael\/"},"modified":"2025-06-28T17:34:04","modified_gmt":"2025-06-28T15:34:04","slug":"czekelius-michael","status":"publish","type":"product","link":"https:\/\/uj.adatbank.ro\/lexikon\/termek\/czekelius-michael\/","title":{"rendered":"CZEKELIUS Michael"},"content":{"rendered":"<p>Segesv\u00e1r, ? \u2020\u00a0? : egyetemi hallgat\u00f3. \u2013 A Wittenbergi egyetemre beiratkozott (1677. szept. 24-\u00e9n.) Latin \u00fcdv\u00f6zl\u0151 versei a RMK III. 3. 3003, 3153, 3155. (Wittenberg 1679. 81) sz. m\u0171vekben. <br \/><strong>Irod.:<\/strong> Guly\u00e1s<\/br><\/p>\n","protected":false},"excerpt":{"rendered":"<p>Segesv\u00e1r, ? \u2020\u00a0? : egyetemi hallgat\u00f3. \u2013 A Wittenbergi egyetemre beiratkozott (1677. szept. 24-\u00e9n.) Latin \u00fcdv\u00f6zl\u0151 versei a RMK III. 3. 3003, 3153, 3155. (Wittenberg 1679. 81) sz. m\u0171vekben. Irod.: Guly\u00e1s<\/p>\n","protected":false},"featured_media":0,"comment_status":"open","ping_status":"closed","template":"","meta":[],"product_brand":[],"product_cat":[137],"product_tag":[],"class_list":{"0":"post-5920","1":"product","2":"type-product","3":"status-publish","5":"product_cat-maros-megyei-eletrajzi-lexikon","7":"first","8":"instock","9":"shipping-taxable","10":"product-type-simple"},"_links":{"self":[{"href":"https:\/\/uj.adatbank.ro\/lexikon\/wp-json\/wp\/v2\/product\/5920","targetHints":{"allow":["GET"]}}],"collection":[{"href":"https:\/\/uj.adatbank.ro\/lexikon\/wp-json\/wp\/v2\/product"}],"about":[{"href":"https:\/\/uj.adatbank.ro\/lexikon\/wp-json\/wp\/v2\/types\/product"}],"replies":[{"embeddable":true,"href":"https:\/\/uj.adatbank.ro\/lexikon\/wp-json\/wp\/v2\/comments?post=5920"}],"wp:attachment":[{"href":"https:\/\/uj.adatbank.ro\/lexikon\/wp-json\/wp\/v2\/media?parent=5920"}],"wp:term":[{"taxonomy":"product_brand","embeddable":true,"href":"https:\/\/uj.adatbank.ro\/lexikon\/wp-json\/wp\/v2\/product_brand?post=5920"},{"taxonomy":"product_cat","embeddable":true,"href":"https:\/\/uj.adatbank.ro\/lexikon\/wp-json\/wp\/v2\/product_cat?post=5920"},{"taxonomy":"product_tag","embeddable":true,"href":"https:\/\/uj.adatbank.ro\/lexikon\/wp-json\/wp\/v2\/product_tag?post=5920"}],"curies":[{"name":"wp","href":"https:\/\/api.w.org\/{rel}","templated":true}]}}