{"id":5928,"date":"2025-06-28T17:34:25","date_gmt":"2025-06-28T15:34:25","guid":{"rendered":"https:\/\/uj.adatbank.ro\/lexikon\/termek\/czigler-albert\/"},"modified":"2025-06-28T17:34:25","modified_gmt":"2025-06-28T15:34:25","slug":"czigler-albert","status":"publish","type":"product","link":"https:\/\/uj.adatbank.ro\/lexikon\/termek\/czigler-albert\/","title":{"rendered":"CZIGLER Albert"},"content":{"rendered":"<p>Kv., 1878., \u2020\u00a0? : f\u00f6ldbirtokos, j\u00e1r\u00e1sb\u00edr\u00f3. \u2013 \u0150sr\u00e9gi erd\u00e9lyi nemesi csal\u00e1d lesz\u00e1rmazottja. Nagyapja Mv. f\u0151orvosa, anyai nagyapja g\u00f6rgei Csisz\u00e1r Domokos tan\u00e1r, honv\u00e9d f\u0151hadnagy, Vizakn\u00e1n a szabads\u00e1gharcban halt h\u0151si hal\u00e1lt (1849). Feles\u00e9ge makfalvi D\u00f3sa M\u00e1ria, D\u00f3sa Elek Maros-Torda megye neves alisp\u00e1nj\u00e1nak le\u00e1nya. \u2013 Tanulm\u00e1nyait Mv.-en \u00e9s Kv.-on v\u00e9gezte, majd mint kir. j\u00e1r\u00e1sb\u00edr\u00f3 Nagyajt\u00e1n tev\u00e9kenykedett \u00e9vekig. Nyugd\u00edjba vonul\u00e1sa ut\u00e1n Makfalv\u00e1n gazd\u00e1lkodott saj\u00e1t f\u00f6ldj\u00e9n, intenz\u00edv mintagazdas\u00e1got \u00e9s \u00e1llatteny\u00e9szt\u00e9st folytatott. Minden hazafias, kultur\u00e1lis, t\u00e1rsadalmi egyes\u00fclet munk\u00e1j\u00e1ban r\u00e9szt vett. <br \/><strong>Irod.:<\/strong> Sz\u00e9kelyf\u00f6ld \u00ed. k<\/br><\/p>\n","protected":false},"excerpt":{"rendered":"<p>Kv., 1878., \u2020\u00a0? : f\u00f6ldbirtokos, j\u00e1r\u00e1sb\u00edr\u00f3. \u2013 \u0150sr\u00e9gi erd\u00e9lyi nemesi csal\u00e1d lesz\u00e1rmazottja. Nagyapja Mv. f\u0151orvosa, anyai nagyapja g\u00f6rgei Csisz\u00e1r Domokos tan\u00e1r, honv\u00e9d f\u0151hadnagy, Vizakn\u00e1n a szabads\u00e1gharcban halt h\u0151si hal\u00e1lt (1849). Feles\u00e9ge makfalvi D\u00f3sa M\u00e1ria, D\u00f3sa Elek Maros-Torda megye neves alisp\u00e1nj\u00e1nak le\u00e1nya. \u2013 Tanulm\u00e1nyait Mv.-en \u00e9s Kv.-on v\u00e9gezte, majd mint kir. j\u00e1r\u00e1sb\u00edr\u00f3 Nagyajt\u00e1n tev\u00e9kenykedett \u00e9vekig. Nyugd\u00edjba [&hellip;]<\/p>\n","protected":false},"featured_media":0,"comment_status":"open","ping_status":"closed","template":"","meta":[],"product_brand":[],"product_cat":[137],"product_tag":[],"class_list":{"0":"post-5928","1":"product","2":"type-product","3":"status-publish","5":"product_cat-maros-megyei-eletrajzi-lexikon","7":"first","8":"instock","9":"shipping-taxable","10":"product-type-simple"},"_links":{"self":[{"href":"https:\/\/uj.adatbank.ro\/lexikon\/wp-json\/wp\/v2\/product\/5928","targetHints":{"allow":["GET"]}}],"collection":[{"href":"https:\/\/uj.adatbank.ro\/lexikon\/wp-json\/wp\/v2\/product"}],"about":[{"href":"https:\/\/uj.adatbank.ro\/lexikon\/wp-json\/wp\/v2\/types\/product"}],"replies":[{"embeddable":true,"href":"https:\/\/uj.adatbank.ro\/lexikon\/wp-json\/wp\/v2\/comments?post=5928"}],"wp:attachment":[{"href":"https:\/\/uj.adatbank.ro\/lexikon\/wp-json\/wp\/v2\/media?parent=5928"}],"wp:term":[{"taxonomy":"product_brand","embeddable":true,"href":"https:\/\/uj.adatbank.ro\/lexikon\/wp-json\/wp\/v2\/product_brand?post=5928"},{"taxonomy":"product_cat","embeddable":true,"href":"https:\/\/uj.adatbank.ro\/lexikon\/wp-json\/wp\/v2\/product_cat?post=5928"},{"taxonomy":"product_tag","embeddable":true,"href":"https:\/\/uj.adatbank.ro\/lexikon\/wp-json\/wp\/v2\/product_tag?post=5928"}],"curies":[{"name":"wp","href":"https:\/\/api.w.org\/{rel}","templated":true}]}}

<p>Kv., 1878., † ? : földbirtokos, járásbíró. – Ősrégi erdélyi nemesi család leszármazottja. Nagyapja Mv. főorvosa, anyai nagyapja görgei Csiszár Domokos tanár, honvéd főhadnagy, Vizaknán a szabadságharcban halt hősi halált (1849). Felesége makfalvi Dósa Mária, Dósa Elek Maros-Torda megye neves alispánjának leánya. – Tanulmányait Mv.-en és Kv.-on végezte, majd mint kir. járásbíró Nagyajtán tevékenykedett évekig. Nyugdíjba vonulása után Makfalván gazdálkodott saját földjén, intenzív mintagazdaságot és állattenyésztést folytatott. Minden hazafias, kulturális, társadalmi egyesület munkájában részt vett. <br /><strong>Irod.:</strong> Székelyföld í. k</br></p>

<p>Kv., 1878., † ? : földbirtokos, járásbíró. – Ősrégi erdélyi nemesi család leszármazottja. Nagyapja Mv. főorvosa, anyai nagyapja görgei Csiszár Domokos tanár, honvéd főhadnagy, Vizaknán a szabadságharcban halt hősi halált (1849). Felesége makfalvi Dósa Mária, Dósa Elek Maros-Torda megye neves alispánjának leánya. – Tanulmányait Mv.-en és Kv.-on végezte, majd mint kir. járásbíró Nagyajtán tevékenykedett évekig. Nyugdíjba [&hellip;]</p>
