{"id":5929,"date":"2025-06-28T17:34:26","date_gmt":"2025-06-28T15:34:26","guid":{"rendered":"https:\/\/uj.adatbank.ro\/lexikon\/termek\/czigler-gyozo-czigler-victor\/"},"modified":"2025-06-28T17:34:26","modified_gmt":"2025-06-28T15:34:26","slug":"czigler-gyozo-czigler-victor","status":"publish","type":"product","link":"https:\/\/uj.adatbank.ro\/lexikon\/termek\/czigler-gyozo-czigler-victor\/","title":{"rendered":"CZIGLER Gy\u0151z\u0151, Czigler Victor"},"content":{"rendered":"<p>Arad, 1850. j\u00fal. 19., \u2020\u00a0Bp., 1905. m\u00e1rc. 29.: m\u0171\u00e9p\u00edt\u00e9sz. \u2013 Apja \u00e9p\u00edt\u00e9sz. \u2013 Tanult a B\u00e9csi K\u00e9pz\u0151m. Akad. \u00c9p\u00edt. Kar\u00e1n (1869\u201372). A bp.-i m\u0171egyetem nyilv\u00e1nos, rendkiv\u00fcli (1887\u2013), hal\u00e1l\u00e1ig rendes tan\u00e1ra (1888\u20130905). A dics\u0151szentm\u00e1rtoni Kasz\u00edn\u00f3 \u00e9p\u00fclet\u00e9nek tervez\u0151 (1900). A nagys\u00e1rm\u00e1si ref. templom toronygombj\u00e1ban elhelyezett irat eml\u00edti, mint tan\u00e1rt, aki a templomi berendez\u00e9s tervrajz\u00e1t k\u00e9sz\u00edtette (1902). <br \/><strong>Irod.:<\/strong> Dics\u0151szentm\u00e1rton r\u00e9gi arca; Keszeg M\u0171eml\u00e9kv\u00e9delem, Szab\u00f3\u2013Simon\u2013Sz\u00f6gi<\/br><\/p>\n","protected":false},"excerpt":{"rendered":"<p>Arad, 1850. j\u00fal. 19., \u2020\u00a0Bp., 1905. m\u00e1rc. 29.: m\u0171\u00e9p\u00edt\u00e9sz. \u2013 Apja \u00e9p\u00edt\u00e9sz. \u2013 Tanult a B\u00e9csi K\u00e9pz\u0151m. Akad. \u00c9p\u00edt. Kar\u00e1n (1869\u201372). A bp.-i m\u0171egyetem nyilv\u00e1nos, rendkiv\u00fcli (1887\u2013), hal\u00e1l\u00e1ig rendes tan\u00e1ra (1888\u20130905). A dics\u0151szentm\u00e1rtoni Kasz\u00edn\u00f3 \u00e9p\u00fclet\u00e9nek tervez\u0151 (1900). A nagys\u00e1rm\u00e1si ref. templom toronygombj\u00e1ban elhelyezett irat eml\u00edti, mint tan\u00e1rt, aki a templomi berendez\u00e9s tervrajz\u00e1t k\u00e9sz\u00edtette (1902). Irod.: [&hellip;]<\/p>\n","protected":false},"featured_media":0,"comment_status":"open","ping_status":"closed","template":"","meta":[],"product_brand":[],"product_cat":[137],"product_tag":[],"class_list":{"0":"post-5929","1":"product","2":"type-product","3":"status-publish","5":"product_cat-maros-megyei-eletrajzi-lexikon","7":"first","8":"instock","9":"shipping-taxable","10":"product-type-simple"},"_links":{"self":[{"href":"https:\/\/uj.adatbank.ro\/lexikon\/wp-json\/wp\/v2\/product\/5929","targetHints":{"allow":["GET"]}}],"collection":[{"href":"https:\/\/uj.adatbank.ro\/lexikon\/wp-json\/wp\/v2\/product"}],"about":[{"href":"https:\/\/uj.adatbank.ro\/lexikon\/wp-json\/wp\/v2\/types\/product"}],"replies":[{"embeddable":true,"href":"https:\/\/uj.adatbank.ro\/lexikon\/wp-json\/wp\/v2\/comments?post=5929"}],"wp:attachment":[{"href":"https:\/\/uj.adatbank.ro\/lexikon\/wp-json\/wp\/v2\/media?parent=5929"}],"wp:term":[{"taxonomy":"product_brand","embeddable":true,"href":"https:\/\/uj.adatbank.ro\/lexikon\/wp-json\/wp\/v2\/product_brand?post=5929"},{"taxonomy":"product_cat","embeddable":true,"href":"https:\/\/uj.adatbank.ro\/lexikon\/wp-json\/wp\/v2\/product_cat?post=5929"},{"taxonomy":"product_tag","embeddable":true,"href":"https:\/\/uj.adatbank.ro\/lexikon\/wp-json\/wp\/v2\/product_tag?post=5929"}],"curies":[{"name":"wp","href":"https:\/\/api.w.org\/{rel}","templated":true}]}}