{"id":5937,"date":"2025-06-28T17:34:39","date_gmt":"2025-06-28T15:34:39","guid":{"rendered":"https:\/\/uj.adatbank.ro\/lexikon\/termek\/czirjak-lujza-%c2%a7-daniel-lujza\/"},"modified":"2025-06-28T17:34:39","modified_gmt":"2025-06-28T15:34:39","slug":"czirjak-lujza-%c2%a7-daniel-lujza","status":"publish","type":"product","link":"https:\/\/uj.adatbank.ro\/lexikon\/termek\/czirjak-lujza-%c2%a7-daniel-lujza\/","title":{"rendered":"CZIRJ\u00c1K Lujza, \u00a7 D\u00e1niel Lujza"},"content":{"rendered":"<p>Sz\u00e9kelyk\u00e1l, 1923. nov. 26., \u2020\u00a0Homor\u00f3dszentm\u00e1rton, 2002. j\u00fal. 6. Mv.-en temett\u00e9k: naiv fest\u0151. \u2013 D\u00e1niel \/ Daniel G\u00e1bor f\u00f6ldm\u0171ves \u00e9s \u00c1gnes le\u00e1nya. F\u00e9rje Czirj\u00e1k Istv\u00e1n. H\u00e1rom gyermek anyja. \u2013 Sz\u00fcl\u0151faluj\u00e1ban elv\u00e9gezte a h\u00e9t elemi oszt\u00e1lyt. A csal\u00e1d Mv.-re k\u00f6lt\u00f6z\u00f6tt (1960\u2013). Beiratkozott a mv.-i N\u00e9pm\u0171v\u00e9szeti Iskol\u00e1ba, tan\u00e1ra az ismert fest\u0151m\u0171v\u00e9sz Gheorghe Olaru volt, aki a falusi mindennapok, szok\u00e1sok fest\u00e9s\u00e9re \u00f6szt\u00f6n\u00f6zte. Bandi Dezs\u0151 ir\u00e1ny\u00edt\u00e1s\u00e1val a Maros Megyei N\u00e9pialkot\u00e1sok H\u00e1za rendezv\u00e9nyeinek, ki\u00e1ll. -ainak r\u00e9sztvev\u0151je. A festett minden anyagra, \u00fcvegre ikonokat, a k\u00e9zimunk\u00e1inak t\u00e9m\u00e1j\u00e1t a ballad\u00e1k, n\u00e9pmes\u00e9k vil\u00e1g\u00e1b\u00f3l mer\u00edtette. Mes\u00e9ket \u00e9s verseket is \u00edrt, ezeket m\u00e1r gyermekkor\u00e1t\u00f3l felolvasta, el\u0151adta a rendezv\u00e9nyeken. Alap\u00edt\u00f3 tagja volt a Szakszervezetek M\u0171vel\u0151d\u00e9si H\u00e1za mellett l\u00e9trej\u00f6tt Naiv M\u0171v\u00e9szek Klubj\u00e1nak (1972. szept. 15.). A Maros Megyei K\u00e9pz\u0151m\u0171v\u00e9szek Sz\u00f6vets\u00e9g\u00e9nek alap\u00edt\u00f3 tagja (1977. aug. 4.). M\u0171vei megtal\u00e1lhat\u00f3k a hazai mag\u00e1n gy\u0171jt\u0151k\u00f6n k\u00edv\u00fcl Mo.-on, N\u00e9meto.-ban, Ausztri\u00e1ban. \u2013 <strong>F. ki\u00e1ll.:<\/strong> csoportos: Mv.-en a Maros megyei Alkot\u00e1sok H\u00e1za szervezte Naiv fest\u00e9szet (1970. j\u00fal. 19. -aug. 16.); a Szakszervezetek M\u0171vel\u0151d\u00e9si H\u00e1za rendezte (1972. szept.); valamint Buk.-ben, Kv.-on, Gyulafeh\u00e9rv\u00e1ron. <br \/><strong>Irod.:<\/strong> Expozi\u0163ia de art\u0103 naiv\u0103: catalog (Tg. M., 1970); Expozi\u0163ia republican\u0103 de art\u0103 plastic\u0103 (Buc., 1979); M\u0171vel\u0151d\u00e9s (1973. szept.; Opri\u015f inf.; V. Z. (1970. szept. 24.)<\/br><\/p>\n","protected":false},"excerpt":{"rendered":"<p>Sz\u00e9kelyk\u00e1l, 1923. nov. 26., \u2020\u00a0Homor\u00f3dszentm\u00e1rton, 2002. j\u00fal. 6. Mv.-en temett\u00e9k: naiv fest\u0151. \u2013 D\u00e1niel \/ Daniel G\u00e1bor f\u00f6ldm\u0171ves \u00e9s \u00c1gnes le\u00e1nya. F\u00e9rje Czirj\u00e1k Istv\u00e1n. H\u00e1rom gyermek anyja. \u2013 Sz\u00fcl\u0151faluj\u00e1ban elv\u00e9gezte a h\u00e9t elemi oszt\u00e1lyt. A csal\u00e1d Mv.-re k\u00f6lt\u00f6z\u00f6tt (1960\u2013). Beiratkozott a mv.-i N\u00e9pm\u0171v\u00e9szeti Iskol\u00e1ba, tan\u00e1ra az ismert fest\u0151m\u0171v\u00e9sz Gheorghe Olaru volt, aki a falusi mindennapok, [&hellip;]<\/p>\n","protected":false},"featured_media":0,"comment_status":"open","ping_status":"closed","template":"","meta":[],"product_brand":[],"product_cat":[137],"product_tag":[],"class_list":{"0":"post-5937","1":"product","2":"type-product","3":"status-publish","5":"product_cat-maros-megyei-eletrajzi-lexikon","7":"first","8":"instock","9":"shipping-taxable","10":"product-type-simple"},"_links":{"self":[{"href":"https:\/\/uj.adatbank.ro\/lexikon\/wp-json\/wp\/v2\/product\/5937","targetHints":{"allow":["GET"]}}],"collection":[{"href":"https:\/\/uj.adatbank.ro\/lexikon\/wp-json\/wp\/v2\/product"}],"about":[{"href":"https:\/\/uj.adatbank.ro\/lexikon\/wp-json\/wp\/v2\/types\/product"}],"replies":[{"embeddable":true,"href":"https:\/\/uj.adatbank.ro\/lexikon\/wp-json\/wp\/v2\/comments?post=5937"}],"wp:attachment":[{"href":"https:\/\/uj.adatbank.ro\/lexikon\/wp-json\/wp\/v2\/media?parent=5937"}],"wp:term":[{"taxonomy":"product_brand","embeddable":true,"href":"https:\/\/uj.adatbank.ro\/lexikon\/wp-json\/wp\/v2\/product_brand?post=5937"},{"taxonomy":"product_cat","embeddable":true,"href":"https:\/\/uj.adatbank.ro\/lexikon\/wp-json\/wp\/v2\/product_cat?post=5937"},{"taxonomy":"product_tag","embeddable":true,"href":"https:\/\/uj.adatbank.ro\/lexikon\/wp-json\/wp\/v2\/product_tag?post=5937"}],"curies":[{"name":"wp","href":"https:\/\/api.w.org\/{rel}","templated":true}]}}

CZIRJÁK Lujza, § Dániel Lujza

<p>Székelykál, 1923. nov. 26., † Homoródszentmárton, 2002. júl. 6. Mv.-en temették: naiv festő. – Dániel / Daniel Gábor földműves és Ágnes leánya. Férje Czirják István. Három gyermek anyja. – Szülőfalujában elvégezte a hét elemi osztályt. A család Mv.-re költözött (1960–). Beiratkozott a mv.-i Népművészeti Iskolába, tanára az ismert festőművész Gheorghe Olaru volt, aki a falusi mindennapok, szokások festésére ösztönözte. Bandi Dezső irányításával a Maros Megyei Népialkotások Háza rendezvényeinek, kiáll. -ainak résztvevője. A festett minden anyagra, üvegre ikonokat, a kézimunkáinak témáját a balladák, népmesék világából merítette. Meséket és verseket is írt, ezeket már gyermekkorától felolvasta, előadta a rendezvényeken. Alapító tagja volt a Szakszervezetek Művelődési Háza mellett létrejött Naiv Művészek Klubjának (1972. szept. 15.). A Maros Megyei Képzőművészek Szövetségének alapító tagja (1977. aug. 4.). Művei megtalálhatók a hazai magán gyűjtőkön kívül Mo.-on, Németo.-ban, Ausztriában. – <strong>F. kiáll.:</strong> csoportos: Mv.-en a Maros megyei Alkotások Háza szervezte Naiv festészet (1970. júl. 19. -aug. 16.); a Szakszervezetek Művelődési Háza rendezte (1972. szept.); valamint Buk.-ben, Kv.-on, Gyulafehérváron. <br /><strong>Irod.:</strong> Expoziţia de artă naivă: catalog (Tg. M., 1970); Expoziţia republicană de artă plastică (Buc., 1979); Művelődés (1973. szept.; Opriş inf.; V. Z. (1970. szept. 24.)</br></p>

<p>Székelykál, 1923. nov. 26., † Homoródszentmárton, 2002. júl. 6. Mv.-en temették: naiv festő. – Dániel / Daniel Gábor földműves és Ágnes leánya. Férje Czirják István. Három gyermek anyja. – Szülőfalujában elvégezte a hét elemi osztályt. A család Mv.-re költözött (1960–). Beiratkozott a mv.-i Népművészeti Iskolába, tanára az ismert festőművész Gheorghe Olaru volt, aki a falusi mindennapok, [&hellip;]</p>
