{"id":5940,"date":"2025-06-28T17:34:46","date_gmt":"2025-06-28T15:34:46","guid":{"rendered":"https:\/\/uj.adatbank.ro\/lexikon\/termek\/czirner-andras-zirner-zurner\/"},"modified":"2025-06-28T17:34:46","modified_gmt":"2025-06-28T15:34:46","slug":"czirner-andras-zirner-zurner","status":"publish","type":"product","link":"https:\/\/uj.adatbank.ro\/lexikon\/termek\/czirner-andras-zirner-zurner\/","title":{"rendered":"CZIRNER Andr\u00e1s; Zirner; Z\u00fcrner"},"content":{"rendered":"<p>Petele, ?, \u2020 \u00dajfalu, 1781. febr. 15.: ev. lelk\u00e9sz. \u2013 Tanult Brass\u00f3ban (1731\u2013), Halleban (1740), majd a brass\u00f3i gimn. &#8211; ban seg\u00e9dkezett. \u00dajfaluban lelk\u00e9sz (1751\u2013). \u2013 <strong>F. m.:<\/strong> <strong>K\u00e9ziratban:<\/strong> Oratio Gallicana de Saxone Transilvano ad res capiendas perficiendasque haud inepto. 1739. m. Octob. <br \/><strong>Irod.:<\/strong> Szab\u00f3\u2013Sz\u00f6gi; Szinnyei<\/br><\/p>\n","protected":false},"excerpt":{"rendered":"<p>Petele, ?, \u2020 \u00dajfalu, 1781. febr. 15.: ev. lelk\u00e9sz. \u2013 Tanult Brass\u00f3ban (1731\u2013), Halleban (1740), majd a brass\u00f3i gimn. &#8211; ban seg\u00e9dkezett. \u00dajfaluban lelk\u00e9sz (1751\u2013). \u2013 F. m.: K\u00e9ziratban: Oratio Gallicana de Saxone Transilvano ad res capiendas perficiendasque haud inepto. 1739. m. Octob. Irod.: Szab\u00f3\u2013Sz\u00f6gi; Szinnyei<\/p>\n","protected":false},"featured_media":0,"comment_status":"open","ping_status":"closed","template":"","meta":[],"product_brand":[],"product_cat":[137],"product_tag":[],"class_list":{"0":"post-5940","1":"product","2":"type-product","3":"status-publish","5":"product_cat-maros-megyei-eletrajzi-lexikon","7":"first","8":"instock","9":"shipping-taxable","10":"product-type-simple"},"_links":{"self":[{"href":"https:\/\/uj.adatbank.ro\/lexikon\/wp-json\/wp\/v2\/product\/5940","targetHints":{"allow":["GET"]}}],"collection":[{"href":"https:\/\/uj.adatbank.ro\/lexikon\/wp-json\/wp\/v2\/product"}],"about":[{"href":"https:\/\/uj.adatbank.ro\/lexikon\/wp-json\/wp\/v2\/types\/product"}],"replies":[{"embeddable":true,"href":"https:\/\/uj.adatbank.ro\/lexikon\/wp-json\/wp\/v2\/comments?post=5940"}],"wp:attachment":[{"href":"https:\/\/uj.adatbank.ro\/lexikon\/wp-json\/wp\/v2\/media?parent=5940"}],"wp:term":[{"taxonomy":"product_brand","embeddable":true,"href":"https:\/\/uj.adatbank.ro\/lexikon\/wp-json\/wp\/v2\/product_brand?post=5940"},{"taxonomy":"product_cat","embeddable":true,"href":"https:\/\/uj.adatbank.ro\/lexikon\/wp-json\/wp\/v2\/product_cat?post=5940"},{"taxonomy":"product_tag","embeddable":true,"href":"https:\/\/uj.adatbank.ro\/lexikon\/wp-json\/wp\/v2\/product_tag?post=5940"}],"curies":[{"name":"wp","href":"https:\/\/api.w.org\/{rel}","templated":true}]}}