{"id":5941,"date":"2025-06-28T17:34:47","date_gmt":"2025-06-28T15:34:47","guid":{"rendered":"https:\/\/uj.adatbank.ro\/lexikon\/termek\/czitrom-aladar-%c2%a7\/"},"modified":"2025-06-28T17:34:47","modified_gmt":"2025-06-28T15:34:47","slug":"czitrom-aladar-%c2%a7","status":"publish","type":"product","link":"https:\/\/uj.adatbank.ro\/lexikon\/termek\/czitrom-aladar-%c2%a7\/","title":{"rendered":"CZITROM Alad\u00e1r, \u00a7"},"content":{"rendered":"<p>Brass\u00f3, 1903, \u2020\u00a0? : keresked\u0151. \u2013 Keresked\u0151 csal\u00e1db\u00f3l sz\u00fcletett. Feles\u00e9ge Gr\u00fcnfeld Magda a n\u0151egyletben tev\u00e9kenykedett. \u2013 A k\u00f6z\u00e9piskola elv\u00e9gz\u00e9se ut\u00e1n banktisztvisel\u0151 lett a mv.-i Agr\u00e1r Bankn\u00e1l. \u00d6n\u00e1ll\u00f3 keresked\u0151 lett (1926), Mv-en tea import keresked\u0151 \u00fczletet nyitott. R\u00e9szt vett a zsid\u00f3 ifj\u00fas\u00e1gi mozgalmakban, a Barissia cionista ifj\u00fas\u00e1gi egyes\u00fcletben a zsid\u00f3 nemzeti eszme megval\u00f3s\u00edt\u00e1s\u00e1\u00e9rt k\u00fczd\u00f6tt. <br \/><strong>Irod.:<\/strong> Ki kicsoda\u00a0?<\/br><\/p>\n","protected":false},"excerpt":{"rendered":"<p>Brass\u00f3, 1903, \u2020\u00a0? : keresked\u0151. \u2013 Keresked\u0151 csal\u00e1db\u00f3l sz\u00fcletett. Feles\u00e9ge Gr\u00fcnfeld Magda a n\u0151egyletben tev\u00e9kenykedett. \u2013 A k\u00f6z\u00e9piskola elv\u00e9gz\u00e9se ut\u00e1n banktisztvisel\u0151 lett a mv.-i Agr\u00e1r Bankn\u00e1l. \u00d6n\u00e1ll\u00f3 keresked\u0151 lett (1926), Mv-en tea import keresked\u0151 \u00fczletet nyitott. R\u00e9szt vett a zsid\u00f3 ifj\u00fas\u00e1gi mozgalmakban, a Barissia cionista ifj\u00fas\u00e1gi egyes\u00fcletben a zsid\u00f3 nemzeti eszme megval\u00f3s\u00edt\u00e1s\u00e1\u00e9rt k\u00fczd\u00f6tt. Irod.: Ki [&hellip;]<\/p>\n","protected":false},"featured_media":0,"comment_status":"open","ping_status":"closed","template":"","meta":[],"product_brand":[],"product_cat":[137],"product_tag":[],"class_list":{"0":"post-5941","1":"product","2":"type-product","3":"status-publish","5":"product_cat-maros-megyei-eletrajzi-lexikon","7":"first","8":"instock","9":"shipping-taxable","10":"product-type-simple"},"_links":{"self":[{"href":"https:\/\/uj.adatbank.ro\/lexikon\/wp-json\/wp\/v2\/product\/5941","targetHints":{"allow":["GET"]}}],"collection":[{"href":"https:\/\/uj.adatbank.ro\/lexikon\/wp-json\/wp\/v2\/product"}],"about":[{"href":"https:\/\/uj.adatbank.ro\/lexikon\/wp-json\/wp\/v2\/types\/product"}],"replies":[{"embeddable":true,"href":"https:\/\/uj.adatbank.ro\/lexikon\/wp-json\/wp\/v2\/comments?post=5941"}],"wp:attachment":[{"href":"https:\/\/uj.adatbank.ro\/lexikon\/wp-json\/wp\/v2\/media?parent=5941"}],"wp:term":[{"taxonomy":"product_brand","embeddable":true,"href":"https:\/\/uj.adatbank.ro\/lexikon\/wp-json\/wp\/v2\/product_brand?post=5941"},{"taxonomy":"product_cat","embeddable":true,"href":"https:\/\/uj.adatbank.ro\/lexikon\/wp-json\/wp\/v2\/product_cat?post=5941"},{"taxonomy":"product_tag","embeddable":true,"href":"https:\/\/uj.adatbank.ro\/lexikon\/wp-json\/wp\/v2\/product_tag?post=5941"}],"curies":[{"name":"wp","href":"https:\/\/api.w.org\/{rel}","templated":true}]}}

CZITROM Aladár, §

<p>Brassó, 1903, † ? : kereskedő. – Kereskedő családból született. Felesége Grünfeld Magda a nőegyletben tevékenykedett. – A középiskola elvégzése után banktisztviselő lett a mv.-i Agrár Banknál. Önálló kereskedő lett (1926), Mv-en tea import kereskedő üzletet nyitott. Részt vett a zsidó ifjúsági mozgalmakban, a Barissia cionista ifjúsági egyesületben a zsidó nemzeti eszme megvalósításáért küzdött. <br /><strong>Irod.:</strong> Ki kicsoda ?</br></p>

<p>Brassó, 1903, † ? : kereskedő. – Kereskedő családból született. Felesége Grünfeld Magda a nőegyletben tevékenykedett. – A középiskola elvégzése után banktisztviselő lett a mv.-i Agrár Banknál. Önálló kereskedő lett (1926), Mv-en tea import kereskedő üzletet nyitott. Részt vett a zsidó ifjúsági mozgalmakban, a Barissia cionista ifjúsági egyesületben a zsidó nemzeti eszme megvalósításáért küzdött. Irod.: Ki [&hellip;]</p>
