{"id":5951,"date":"2025-06-28T17:35:13","date_gmt":"2025-06-28T15:35:13","guid":{"rendered":"https:\/\/uj.adatbank.ro\/lexikon\/termek\/czoppelt-albert-hugo\/"},"modified":"2025-06-28T17:35:13","modified_gmt":"2025-06-28T15:35:13","slug":"czoppelt-albert-hugo","status":"publish","type":"product","link":"https:\/\/uj.adatbank.ro\/lexikon\/termek\/czoppelt-albert-hugo\/","title":{"rendered":"CZOPPELT Albert Hugo"},"content":{"rendered":"<p>Sz\u00e1szr\u00e9gen, 1847. jan. 2., \u2020 Sz\u00e1szr\u00e9gen, 1895. j\u00fal. 12.: gy\u00f3gyszer\u00e9sz, ornitol\u00f3gus. \u2013 Gy\u00f3gyszer\u00e9szinas a brass\u00f3i Carl Hornungn\u00e1l (1863\u201366), majd asszisztens (1866\u201367). Gy\u00f3gyszer\u00e9szeti tanulm\u00e1nyokat folytatott B\u00e9csben (1867\u201370). Sz\u00e1szr\u00e9genben \u00e1tvette apj\u00e1t\u00f3l az Aesculap-patik\u00e1t (1872), a k\u00e9s\u0151bbi Adler-patik\u00e1t, amelyet vezetett (1895-ig). C. Hornung felkeltette \u00e9rdekl\u0151d\u00e9s\u00e9t a term\u00e9szettudom\u00e1nyok ir\u00e1nt, t\u00f6bb gy\u0171jtem\u00e9nyt hozott l\u00e9tre. H\u00e1trahagyott toj\u00e1s- \u00e9s kagyl\u00f3gy\u0171jtem\u00e9nyt, n\u00f6v\u00e9ny- \u00e9s maggy\u0171jtem\u00e9nyt, ezek elkall\u00f3dtak (1945 ut\u00e1n). Munkat\u00e1rsa volt az E. A. Bielz \u00e1ltal elk\u00e9sz\u00edtett erd\u00e9lyi mad\u00e1rfajt\u00e1k list\u00e1j\u00e1nak, 112 mad\u00e1rfajt\u00e1t jegyzett fel Sz\u00e1szr\u00e9gen k\u00f6rny\u00e9k\u00e9n, amelyek k\u00f6z\u00fcl ma m\u00e1r t\u00f6bb nem l\u00e9tezik. <br \/><strong>Irod.:<\/strong> LSS<\/br><\/p>\n","protected":false},"excerpt":{"rendered":"<p>Sz\u00e1szr\u00e9gen, 1847. jan. 2., \u2020 Sz\u00e1szr\u00e9gen, 1895. j\u00fal. 12.: gy\u00f3gyszer\u00e9sz, ornitol\u00f3gus. \u2013 Gy\u00f3gyszer\u00e9szinas a brass\u00f3i Carl Hornungn\u00e1l (1863\u201366), majd asszisztens (1866\u201367). Gy\u00f3gyszer\u00e9szeti tanulm\u00e1nyokat folytatott B\u00e9csben (1867\u201370). Sz\u00e1szr\u00e9genben \u00e1tvette apj\u00e1t\u00f3l az Aesculap-patik\u00e1t (1872), a k\u00e9s\u0151bbi Adler-patik\u00e1t, amelyet vezetett (1895-ig). C. Hornung felkeltette \u00e9rdekl\u0151d\u00e9s\u00e9t a term\u00e9szettudom\u00e1nyok ir\u00e1nt, t\u00f6bb gy\u0171jtem\u00e9nyt hozott l\u00e9tre. H\u00e1trahagyott toj\u00e1s- \u00e9s kagyl\u00f3gy\u0171jtem\u00e9nyt, n\u00f6v\u00e9ny- \u00e9s [&hellip;]<\/p>\n","protected":false},"featured_media":0,"comment_status":"open","ping_status":"closed","template":"","meta":[],"product_brand":[],"product_cat":[137],"product_tag":[],"class_list":{"0":"post-5951","1":"product","2":"type-product","3":"status-publish","5":"product_cat-maros-megyei-eletrajzi-lexikon","7":"first","8":"instock","9":"shipping-taxable","10":"product-type-simple"},"_links":{"self":[{"href":"https:\/\/uj.adatbank.ro\/lexikon\/wp-json\/wp\/v2\/product\/5951","targetHints":{"allow":["GET"]}}],"collection":[{"href":"https:\/\/uj.adatbank.ro\/lexikon\/wp-json\/wp\/v2\/product"}],"about":[{"href":"https:\/\/uj.adatbank.ro\/lexikon\/wp-json\/wp\/v2\/types\/product"}],"replies":[{"embeddable":true,"href":"https:\/\/uj.adatbank.ro\/lexikon\/wp-json\/wp\/v2\/comments?post=5951"}],"wp:attachment":[{"href":"https:\/\/uj.adatbank.ro\/lexikon\/wp-json\/wp\/v2\/media?parent=5951"}],"wp:term":[{"taxonomy":"product_brand","embeddable":true,"href":"https:\/\/uj.adatbank.ro\/lexikon\/wp-json\/wp\/v2\/product_brand?post=5951"},{"taxonomy":"product_cat","embeddable":true,"href":"https:\/\/uj.adatbank.ro\/lexikon\/wp-json\/wp\/v2\/product_cat?post=5951"},{"taxonomy":"product_tag","embeddable":true,"href":"https:\/\/uj.adatbank.ro\/lexikon\/wp-json\/wp\/v2\/product_tag?post=5951"}],"curies":[{"name":"wp","href":"https:\/\/api.w.org\/{rel}","templated":true}]}}

<p>Szászrégen, 1847. jan. 2., † Szászrégen, 1895. júl. 12.: gyógyszerész, ornitológus. – Gyógyszerészinas a brassói Carl Hornungnál (1863–66), majd asszisztens (1866–67). Gyógyszerészeti tanulmányokat folytatott Bécsben (1867–70). Szászrégenben átvette apjától az Aesculap-patikát (1872), a későbbi Adler-patikát, amelyet vezetett (1895-ig). C. Hornung felkeltette érdeklődését a természettudományok iránt, több gyűjteményt hozott létre. Hátrahagyott tojás- és kagylógyűjteményt, növény- és maggyűjteményt, ezek elkallódtak (1945 után). Munkatársa volt az E. A. Bielz által elkészített erdélyi madárfajták listájának, 112 madárfajtát jegyzett fel Szászrégen környékén, amelyek közül ma már több nem létezik. <br /><strong>Irod.:</strong> LSS</br></p>

<p>Szászrégen, 1847. jan. 2., † Szászrégen, 1895. júl. 12.: gyógyszerész, ornitológus. – Gyógyszerészinas a brassói Carl Hornungnál (1863–66), majd asszisztens (1866–67). Gyógyszerészeti tanulmányokat folytatott Bécsben (1867–70). Szászrégenben átvette apjától az Aesculap-patikát (1872), a későbbi Adler-patikát, amelyet vezetett (1895-ig). C. Hornung felkeltette érdeklődését a természettudományok iránt, több gyűjteményt hozott létre. Hátrahagyott tojás- és kagylógyűjteményt, növény- és [&hellip;]</p>
