{"id":5957,"date":"2025-06-28T17:35:23","date_gmt":"2025-06-28T15:35:23","guid":{"rendered":"https:\/\/uj.adatbank.ro\/lexikon\/termek\/czoppelt-michael-friedrich\/"},"modified":"2025-06-28T17:35:23","modified_gmt":"2025-06-28T15:35:23","slug":"czoppelt-michael-friedrich","status":"publish","type":"product","link":"https:\/\/uj.adatbank.ro\/lexikon\/termek\/czoppelt-michael-friedrich\/","title":{"rendered":"CZOPPELT Michael Friedrich"},"content":{"rendered":"<p>Sz\u00e1szr\u00e9gen, 1838., \u2020 Szeben, 1893.: katonatiszt. \u2013 \u00d6nk\u00e9ntesk\u00e9nt vonult be a 23. mezei vad\u00e1szok z\u00e1szl\u00f3alj\u00e1ba (1855). II. oszt\u00e1ly\u00fa alhadnaggy\u00e1 l\u00e9ptett\u00e9k el\u0151 (1859. j\u00fan. 5.). R\u00e9szt vett az olaszo.-i hadj\u00e1ratban (1859). \u00d6nk\u00e9nt l\u00e9pett ki a hadseregb\u0151l (1865), Szebenben telepedett le, \u00e9s a cs. kir. posta tisztvisel\u0151je lett (1873\u2013). <br \/><strong>Irod.:<\/strong> Reghin, militari<\/br><\/p>\n","protected":false},"excerpt":{"rendered":"<p>Sz\u00e1szr\u00e9gen, 1838., \u2020 Szeben, 1893.: katonatiszt. \u2013 \u00d6nk\u00e9ntesk\u00e9nt vonult be a 23. mezei vad\u00e1szok z\u00e1szl\u00f3alj\u00e1ba (1855). II. oszt\u00e1ly\u00fa alhadnaggy\u00e1 l\u00e9ptett\u00e9k el\u0151 (1859. j\u00fan. 5.). R\u00e9szt vett az olaszo.-i hadj\u00e1ratban (1859). \u00d6nk\u00e9nt l\u00e9pett ki a hadseregb\u0151l (1865), Szebenben telepedett le, \u00e9s a cs. kir. posta tisztvisel\u0151je lett (1873\u2013). Irod.: Reghin, militari<\/p>\n","protected":false},"featured_media":0,"comment_status":"open","ping_status":"closed","template":"","meta":[],"product_brand":[],"product_cat":[137],"product_tag":[],"class_list":{"0":"post-5957","1":"product","2":"type-product","3":"status-publish","5":"product_cat-maros-megyei-eletrajzi-lexikon","7":"first","8":"instock","9":"shipping-taxable","10":"product-type-simple"},"_links":{"self":[{"href":"https:\/\/uj.adatbank.ro\/lexikon\/wp-json\/wp\/v2\/product\/5957","targetHints":{"allow":["GET"]}}],"collection":[{"href":"https:\/\/uj.adatbank.ro\/lexikon\/wp-json\/wp\/v2\/product"}],"about":[{"href":"https:\/\/uj.adatbank.ro\/lexikon\/wp-json\/wp\/v2\/types\/product"}],"replies":[{"embeddable":true,"href":"https:\/\/uj.adatbank.ro\/lexikon\/wp-json\/wp\/v2\/comments?post=5957"}],"wp:attachment":[{"href":"https:\/\/uj.adatbank.ro\/lexikon\/wp-json\/wp\/v2\/media?parent=5957"}],"wp:term":[{"taxonomy":"product_brand","embeddable":true,"href":"https:\/\/uj.adatbank.ro\/lexikon\/wp-json\/wp\/v2\/product_brand?post=5957"},{"taxonomy":"product_cat","embeddable":true,"href":"https:\/\/uj.adatbank.ro\/lexikon\/wp-json\/wp\/v2\/product_cat?post=5957"},{"taxonomy":"product_tag","embeddable":true,"href":"https:\/\/uj.adatbank.ro\/lexikon\/wp-json\/wp\/v2\/product_tag?post=5957"}],"curies":[{"name":"wp","href":"https:\/\/api.w.org\/{rel}","templated":true}]}}