{"id":5958,"date":"2025-06-28T17:35:25","date_gmt":"2025-06-28T15:35:25","guid":{"rendered":"https:\/\/uj.adatbank.ro\/lexikon\/termek\/czugh-laszlo\/"},"modified":"2025-06-28T17:35:25","modified_gmt":"2025-06-28T15:35:25","slug":"czugh-laszlo","status":"publish","type":"product","link":"https:\/\/uj.adatbank.ro\/lexikon\/termek\/czugh-laszlo\/","title":{"rendered":"CZUGH L\u00e1szl\u00f3"},"content":{"rendered":"<p>? \u2020\u00a0? : ev. lelk\u00e9sz. &#8211; Brass\u00f3ban mint hitoktat\u00f3 volt, Mv.-en lelk\u00e9sz (1877\u201381). Az \u0151 ideje a legszomor\u00fabb id\u0151szak a mv.-i ev. egyh\u00e1z t\u00f6rt\u00e9net\u00e9ben. Rendetlen \u00e9let\u00e9vel \u00e9s hanyags\u00e1g\u00e1val a h\u00edveket teljesen elidegen\u00edtette az egyh\u00e1zt\u00f3l. K\u00e9t \u00e9v alatt alig egyszer tudtak presbiteri gy\u0171l\u00e9st tartani a tagok r\u00e9szv\u00e9tlens\u00e9ge miatt. Fegyelmi vizsg\u00e1latot ind\u00edtottak ellene \u00e9s ez\u00e9rt \u00e1ll\u00e1s\u00e1b\u00f3l lek\u00f6sz\u00f6nt (1881. szept. 26), a lelk\u00e9szi hivatal ut\u00e1na egy \u00e9vig \u00fcresen \u00e1llt, mert a Landeskonsistorium, amely seg\u00e9lyezte az egyh\u00e1zat megvonta adom\u00e1ny\u00e1t b\u0171ntet\u00e9sb\u0151l. <br \/><strong>Irod.:<\/strong> Beyer, Id\u0151t\u00e1r 2<\/br><\/p>\n","protected":false},"excerpt":{"rendered":"<p>? \u2020\u00a0? : ev. lelk\u00e9sz. &#8211; Brass\u00f3ban mint hitoktat\u00f3 volt, Mv.-en lelk\u00e9sz (1877\u201381). Az \u0151 ideje a legszomor\u00fabb id\u0151szak a mv.-i ev. egyh\u00e1z t\u00f6rt\u00e9net\u00e9ben. Rendetlen \u00e9let\u00e9vel \u00e9s hanyags\u00e1g\u00e1val a h\u00edveket teljesen elidegen\u00edtette az egyh\u00e1zt\u00f3l. K\u00e9t \u00e9v alatt alig egyszer tudtak presbiteri gy\u0171l\u00e9st tartani a tagok r\u00e9szv\u00e9tlens\u00e9ge miatt. Fegyelmi vizsg\u00e1latot ind\u00edtottak ellene \u00e9s ez\u00e9rt \u00e1ll\u00e1s\u00e1b\u00f3l lek\u00f6sz\u00f6nt [&hellip;]<\/p>\n","protected":false},"featured_media":0,"comment_status":"open","ping_status":"closed","template":"","meta":[],"product_brand":[],"product_cat":[137],"product_tag":[],"class_list":{"0":"post-5958","1":"product","2":"type-product","3":"status-publish","5":"product_cat-maros-megyei-eletrajzi-lexikon","7":"first","8":"instock","9":"shipping-taxable","10":"product-type-simple"},"_links":{"self":[{"href":"https:\/\/uj.adatbank.ro\/lexikon\/wp-json\/wp\/v2\/product\/5958","targetHints":{"allow":["GET"]}}],"collection":[{"href":"https:\/\/uj.adatbank.ro\/lexikon\/wp-json\/wp\/v2\/product"}],"about":[{"href":"https:\/\/uj.adatbank.ro\/lexikon\/wp-json\/wp\/v2\/types\/product"}],"replies":[{"embeddable":true,"href":"https:\/\/uj.adatbank.ro\/lexikon\/wp-json\/wp\/v2\/comments?post=5958"}],"wp:attachment":[{"href":"https:\/\/uj.adatbank.ro\/lexikon\/wp-json\/wp\/v2\/media?parent=5958"}],"wp:term":[{"taxonomy":"product_brand","embeddable":true,"href":"https:\/\/uj.adatbank.ro\/lexikon\/wp-json\/wp\/v2\/product_brand?post=5958"},{"taxonomy":"product_cat","embeddable":true,"href":"https:\/\/uj.adatbank.ro\/lexikon\/wp-json\/wp\/v2\/product_cat?post=5958"},{"taxonomy":"product_tag","embeddable":true,"href":"https:\/\/uj.adatbank.ro\/lexikon\/wp-json\/wp\/v2\/product_tag?post=5958"}],"curies":[{"name":"wp","href":"https:\/\/api.w.org\/{rel}","templated":true}]}}

CZUGH László

<p>? † ? : ev. lelkész. &#8211; Brassóban mint hitoktató volt, Mv.-en lelkész (1877–81). Az ő ideje a legszomorúbb időszak a mv.-i ev. egyház történetében. Rendetlen életével és hanyagságával a híveket teljesen elidegenítette az egyháztól. Két év alatt alig egyszer tudtak presbiteri gyűlést tartani a tagok részvétlensége miatt. Fegyelmi vizsgálatot indítottak ellene és ezért állásából leköszönt (1881. szept. 26), a lelkészi hivatal utána egy évig üresen állt, mert a Landeskonsistorium, amely segélyezte az egyházat megvonta adományát bűntetésből. <br /><strong>Irod.:</strong> Beyer, Időtár 2</br></p>

<p>? † ? : ev. lelkész. &#8211; Brassóban mint hitoktató volt, Mv.-en lelkész (1877–81). Az ő ideje a legszomorúbb időszak a mv.-i ev. egyház történetében. Rendetlen életével és hanyagságával a híveket teljesen elidegenítette az egyháztól. Két év alatt alig egyszer tudtak presbiteri gyűlést tartani a tagok részvétlensége miatt. Fegyelmi vizsgálatot indítottak ellene és ezért állásából leköszönt [&hellip;]</p>
