{"id":5962,"date":"2025-06-28T17:35:34","date_gmt":"2025-06-28T15:35:34","guid":{"rendered":"https:\/\/uj.adatbank.ro\/lexikon\/termek\/csabai-paulin-csabai-karoly-paulin\/"},"modified":"2025-06-28T17:35:34","modified_gmt":"2025-06-28T15:35:34","slug":"csabai-paulin-csabai-karoly-paulin","status":"publish","type":"product","link":"https:\/\/uj.adatbank.ro\/lexikon\/termek\/csabai-paulin-csabai-karoly-paulin\/","title":{"rendered":"CSABAI Paulin, Csabai K\u00e1roly Paulin"},"content":{"rendered":"<p>Andocs, 1865. jan. 15., \u2020\u00a0Szeged, 1926. \u00e1pr. 27.: minorita szerzetes, tan\u00e1r. \u2013 Jogot \u00e9s hittudom\u00e1nyt hallgatott Egerben, papp\u00e1 szentelt\u00e9k (1891. jan. 4.). a bp.-i egyetemen megszerezte a k\u00e1nonjogi doktori oklevelet. Aradon m\u0171k\u00f6d\u00f6tt, r\u00f6vid ideig r\u00f3mai m. gyontat\u00f3, majd Arad \u00e9s Eger k\u00f6vetkezett. Mv.-en a papnevel\u0151 tan\u00e1ra (1902), majd Szil\u00e1gysomly\u00f3n tan\u00edtott. Minorita h\u00e1zf\u00f6n\u00f6k Mv.-en (1913. m\u00e1rc. 29. \u2013 1916. okt. 17). A novici\u00e1tus \u00e9s szemin\u00e1rium t\u00e1voz\u00e1sa ut\u00e1n (1916) kinevezt\u00e9k mv.-i h\u00e1zf\u0151n\u00f6kk, de nem foglalhatta el \u00e1llom\u00e1shely\u00e9t. Cikkeit k\u00f6z\u00f6lte a Szil\u00e1gysomly\u00f3i gymn. \u00c9rtes\u00edt\u0151, az Aradi Hirad\u00f3, Debrecen, Szil\u00e1gysomly\u00f3 c. lapokban. <br \/><strong>Irod.:<\/strong> Id\u0151t\u00e1r 2; Maros megyei t\u00f6rt.; Monay: R. m. gy. Monay: magyaro.-i \u00e9s erd\u00e9lyi minorit\u00e1k<\/br><\/p>\n","protected":false},"excerpt":{"rendered":"<p>Andocs, 1865. jan. 15., \u2020\u00a0Szeged, 1926. \u00e1pr. 27.: minorita szerzetes, tan\u00e1r. \u2013 Jogot \u00e9s hittudom\u00e1nyt hallgatott Egerben, papp\u00e1 szentelt\u00e9k (1891. jan. 4.). a bp.-i egyetemen megszerezte a k\u00e1nonjogi doktori oklevelet. Aradon m\u0171k\u00f6d\u00f6tt, r\u00f6vid ideig r\u00f3mai m. gyontat\u00f3, majd Arad \u00e9s Eger k\u00f6vetkezett. Mv.-en a papnevel\u0151 tan\u00e1ra (1902), majd Szil\u00e1gysomly\u00f3n tan\u00edtott. Minorita h\u00e1zf\u00f6n\u00f6k Mv.-en (1913. m\u00e1rc. [&hellip;]<\/p>\n","protected":false},"featured_media":0,"comment_status":"open","ping_status":"closed","template":"","meta":[],"product_brand":[],"product_cat":[137],"product_tag":[],"class_list":{"0":"post-5962","1":"product","2":"type-product","3":"status-publish","5":"product_cat-maros-megyei-eletrajzi-lexikon","7":"first","8":"instock","9":"shipping-taxable","10":"product-type-simple"},"_links":{"self":[{"href":"https:\/\/uj.adatbank.ro\/lexikon\/wp-json\/wp\/v2\/product\/5962","targetHints":{"allow":["GET"]}}],"collection":[{"href":"https:\/\/uj.adatbank.ro\/lexikon\/wp-json\/wp\/v2\/product"}],"about":[{"href":"https:\/\/uj.adatbank.ro\/lexikon\/wp-json\/wp\/v2\/types\/product"}],"replies":[{"embeddable":true,"href":"https:\/\/uj.adatbank.ro\/lexikon\/wp-json\/wp\/v2\/comments?post=5962"}],"wp:attachment":[{"href":"https:\/\/uj.adatbank.ro\/lexikon\/wp-json\/wp\/v2\/media?parent=5962"}],"wp:term":[{"taxonomy":"product_brand","embeddable":true,"href":"https:\/\/uj.adatbank.ro\/lexikon\/wp-json\/wp\/v2\/product_brand?post=5962"},{"taxonomy":"product_cat","embeddable":true,"href":"https:\/\/uj.adatbank.ro\/lexikon\/wp-json\/wp\/v2\/product_cat?post=5962"},{"taxonomy":"product_tag","embeddable":true,"href":"https:\/\/uj.adatbank.ro\/lexikon\/wp-json\/wp\/v2\/product_tag?post=5962"}],"curies":[{"name":"wp","href":"https:\/\/api.w.org\/{rel}","templated":true}]}}

CSABAI Paulin, Csabai Károly Paulin

<p>Andocs, 1865. jan. 15., † Szeged, 1926. ápr. 27.: minorita szerzetes, tanár. – Jogot és hittudományt hallgatott Egerben, pappá szentelték (1891. jan. 4.). a bp.-i egyetemen megszerezte a kánonjogi doktori oklevelet. Aradon működött, rövid ideig római m. gyontató, majd Arad és Eger következett. Mv.-en a papnevelő tanára (1902), majd Szilágysomlyón tanított. Minorita házfönök Mv.-en (1913. márc. 29. – 1916. okt. 17). A noviciátus és szeminárium távozása után (1916) kinevezték mv.-i házfőnökk, de nem foglalhatta el állomáshelyét. Cikkeit közölte a Szilágysomlyói gymn. Értesítő, az Aradi Hiradó, Debrecen, Szilágysomlyó c. lapokban. <br /><strong>Irod.:</strong> Időtár 2; Maros megyei tört.; Monay: R. m. gy. Monay: magyaro.-i és erdélyi minoriták</br></p>

<p>Andocs, 1865. jan. 15., † Szeged, 1926. ápr. 27.: minorita szerzetes, tanár. – Jogot és hittudományt hallgatott Egerben, pappá szentelték (1891. jan. 4.). a bp.-i egyetemen megszerezte a kánonjogi doktori oklevelet. Aradon működött, rövid ideig római m. gyontató, majd Arad és Eger következett. Mv.-en a papnevelő tanára (1902), majd Szilágysomlyón tanított. Minorita házfönök Mv.-en (1913. márc. [&hellip;]</p>
