{"id":5964,"date":"2025-06-28T17:35:36","date_gmt":"2025-06-28T15:35:36","guid":{"rendered":"https:\/\/uj.adatbank.ro\/lexikon\/termek\/csajkas-bodog\/"},"modified":"2025-06-28T17:35:36","modified_gmt":"2025-06-28T15:35:36","slug":"csajkas-bodog","status":"publish","type":"product","link":"https:\/\/uj.adatbank.ro\/lexikon\/termek\/csajkas-bodog\/","title":{"rendered":"CSAJK\u00c1S B\u00f3dog"},"content":{"rendered":"<p>Versec, 1902. dec. 26., \u2020 S\u00e1toralja\u00fajhely, 1949. j\u00fal. 10.: orvos, orvost\u00f6rt\u00e9n\u00e9sz. \u2013 K\u00f6z\u00e9piskolai tanulm\u00e1nyait Szabadk\u00e1n v\u00e9gezte, beiratkozott a bp.-i Kir. M. TE Orvosi kar\u00e1ra (1920), Kv.-on ill. Szegeden folytatta tanulm\u00e1nyait \u00e9s orvosi oklevelet Freiburg in Breisgauban (1935. okt.) nyert. Szegedre h\u00edvt\u00e1k be katonai szolg\u00e1latra (1938), Kv.-ra helyezt\u00e9k (1941), amikor leszerelt orvos-z\u00e1szl\u00f3s (1944. szept. 28.). Haynal Imre orvoskari d\u00e9k\u00e1n a Sz\u00fcl\u00e9szeti Klinik\u00e1n alkalmazta (1944. okt. 9. \u2013), majd megb\u00edzta a kv.-i FJTE Orvost\u00f6rt\u00e9neti Int\u00e9zet\u00e9nek vezet\u00e9s\u00e9vel (1944. nov. 1. \u2013), melynek egyben utols\u00f3 vezet\u0151je volt. Cs\u0151g\u00f6r Lajos \u00e9s Valeriu Bologa prof. -ok b\u00edztat\u00e1s\u00e1ra megp\u00e1ly\u00e1zta a Nemzetnevel\u00e9s\u00fcgyi Min. -ba az orvost\u00f6rt\u00e9net el\u0151ad\u00f3i \u00e1ll\u00e1s\u00e1t \u00e9s nem nyerte el azt, de amikor az int\u00e9zet \u00e1tk\u00f6lt\u00f6z\u00f6tt Mv.-re (1945. \u0151sz\u00e9n), itt folytatta r\u00f6vid ideig tev\u00e9kenys\u00e9g\u00e9t (1946 m\u00e1j.), majd t\u00f6bb m\u00e1s nem rom\u00e1n \u00e1llampolg\u00e1rs\u00e1g\u00fa egyetemi alkalmazottal egy\u00fctt elhagyta az orsz\u00e1got. <br \/><strong>Irod.:<\/strong> P\u00e9ter Mih\u00e1ly: A MOGYE Orvost\u00f6rt\u00e9neti tansz\u00e9k\u00e9nek t\u00f6rt\u00e9net\u00e9r\u0151l = Spielmann J\u00f3zsef orvost\u00f6rt\u00e9n\u00e9sz eml\u00e9kk\u00f6nyve<\/br><\/p>\n","protected":false},"excerpt":{"rendered":"<p>Versec, 1902. dec. 26., \u2020 S\u00e1toralja\u00fajhely, 1949. j\u00fal. 10.: orvos, orvost\u00f6rt\u00e9n\u00e9sz. \u2013 K\u00f6z\u00e9piskolai tanulm\u00e1nyait Szabadk\u00e1n v\u00e9gezte, beiratkozott a bp.-i Kir. M. TE Orvosi kar\u00e1ra (1920), Kv.-on ill. Szegeden folytatta tanulm\u00e1nyait \u00e9s orvosi oklevelet Freiburg in Breisgauban (1935. okt.) nyert. Szegedre h\u00edvt\u00e1k be katonai szolg\u00e1latra (1938), Kv.-ra helyezt\u00e9k (1941), amikor leszerelt orvos-z\u00e1szl\u00f3s (1944. szept. 28.). Haynal [&hellip;]<\/p>\n","protected":false},"featured_media":0,"comment_status":"open","ping_status":"closed","template":"","meta":[],"product_brand":[],"product_cat":[137],"product_tag":[],"class_list":{"0":"post-5964","1":"product","2":"type-product","3":"status-publish","5":"product_cat-maros-megyei-eletrajzi-lexikon","7":"first","8":"instock","9":"shipping-taxable","10":"product-type-simple"},"_links":{"self":[{"href":"https:\/\/uj.adatbank.ro\/lexikon\/wp-json\/wp\/v2\/product\/5964","targetHints":{"allow":["GET"]}}],"collection":[{"href":"https:\/\/uj.adatbank.ro\/lexikon\/wp-json\/wp\/v2\/product"}],"about":[{"href":"https:\/\/uj.adatbank.ro\/lexikon\/wp-json\/wp\/v2\/types\/product"}],"replies":[{"embeddable":true,"href":"https:\/\/uj.adatbank.ro\/lexikon\/wp-json\/wp\/v2\/comments?post=5964"}],"wp:attachment":[{"href":"https:\/\/uj.adatbank.ro\/lexikon\/wp-json\/wp\/v2\/media?parent=5964"}],"wp:term":[{"taxonomy":"product_brand","embeddable":true,"href":"https:\/\/uj.adatbank.ro\/lexikon\/wp-json\/wp\/v2\/product_brand?post=5964"},{"taxonomy":"product_cat","embeddable":true,"href":"https:\/\/uj.adatbank.ro\/lexikon\/wp-json\/wp\/v2\/product_cat?post=5964"},{"taxonomy":"product_tag","embeddable":true,"href":"https:\/\/uj.adatbank.ro\/lexikon\/wp-json\/wp\/v2\/product_tag?post=5964"}],"curies":[{"name":"wp","href":"https:\/\/api.w.org\/{rel}","templated":true}]}}

CSAJKÁS Bódog

<p>Versec, 1902. dec. 26., † Sátoraljaújhely, 1949. júl. 10.: orvos, orvostörténész. – Középiskolai tanulmányait Szabadkán végezte, beiratkozott a bp.-i Kir. M. TE Orvosi karára (1920), Kv.-on ill. Szegeden folytatta tanulmányait és orvosi oklevelet Freiburg in Breisgauban (1935. okt.) nyert. Szegedre hívták be katonai szolgálatra (1938), Kv.-ra helyezték (1941), amikor leszerelt orvos-zászlós (1944. szept. 28.). Haynal Imre orvoskari dékán a Szülészeti Klinikán alkalmazta (1944. okt. 9. –), majd megbízta a kv.-i FJTE Orvostörténeti Intézetének vezetésével (1944. nov. 1. –), melynek egyben utolsó vezetője volt. Csőgör Lajos és Valeriu Bologa prof. -ok bíztatására megpályázta a Nemzetnevelésügyi Min. -ba az orvostörténet előadói állását és nem nyerte el azt, de amikor az intézet átköltözött Mv.-re (1945. őszén), itt folytatta rövid ideig tevékenységét (1946 máj.), majd több más nem román állampolgárságú egyetemi alkalmazottal együtt elhagyta az országot. <br /><strong>Irod.:</strong> Péter Mihály: A MOGYE Orvostörténeti tanszékének történetéről = Spielmann József orvostörténész emlékkönyve</br></p>

<p>Versec, 1902. dec. 26., † Sátoraljaújhely, 1949. júl. 10.: orvos, orvostörténész. – Középiskolai tanulmányait Szabadkán végezte, beiratkozott a bp.-i Kir. M. TE Orvosi karára (1920), Kv.-on ill. Szegeden folytatta tanulmányait és orvosi oklevelet Freiburg in Breisgauban (1935. okt.) nyert. Szegedre hívták be katonai szolgálatra (1938), Kv.-ra helyezték (1941), amikor leszerelt orvos-zászlós (1944. szept. 28.). Haynal [&hellip;]</p>
