{"id":5967,"date":"2025-06-28T17:35:43","date_gmt":"2025-06-28T15:35:43","guid":{"rendered":"https:\/\/uj.adatbank.ro\/lexikon\/termek\/csakany-antal\/"},"modified":"2025-06-28T17:35:43","modified_gmt":"2025-06-28T15:35:43","slug":"csakany-antal","status":"publish","type":"product","link":"https:\/\/uj.adatbank.ro\/lexikon\/termek\/csakany-antal\/","title":{"rendered":"CS\u00c1K\u00c1NY Antal"},"content":{"rendered":"<p>1831.?, \u2020 Mv., 1885. \u00e1pr. 5.: keresked\u0151. \u2013 Gyermekei: Cs. Adeod\u00e1t, r. k. f\u0151esperes; Katalin Z\u00e1hulik Gergelyn\u00e9; M\u00e1ria Dr\u00e1gom\u00e1n Izs\u00e1kn\u00e9; Anna Fl\u00f3ri\u00e1n Antaln\u00e9; Jo\u00e1chim, feles\u00e9ge Istv\u00e1nfi Anna. <br \/><strong>Irod.:<\/strong> Gy\u00e1szjelent\u0151<\/br><\/p>\n","protected":false},"excerpt":{"rendered":"<p>1831.?, \u2020 Mv., 1885. \u00e1pr. 5.: keresked\u0151. \u2013 Gyermekei: Cs. Adeod\u00e1t, r. k. f\u0151esperes; Katalin Z\u00e1hulik Gergelyn\u00e9; M\u00e1ria Dr\u00e1gom\u00e1n Izs\u00e1kn\u00e9; Anna Fl\u00f3ri\u00e1n Antaln\u00e9; Jo\u00e1chim, feles\u00e9ge Istv\u00e1nfi Anna. Irod.: Gy\u00e1szjelent\u0151<\/p>\n","protected":false},"featured_media":0,"comment_status":"open","ping_status":"closed","template":"","meta":[],"product_brand":[],"product_cat":[137],"product_tag":[],"class_list":{"0":"post-5967","1":"product","2":"type-product","3":"status-publish","5":"product_cat-maros-megyei-eletrajzi-lexikon","7":"first","8":"instock","9":"shipping-taxable","10":"product-type-simple"},"_links":{"self":[{"href":"https:\/\/uj.adatbank.ro\/lexikon\/wp-json\/wp\/v2\/product\/5967","targetHints":{"allow":["GET"]}}],"collection":[{"href":"https:\/\/uj.adatbank.ro\/lexikon\/wp-json\/wp\/v2\/product"}],"about":[{"href":"https:\/\/uj.adatbank.ro\/lexikon\/wp-json\/wp\/v2\/types\/product"}],"replies":[{"embeddable":true,"href":"https:\/\/uj.adatbank.ro\/lexikon\/wp-json\/wp\/v2\/comments?post=5967"}],"wp:attachment":[{"href":"https:\/\/uj.adatbank.ro\/lexikon\/wp-json\/wp\/v2\/media?parent=5967"}],"wp:term":[{"taxonomy":"product_brand","embeddable":true,"href":"https:\/\/uj.adatbank.ro\/lexikon\/wp-json\/wp\/v2\/product_brand?post=5967"},{"taxonomy":"product_cat","embeddable":true,"href":"https:\/\/uj.adatbank.ro\/lexikon\/wp-json\/wp\/v2\/product_cat?post=5967"},{"taxonomy":"product_tag","embeddable":true,"href":"https:\/\/uj.adatbank.ro\/lexikon\/wp-json\/wp\/v2\/product_tag?post=5967"}],"curies":[{"name":"wp","href":"https:\/\/api.w.org\/{rel}","templated":true}]}}