{"id":5976,"date":"2025-06-28T17:36:07","date_gmt":"2025-06-28T15:36:07","guid":{"rendered":"https:\/\/uj.adatbank.ro\/lexikon\/termek\/csaki-mihaly-chyaki-v-csaky-mhaly\/"},"modified":"2025-06-28T17:36:07","modified_gmt":"2025-06-28T15:36:07","slug":"csaki-mihaly-chyaki-v-csaky-mhaly","status":"publish","type":"product","link":"https:\/\/uj.adatbank.ro\/lexikon\/termek\/csaki-mihaly-chyaki-v-csaky-mhaly\/","title":{"rendered":"CS\u00c1KI Mih\u00e1ly, Chy\u00e1ki v. Cs\u00e1ky Mh\u00e1ly"},"content":{"rendered":"<p>1505., \u2020 1572. tavasz: kancell\u00e1r. \u2013 Testv\u00e9re: Mih\u00e1lyi Cs. Istv\u00e1n. \u2013 J\u00e1nos Zsigmond erd\u00e9lyi kancell\u00e1rja, el\u0151bb a fejedelem nevel\u0151je \u00e9s a kir\u00e1lyt\u00f3l kapta adom\u00e1nyk\u00e9nt a Maros sz\u00e9ki mez\u0151madarasi kir\u00e1lyi r\u00e9szj\u00f3sz\u00e1got, s \u00e1ltala testv\u00e9r\u00e9nek fia, G\u00e1bor \u00e9s le\u00e1nya Katalin \u00e9s \u00f6r\u00f6k\u00f6seik, kapt\u00e1k (Gyulafej\u00e9rv\u00e1rt, 1569. j\u00fal. 11.). Nagy vagyongy\u0171jt\u0151 volt, soha nem alap\u00edtott csal\u00e1dot, mindent rokonainak, unoka\u00f6ccsinek gy\u0171jt\u00f6tt \u00e9s hagyott. Csak Marossz\u00e9ken a kir\u00e1lyi jogokkal egy\u00fctt adom\u00e1nyozott s\u00e1msondi, mez\u0151madarasi uradalmak mellett m\u00e9g t\u00f6bb mint hetven falut adom\u00e1nyozott a hagyat\u00e9k\u00e1b\u00f3l. <br \/><strong>Irod.:<\/strong> Benk\u0151 K.: Mv.; Cs\u00e1ki Mih\u00e1ly (1492\u20131572) erd\u00e9lyi kancell\u00e1r sz\u00e1rmaz\u00e1s\u00e1r\u00f3l; Horn Ildik\u00f3: Erd\u00e9lyi unit. 16. sz.; SzOkl, 2<\/br><\/p>\n","protected":false},"excerpt":{"rendered":"<p>1505., \u2020 1572. tavasz: kancell\u00e1r. \u2013 Testv\u00e9re: Mih\u00e1lyi Cs. Istv\u00e1n. \u2013 J\u00e1nos Zsigmond erd\u00e9lyi kancell\u00e1rja, el\u0151bb a fejedelem nevel\u0151je \u00e9s a kir\u00e1lyt\u00f3l kapta adom\u00e1nyk\u00e9nt a Maros sz\u00e9ki mez\u0151madarasi kir\u00e1lyi r\u00e9szj\u00f3sz\u00e1got, s \u00e1ltala testv\u00e9r\u00e9nek fia, G\u00e1bor \u00e9s le\u00e1nya Katalin \u00e9s \u00f6r\u00f6k\u00f6seik, kapt\u00e1k (Gyulafej\u00e9rv\u00e1rt, 1569. j\u00fal. 11.). Nagy vagyongy\u0171jt\u0151 volt, soha nem alap\u00edtott csal\u00e1dot, mindent rokonainak, unoka\u00f6ccsinek [&hellip;]<\/p>\n","protected":false},"featured_media":0,"comment_status":"open","ping_status":"closed","template":"","meta":[],"product_brand":[],"product_cat":[137],"product_tag":[],"class_list":{"0":"post-5976","1":"product","2":"type-product","3":"status-publish","5":"product_cat-maros-megyei-eletrajzi-lexikon","7":"first","8":"instock","9":"shipping-taxable","10":"product-type-simple"},"_links":{"self":[{"href":"https:\/\/uj.adatbank.ro\/lexikon\/wp-json\/wp\/v2\/product\/5976","targetHints":{"allow":["GET"]}}],"collection":[{"href":"https:\/\/uj.adatbank.ro\/lexikon\/wp-json\/wp\/v2\/product"}],"about":[{"href":"https:\/\/uj.adatbank.ro\/lexikon\/wp-json\/wp\/v2\/types\/product"}],"replies":[{"embeddable":true,"href":"https:\/\/uj.adatbank.ro\/lexikon\/wp-json\/wp\/v2\/comments?post=5976"}],"wp:attachment":[{"href":"https:\/\/uj.adatbank.ro\/lexikon\/wp-json\/wp\/v2\/media?parent=5976"}],"wp:term":[{"taxonomy":"product_brand","embeddable":true,"href":"https:\/\/uj.adatbank.ro\/lexikon\/wp-json\/wp\/v2\/product_brand?post=5976"},{"taxonomy":"product_cat","embeddable":true,"href":"https:\/\/uj.adatbank.ro\/lexikon\/wp-json\/wp\/v2\/product_cat?post=5976"},{"taxonomy":"product_tag","embeddable":true,"href":"https:\/\/uj.adatbank.ro\/lexikon\/wp-json\/wp\/v2\/product_tag?post=5976"}],"curies":[{"name":"wp","href":"https:\/\/api.w.org\/{rel}","templated":true}]}}

CSÁKI Mihály, Chyáki v. Csáky Mhály

<p>1505., † 1572. tavasz: kancellár. – Testvére: Mihályi Cs. István. – János Zsigmond erdélyi kancellárja, előbb a fejedelem nevelője és a királytól kapta adományként a Maros széki mezőmadarasi királyi részjószágot, s általa testvérének fia, Gábor és leánya Katalin és örököseik, kapták (Gyulafejérvárt, 1569. júl. 11.). Nagy vagyongyűjtő volt, soha nem alapított családot, mindent rokonainak, unokaöccsinek gyűjtött és hagyott. Csak Marosszéken a királyi jogokkal együtt adományozott sámsondi, mezőmadarasi uradalmak mellett még több mint hetven falut adományozott a hagyatékából. <br /><strong>Irod.:</strong> Benkő K.: Mv.; Csáki Mihály (1492–1572) erdélyi kancellár származásáról; Horn Ildikó: Erdélyi unit. 16. sz.; SzOkl, 2</br></p>

<p>1505., † 1572. tavasz: kancellár. – Testvére: Mihályi Cs. István. – János Zsigmond erdélyi kancellárja, előbb a fejedelem nevelője és a királytól kapta adományként a Maros széki mezőmadarasi királyi részjószágot, s általa testvérének fia, Gábor és leánya Katalin és örököseik, kapták (Gyulafejérvárt, 1569. júl. 11.). Nagy vagyongyűjtő volt, soha nem alapított családot, mindent rokonainak, unokaöccsinek [&hellip;]</p>
