{"id":5978,"date":"2025-06-28T17:36:10","date_gmt":"2025-06-28T15:36:10","guid":{"rendered":"https:\/\/uj.adatbank.ro\/lexikon\/termek\/csaky-benjamin-ozseb\/"},"modified":"2025-06-28T17:36:10","modified_gmt":"2025-06-28T15:36:10","slug":"csaky-benjamin-ozseb","status":"publish","type":"product","link":"https:\/\/uj.adatbank.ro\/lexikon\/termek\/csaky-benjamin-ozseb\/","title":{"rendered":"CS\u00c1KY Benjamin \u00d6zs\u00e9b"},"content":{"rendered":"<p>Baranyaszenterzs\u00e9bet, 1883. m\u00e1rc. 1., \u2020\u00a0?: minorita szerzetes. \u2013 Mint v\u00e9gzett teol\u00f3gus Mv.-en \u00f6lt\u00f6tte fel a rendi ruh\u00e1t (1905. szept. 8.) \u00e9s \u00fcnnepi fogadalmat tett (1908. j\u00fan. 29.), papp\u00e1 szentelt\u00e9k Bp.-en (1908. j\u00fal. 6). A kv.-i egytemen m. \u00e9s latin nyelvb\u0151l szerzett diplom\u00e1t. H\u00e1zf\u0151n\u00f6k \u00e9s tan\u00edtott Mv.-en (1914. okt. 17. -: ?). Nagyb\u00e1ny\u00e1n, Nyirb\u00e1torban. A rendtartom\u00e1ny sz\u00e9tszak\u00edt\u00e1sa ut\u00e1n a p\u00e9csi egyh\u00e1zmegy\u00e9ben tev\u00e9kenykedett. Cikkeit k\u00f6z\u00f6lte a Nyirb\u00e1tori gimn\u00e1ziumi \u00e9rtes\u00edt\u0151, Egyh\u00e1zi K\u00f6zl\u00f6ny. <br \/><strong>Irod.:<\/strong> Ferenczi S\u00e1ndor 2012; Maros megyei t\u00f6rt.; Monay: magyaro.-i \u00e9s erd\u00e9lyi minorit\u00e1k<\/br><\/p>\n","protected":false},"excerpt":{"rendered":"<p>Baranyaszenterzs\u00e9bet, 1883. m\u00e1rc. 1., \u2020\u00a0?: minorita szerzetes. \u2013 Mint v\u00e9gzett teol\u00f3gus Mv.-en \u00f6lt\u00f6tte fel a rendi ruh\u00e1t (1905. szept. 8.) \u00e9s \u00fcnnepi fogadalmat tett (1908. j\u00fan. 29.), papp\u00e1 szentelt\u00e9k Bp.-en (1908. j\u00fal. 6). A kv.-i egytemen m. \u00e9s latin nyelvb\u0151l szerzett diplom\u00e1t. H\u00e1zf\u0151n\u00f6k \u00e9s tan\u00edtott Mv.-en (1914. okt. 17. -: ?). Nagyb\u00e1ny\u00e1n, Nyirb\u00e1torban. A rendtartom\u00e1ny [&hellip;]<\/p>\n","protected":false},"featured_media":0,"comment_status":"open","ping_status":"closed","template":"","meta":[],"product_brand":[],"product_cat":[137],"product_tag":[],"class_list":{"0":"post-5978","1":"product","2":"type-product","3":"status-publish","5":"product_cat-maros-megyei-eletrajzi-lexikon","7":"first","8":"instock","9":"shipping-taxable","10":"product-type-simple"},"_links":{"self":[{"href":"https:\/\/uj.adatbank.ro\/lexikon\/wp-json\/wp\/v2\/product\/5978","targetHints":{"allow":["GET"]}}],"collection":[{"href":"https:\/\/uj.adatbank.ro\/lexikon\/wp-json\/wp\/v2\/product"}],"about":[{"href":"https:\/\/uj.adatbank.ro\/lexikon\/wp-json\/wp\/v2\/types\/product"}],"replies":[{"embeddable":true,"href":"https:\/\/uj.adatbank.ro\/lexikon\/wp-json\/wp\/v2\/comments?post=5978"}],"wp:attachment":[{"href":"https:\/\/uj.adatbank.ro\/lexikon\/wp-json\/wp\/v2\/media?parent=5978"}],"wp:term":[{"taxonomy":"product_brand","embeddable":true,"href":"https:\/\/uj.adatbank.ro\/lexikon\/wp-json\/wp\/v2\/product_brand?post=5978"},{"taxonomy":"product_cat","embeddable":true,"href":"https:\/\/uj.adatbank.ro\/lexikon\/wp-json\/wp\/v2\/product_cat?post=5978"},{"taxonomy":"product_tag","embeddable":true,"href":"https:\/\/uj.adatbank.ro\/lexikon\/wp-json\/wp\/v2\/product_tag?post=5978"}],"curies":[{"name":"wp","href":"https:\/\/api.w.org\/{rel}","templated":true}]}}

CSÁKY Benjamin Özséb

<p>Baranyaszenterzsébet, 1883. márc. 1., † ?: minorita szerzetes. – Mint végzett teológus Mv.-en öltötte fel a rendi ruhát (1905. szept. 8.) és ünnepi fogadalmat tett (1908. jún. 29.), pappá szentelték Bp.-en (1908. júl. 6). A kv.-i egytemen m. és latin nyelvből szerzett diplomát. Házfőnök és tanított Mv.-en (1914. okt. 17. -: ?). Nagybányán, Nyirbátorban. A rendtartomány szétszakítása után a pécsi egyházmegyében tevékenykedett. Cikkeit közölte a Nyirbátori gimnáziumi értesítő, Egyházi Közlöny. <br /><strong>Irod.:</strong> Ferenczi Sándor 2012; Maros megyei tört.; Monay: magyaro.-i és erdélyi minoriták</br></p>

<p>Baranyaszenterzsébet, 1883. márc. 1., † ?: minorita szerzetes. – Mint végzett teológus Mv.-en öltötte fel a rendi ruhát (1905. szept. 8.) és ünnepi fogadalmat tett (1908. jún. 29.), pappá szentelték Bp.-en (1908. júl. 6). A kv.-i egytemen m. és latin nyelvből szerzett diplomát. Házfőnök és tanított Mv.-en (1914. okt. 17. -: ?). Nagybányán, Nyirbátorban. A rendtartomány [&hellip;]</p>
