{"id":5979,"date":"2025-06-28T17:36:12","date_gmt":"2025-06-28T15:36:12","guid":{"rendered":"https:\/\/uj.adatbank.ro\/lexikon\/termek\/csaky-gabor-korosszegi-es-adorjani-gr\/"},"modified":"2025-06-28T17:36:12","modified_gmt":"2025-06-28T15:36:12","slug":"csaky-gabor-korosszegi-es-adorjani-gr","status":"publish","type":"product","link":"https:\/\/uj.adatbank.ro\/lexikon\/termek\/csaky-gabor-korosszegi-es-adorjani-gr\/","title":{"rendered":"CS\u00c1KY G\u00e1bor, k\u0151r\u00f6sszegi \u00e9s adorj\u00e1ni gr"},"content":{"rendered":"<p>1662., \u2020\u00a0?: f\u00f6ldbirtokos. \u2013 Cs. L\u00e1szl\u00f3 (1641\u20131698) az erd\u00e9lyi \u00e1g megalap\u00edt\u00f3ja \u00e9s k\u0151r\u00f6spataki K\u00e1lnoky Kata fia. Feles\u00e9ge r\u00e1t\u00f3ti Gyulaffy Zs\u00f3fia. Gyermekei: Ferenc, Boris, Zsuzsa (\u2020 1715), sz\u00e1rhegyi L\u00e1z\u00e1r Ferenc (1675\u20131742)feles\u00e9ge. \u2013 Feles\u00e9ge sz\u00fcleit\u0151l \u00f6r\u00f6k\u00f6lt\u00e9k a szentdemeteri kast\u00e9lyt, ott is laktak. A kast\u00e9ly egyik helyis\u00e9g\u00e9t k\u00e1poln\u00e1v\u00e1 alak\u00edtotta (1656). A kast\u00e9ly ma m\u00e1r nincs meg. <br \/><strong>Irod.:<\/strong> D\u00e1vid L\u00e1szl\u00f3: Udvarhelysz\u00e9k m\u0171v\u00e9szeti eml\u00e9kei (Buk., 1981); Keresztes Gyula 1995; Papp Kl\u00e1ra<\/br><\/p>\n","protected":false},"excerpt":{"rendered":"<p>1662., \u2020\u00a0?: f\u00f6ldbirtokos. \u2013 Cs. L\u00e1szl\u00f3 (1641\u20131698) az erd\u00e9lyi \u00e1g megalap\u00edt\u00f3ja \u00e9s k\u0151r\u00f6spataki K\u00e1lnoky Kata fia. Feles\u00e9ge r\u00e1t\u00f3ti Gyulaffy Zs\u00f3fia. Gyermekei: Ferenc, Boris, Zsuzsa (\u2020 1715), sz\u00e1rhegyi L\u00e1z\u00e1r Ferenc (1675\u20131742)feles\u00e9ge. \u2013 Feles\u00e9ge sz\u00fcleit\u0151l \u00f6r\u00f6k\u00f6lt\u00e9k a szentdemeteri kast\u00e9lyt, ott is laktak. A kast\u00e9ly egyik helyis\u00e9g\u00e9t k\u00e1poln\u00e1v\u00e1 alak\u00edtotta (1656). A kast\u00e9ly ma m\u00e1r nincs meg. Irod.: D\u00e1vid [&hellip;]<\/p>\n","protected":false},"featured_media":0,"comment_status":"open","ping_status":"closed","template":"","meta":[],"product_brand":[],"product_cat":[137],"product_tag":[],"class_list":{"0":"post-5979","1":"product","2":"type-product","3":"status-publish","5":"product_cat-maros-megyei-eletrajzi-lexikon","7":"first","8":"instock","9":"shipping-taxable","10":"product-type-simple"},"_links":{"self":[{"href":"https:\/\/uj.adatbank.ro\/lexikon\/wp-json\/wp\/v2\/product\/5979","targetHints":{"allow":["GET"]}}],"collection":[{"href":"https:\/\/uj.adatbank.ro\/lexikon\/wp-json\/wp\/v2\/product"}],"about":[{"href":"https:\/\/uj.adatbank.ro\/lexikon\/wp-json\/wp\/v2\/types\/product"}],"replies":[{"embeddable":true,"href":"https:\/\/uj.adatbank.ro\/lexikon\/wp-json\/wp\/v2\/comments?post=5979"}],"wp:attachment":[{"href":"https:\/\/uj.adatbank.ro\/lexikon\/wp-json\/wp\/v2\/media?parent=5979"}],"wp:term":[{"taxonomy":"product_brand","embeddable":true,"href":"https:\/\/uj.adatbank.ro\/lexikon\/wp-json\/wp\/v2\/product_brand?post=5979"},{"taxonomy":"product_cat","embeddable":true,"href":"https:\/\/uj.adatbank.ro\/lexikon\/wp-json\/wp\/v2\/product_cat?post=5979"},{"taxonomy":"product_tag","embeddable":true,"href":"https:\/\/uj.adatbank.ro\/lexikon\/wp-json\/wp\/v2\/product_tag?post=5979"}],"curies":[{"name":"wp","href":"https:\/\/api.w.org\/{rel}","templated":true}]}}

CSÁKY Gábor, kőrösszegi és adorjáni gr

<p>1662., † ?: földbirtokos. – Cs. László (1641–1698) az erdélyi ág megalapítója és kőröspataki Kálnoky Kata fia. Felesége rátóti Gyulaffy Zsófia. Gyermekei: Ferenc, Boris, Zsuzsa († 1715), szárhegyi Lázár Ferenc (1675–1742)felesége. – Felesége szüleitől örökölték a szentdemeteri kastélyt, ott is laktak. A kastély egyik helyiségét kápolnává alakította (1656). A kastély ma már nincs meg. <br /><strong>Irod.:</strong> Dávid László: Udvarhelyszék művészeti emlékei (Buk., 1981); Keresztes Gyula 1995; Papp Klára</br></p>

<p>1662., † ?: földbirtokos. – Cs. László (1641–1698) az erdélyi ág megalapítója és kőröspataki Kálnoky Kata fia. Felesége rátóti Gyulaffy Zsófia. Gyermekei: Ferenc, Boris, Zsuzsa († 1715), szárhegyi Lázár Ferenc (1675–1742)felesége. – Felesége szüleitől örökölték a szentdemeteri kastélyt, ott is laktak. A kastély egyik helyiségét kápolnává alakította (1656). A kastély ma már nincs meg. Irod.: Dávid [&hellip;]</p>
