{"id":5980,"date":"2025-06-28T17:36:17","date_gmt":"2025-06-28T15:36:17","guid":{"rendered":"https:\/\/uj.adatbank.ro\/lexikon\/termek\/csaky-istvan\/"},"modified":"2025-06-28T17:36:17","modified_gmt":"2025-06-28T15:36:17","slug":"csaky-istvan","status":"publish","type":"product","link":"https:\/\/uj.adatbank.ro\/lexikon\/termek\/csaky-istvan\/","title":{"rendered":"CS\u00c1KY Istv\u00e1n"},"content":{"rendered":"<p>1492. k., \u2020\u00a01572 tavasz: rom. kat. p\u00fcsp\u00f6k. \u2013 K\u00f6znemesi csal\u00e1db\u00f3l sz\u00e1rmazott. Apja Cs. Istv\u00e1n. \u2013 A krakk\u00f3i egyetemen tanult (1521\u201325), Izabella kir\u00e1lyn\u0151 titk\u00e1ra, a gyulafeh\u00e9rv\u00e1ri k\u00e1ptalanban kanonok (1530\u201339 k.), p\u00fcsp\u00f6khelyettes \u00e9s krasznai f\u0151esperes (1543\u2013), p\u00fcsp\u00f6ki vik\u00e1rius (1545\u2013), a hunyadi egyh\u00e1zmegye esperese (1549\u2013). K\u00f6zjogi m\u00e9lt\u00f3s\u00e1ga: Fr\u00e1ter Gy\u00f6rgy mellett m\u0171k\u00f6d\u0151 tizenk\u00e9t tag\u00fa tan\u00e1cs tagja (1548\u2013). A luter\u00e1nus egyh\u00e1z h\u00edve lett (1543 k.) \u00e9s az ev. egyh\u00e1z egyik fontos patr\u00f3nusa. J\u00e1nos Zsigmond nevel\u0151je. L\u00e9trehozta, megszervezte \u00e9s kancell\u00e1rk\u00e9nt ir\u00e1ny\u00edtotta a fejedelmi kancell\u00e1ri\u00e1t (1556. nov. \u2013). J\u00e1nos Zsigmond mellett is tan\u00e1csad\u00f3 \u00e9s kancell\u00e1r volt. Hatalmas birtokot gy\u0171jt\u00f6tt, Marossz\u00e9ken a kir. jogokkal egy\u00fctt adom\u00e1nyozott s\u00e1msondi, mez\u0151madarasi uradalmait, t\u00f6bb mint hetven falut unoka\u00f6ccseire hagyta. <br \/><strong>Irod.:<\/strong> Horn Ildik\u00f3: Erd\u00e9lyi unit. 16. sz.<\/br><\/p>\n","protected":false},"excerpt":{"rendered":"<p>1492. k., \u2020\u00a01572 tavasz: rom. kat. p\u00fcsp\u00f6k. \u2013 K\u00f6znemesi csal\u00e1db\u00f3l sz\u00e1rmazott. Apja Cs. Istv\u00e1n. \u2013 A krakk\u00f3i egyetemen tanult (1521\u201325), Izabella kir\u00e1lyn\u0151 titk\u00e1ra, a gyulafeh\u00e9rv\u00e1ri k\u00e1ptalanban kanonok (1530\u201339 k.), p\u00fcsp\u00f6khelyettes \u00e9s krasznai f\u0151esperes (1543\u2013), p\u00fcsp\u00f6ki vik\u00e1rius (1545\u2013), a hunyadi egyh\u00e1zmegye esperese (1549\u2013). K\u00f6zjogi m\u00e9lt\u00f3s\u00e1ga: Fr\u00e1ter Gy\u00f6rgy mellett m\u0171k\u00f6d\u0151 tizenk\u00e9t tag\u00fa tan\u00e1cs tagja (1548\u2013). A luter\u00e1nus [&hellip;]<\/p>\n","protected":false},"featured_media":0,"comment_status":"open","ping_status":"closed","template":"","meta":[],"product_brand":[],"product_cat":[137],"product_tag":[],"class_list":{"0":"post-5980","1":"product","2":"type-product","3":"status-publish","5":"product_cat-maros-megyei-eletrajzi-lexikon","7":"first","8":"instock","9":"shipping-taxable","10":"product-type-simple"},"_links":{"self":[{"href":"https:\/\/uj.adatbank.ro\/lexikon\/wp-json\/wp\/v2\/product\/5980","targetHints":{"allow":["GET"]}}],"collection":[{"href":"https:\/\/uj.adatbank.ro\/lexikon\/wp-json\/wp\/v2\/product"}],"about":[{"href":"https:\/\/uj.adatbank.ro\/lexikon\/wp-json\/wp\/v2\/types\/product"}],"replies":[{"embeddable":true,"href":"https:\/\/uj.adatbank.ro\/lexikon\/wp-json\/wp\/v2\/comments?post=5980"}],"wp:attachment":[{"href":"https:\/\/uj.adatbank.ro\/lexikon\/wp-json\/wp\/v2\/media?parent=5980"}],"wp:term":[{"taxonomy":"product_brand","embeddable":true,"href":"https:\/\/uj.adatbank.ro\/lexikon\/wp-json\/wp\/v2\/product_brand?post=5980"},{"taxonomy":"product_cat","embeddable":true,"href":"https:\/\/uj.adatbank.ro\/lexikon\/wp-json\/wp\/v2\/product_cat?post=5980"},{"taxonomy":"product_tag","embeddable":true,"href":"https:\/\/uj.adatbank.ro\/lexikon\/wp-json\/wp\/v2\/product_tag?post=5980"}],"curies":[{"name":"wp","href":"https:\/\/api.w.org\/{rel}","templated":true}]}}

CSÁKY István

<p>1492. k., † 1572 tavasz: rom. kat. püspök. – Köznemesi családból származott. Apja Cs. István. – A krakkói egyetemen tanult (1521–25), Izabella királynő titkára, a gyulafehérvári káptalanban kanonok (1530–39 k.), püspökhelyettes és krasznai főesperes (1543–), püspöki vikárius (1545–), a hunyadi egyházmegye esperese (1549–). Közjogi méltósága: Fráter György mellett működő tizenkét tagú tanács tagja (1548–). A luteránus egyház híve lett (1543 k.) és az ev. egyház egyik fontos patrónusa. János Zsigmond nevelője. Létrehozta, megszervezte és kancellárként irányította a fejedelmi kancelláriát (1556. nov. –). János Zsigmond mellett is tanácsadó és kancellár volt. Hatalmas birtokot gyűjtött, Marosszéken a kir. jogokkal együtt adományozott sámsondi, mezőmadarasi uradalmait, több mint hetven falut unokaöccseire hagyta. <br /><strong>Irod.:</strong> Horn Ildikó: Erdélyi unit. 16. sz.</br></p>

<p>1492. k., † 1572 tavasz: rom. kat. püspök. – Köznemesi családból származott. Apja Cs. István. – A krakkói egyetemen tanult (1521–25), Izabella királynő titkára, a gyulafehérvári káptalanban kanonok (1530–39 k.), püspökhelyettes és krasznai főesperes (1543–), püspöki vikárius (1545–), a hunyadi egyházmegye esperese (1549–). Közjogi méltósága: Fráter György mellett működő tizenkét tagú tanács tagja (1548–). A luteránus [&hellip;]</p>
