{"id":5981,"date":"2025-06-28T17:36:22","date_gmt":"2025-06-28T15:36:22","guid":{"rendered":"https:\/\/uj.adatbank.ro\/lexikon\/termek\/csaky-istvan-%c2%a7-korosszeghi-es-adorjani-gr\/"},"modified":"2025-06-28T17:36:22","modified_gmt":"2025-06-28T15:36:22","slug":"csaky-istvan-%c2%a7-korosszeghi-es-adorjani-gr","status":"publish","type":"product","link":"https:\/\/uj.adatbank.ro\/lexikon\/termek\/csaky-istvan-%c2%a7-korosszeghi-es-adorjani-gr\/","title":{"rendered":"CS\u00c1KY Istv\u00e1n, \u00a7 k\u00f6r\u00f6sszeghi \u00e9s adorj\u00e1ni gr."},"content":{"rendered":"<p>Segesv\u00e1r, 1894. j\u00fal. 18., \u2020 Bp., 1941. jan. 27.: politikus, diplomata, k\u00fcl\u00fcgyminiszter. \u2013 Apja csend\u0151r\u0151rnagy Bp.-en. \u2013 Tanulm\u00e1nyait a debreceni Szvetlics Int\u00e9zetben, a bp.-i Ferenc J\u00f3zsef Int\u00e9zetben \u00e9s n\u00e9mi megszak\u00edt\u00e1ssal a b\u00e9csi Konzuli Akad. Dipl. Kar\u00e1n v\u00e9gezte (1913\u201319), k\u00e9s\u0151bb a bp.-i egy.-en \u00e1llamtud, doktori oklevelet szerzett. Az I. vh. kit\u00f6r\u00e9sekor Rouen-ban tart\u00f3zkodott, mint ellens\u00e9ges orsz\u00e1g \u00e1llampolg\u00e1r\u00e1t a francia hat\u00f3s\u00e1gok intern\u00e1lt\u00e1k (1914. aug. \u2013 1917) Ile de Seinen, ott tanult meg rom\u00e1nul \u00e9s bolg\u00e1rul; egy francia orvos seg\u00edts\u00e9g\u00e9vel, mint beteg Sv\u00e1jcba ker\u00fclt Lausanneban beiratkozott a jogra, majd St. Gallenban elv\u00e9gezte a keresk. Akad. -t. (1917\u201318); a forradalmak idej\u00e9n B\u00e9csben volt apj\u00e1n\u00e1l, ahol sikeresen elv\u00e9gezte a konzuli akad\u00e9mi\u00e1t. (1918\u201319). Diplom\u00e1ciai p\u00e1ly\u00e1j\u00e1t a K\u00fcl\u00fcgymin.-ban mint attas\u00e9 kezdte (1919\u2013), a m. deleg\u00e1ci\u00f3 titk\u00e1rak\u00e9nt r\u00e9szt vett a p\u00e1rizsi b\u00e9ket\u00e1rgyal\u00e1sokon (1920\u2013); a vatik\u00e1ni (1921\u201323), majd a buk.-i m. k\u00f6vets\u00e9g titk\u00e1ra (1924\u201326), a K\u00fcl\u00fcgymin, sajt\u00f3oszt\u00e1ly\u00e1nak h. vezet\u0151je (1927\u201330), vezet\u0151je (1930\u201333). Madridi \u00e9s lisszaboni nagyk\u00f6vet (1933- 35). K\u00e1nya K\u00e1lm\u00e1n k\u00fcl\u00fcgymin. kabinetf\u0151n\u00f6ke (1935\u201338), ott volt a m\u00fcncheni n\u00e9gyhatalmi \u00e9rtekezleten (1938. szept. 29\u201330.) \u00e9s a Felvid\u00e9k D-i r\u00e9sz\u00e9t visszacsatol\u00f3 els\u0151 b\u00e9csi d\u00f6nt\u00e9s (1938. nov. 2.) kihirdet\u00e9sekor. Imr\u00e9dy B\u00e9la, majd gr. Teleki P\u00e1l korm\u00e1ny\u00e1ban k\u00fcl\u00fcgymin. (1938. dec. -t\u0151l hal\u00e1l\u00e1ig), egy\u00fattal korm\u00e1nyp\u00e1rti programmal ogy. k\u00e9pvisel\u0151 is (1939\u2013). Hivatali ideje alatt csatolt\u00e1k vissza Mo.-hoz K\u00e1rp\u00e1talj\u00e1t (1939. m\u00e1rc.), a II. b\u00e9csi d\u00f6nt\u00e9ssel (1940. aug. 30.) \u00c9szak-Erd\u00e9lyt. Ennek fej\u00e9ben azonban Mo. kil\u00e9pett a Nemzetek Sz\u00f6v.-\u00e9b\u0151l (1939. \u00e1pr. 11.), csatlakozott az antikomintern paktumhoz (1939. febr. 24.) \u00e9s a h\u00e1romhatalmi egyezm\u00e9nyhez (1940. nov. 20.), ezzel egyre jobban elk\u00f6telezte mag\u00e1t a hitleri N\u00e9meto. mellett. Al\u00e1\u00edrta a m. -jugoszl\u00e1v &#8222;\u00f6r\u00f6k bar\u00e1ts\u00e1gi&#8221; szerz\u0151d\u00e9st (1940. dec. 12.). Nagy felt\u0171n\u00e9st keltettek miniszteri besz\u00e9dei. Cikkei jelentek meg a m. \u00e9s k\u00fclf\u00f6ldi sajt\u00f3ban. Mv.-en utca viselte a nev\u00e9t (1941\u20131995). <strong>F. m.:<\/strong> Utaz\u00e1s a jegestengerre (Szigetv\u00e1r, 1905); La question ruth\u00e9ne (Bp. -P\u00e1rizs, 1920); The Resposibility of the Hung. nation in the war (Bp., 1921); A boszork\u00e1ny. Megeleven\u00fclt korrajz, mely \u00f6nmag\u00e1t magyar\u00e1zza (Bp., 1922), el\u0151sz\u00f3: K\u00e9k k\u00f6nyv (Bp., 1939). <br \/><strong>Irod.:<\/strong> Gudenus; Guly\u00e1s; Ki kicsoda a m. t\u00f6rt\u00e9nelemben; M\u00c9L; MNL; R\u00daL; Szab\u00f3\u2013Simon\u2013Sz\u00f6gi; \u00daM\u00c9L; Vigh<\/br><\/p>\n","protected":false},"excerpt":{"rendered":"<p>Segesv\u00e1r, 1894. j\u00fal. 18., \u2020 Bp., 1941. jan. 27.: politikus, diplomata, k\u00fcl\u00fcgyminiszter. \u2013 Apja csend\u0151r\u0151rnagy Bp.-en. \u2013 Tanulm\u00e1nyait a debreceni Szvetlics Int\u00e9zetben, a bp.-i Ferenc J\u00f3zsef Int\u00e9zetben \u00e9s n\u00e9mi megszak\u00edt\u00e1ssal a b\u00e9csi Konzuli Akad. Dipl. Kar\u00e1n v\u00e9gezte (1913\u201319), k\u00e9s\u0151bb a bp.-i egy.-en \u00e1llamtud, doktori oklevelet szerzett. Az I. vh. kit\u00f6r\u00e9sekor Rouen-ban tart\u00f3zkodott, mint ellens\u00e9ges orsz\u00e1g [&hellip;]<\/p>\n","protected":false},"featured_media":0,"comment_status":"open","ping_status":"closed","template":"","meta":[],"product_brand":[],"product_cat":[137],"product_tag":[],"class_list":{"0":"post-5981","1":"product","2":"type-product","3":"status-publish","5":"product_cat-maros-megyei-eletrajzi-lexikon","7":"first","8":"instock","9":"shipping-taxable","10":"product-type-simple"},"_links":{"self":[{"href":"https:\/\/uj.adatbank.ro\/lexikon\/wp-json\/wp\/v2\/product\/5981","targetHints":{"allow":["GET"]}}],"collection":[{"href":"https:\/\/uj.adatbank.ro\/lexikon\/wp-json\/wp\/v2\/product"}],"about":[{"href":"https:\/\/uj.adatbank.ro\/lexikon\/wp-json\/wp\/v2\/types\/product"}],"replies":[{"embeddable":true,"href":"https:\/\/uj.adatbank.ro\/lexikon\/wp-json\/wp\/v2\/comments?post=5981"}],"wp:attachment":[{"href":"https:\/\/uj.adatbank.ro\/lexikon\/wp-json\/wp\/v2\/media?parent=5981"}],"wp:term":[{"taxonomy":"product_brand","embeddable":true,"href":"https:\/\/uj.adatbank.ro\/lexikon\/wp-json\/wp\/v2\/product_brand?post=5981"},{"taxonomy":"product_cat","embeddable":true,"href":"https:\/\/uj.adatbank.ro\/lexikon\/wp-json\/wp\/v2\/product_cat?post=5981"},{"taxonomy":"product_tag","embeddable":true,"href":"https:\/\/uj.adatbank.ro\/lexikon\/wp-json\/wp\/v2\/product_tag?post=5981"}],"curies":[{"name":"wp","href":"https:\/\/api.w.org\/{rel}","templated":true}]}}

CSÁKY István, § körösszeghi és adorjáni gr.

<p>Segesvár, 1894. júl. 18., † Bp., 1941. jan. 27.: politikus, diplomata, külügyminiszter. – Apja csendőrőrnagy Bp.-en. – Tanulmányait a debreceni Szvetlics Intézetben, a bp.-i Ferenc József Intézetben és némi megszakítással a bécsi Konzuli Akad. Dipl. Karán végezte (1913–19), később a bp.-i egy.-en államtud, doktori oklevelet szerzett. Az I. vh. kitörésekor Rouen-ban tartózkodott, mint ellenséges ország állampolgárát a francia hatóságok internálták (1914. aug. – 1917) Ile de Seinen, ott tanult meg románul és bolgárul; egy francia orvos segítségével, mint beteg Svájcba került Lausanneban beiratkozott a jogra, majd St. Gallenban elvégezte a keresk. Akad. -t. (1917–18); a forradalmak idején Bécsben volt apjánál, ahol sikeresen elvégezte a konzuli akadémiát. (1918–19). Diplomáciai pályáját a Külügymin.-ban mint attasé kezdte (1919–), a m. delegáció titkáraként részt vett a párizsi béketárgyalásokon (1920–); a vatikáni (1921–23), majd a buk.-i m. követség titkára (1924–26), a Külügymin, sajtóosztályának h. vezetője (1927–30), vezetője (1930–33). Madridi és lisszaboni nagykövet (1933- 35). Kánya Kálmán külügymin. kabinetfőnöke (1935–38), ott volt a müncheni négyhatalmi értekezleten (1938. szept. 29–30.) és a Felvidék D-i részét visszacsatoló első bécsi döntés (1938. nov. 2.) kihirdetésekor. Imrédy Béla, majd gr. Teleki Pál kormányában külügymin. (1938. dec. -től haláláig), egyúttal kormánypárti programmal ogy. képviselő is (1939–). Hivatali ideje alatt csatolták vissza Mo.-hoz Kárpátalját (1939. márc.), a II. bécsi döntéssel (1940. aug. 30.) Észak-Erdélyt. Ennek fejében azonban Mo. kilépett a Nemzetek Szöv.-éből (1939. ápr. 11.), csatlakozott az antikomintern paktumhoz (1939. febr. 24.) és a háromhatalmi egyezményhez (1940. nov. 20.), ezzel egyre jobban elkötelezte magát a hitleri Németo. mellett. Aláírta a m. -jugoszláv &#8222;örök barátsági&#8221; szerződést (1940. dec. 12.). Nagy feltűnést keltettek miniszteri beszédei. Cikkei jelentek meg a m. és külföldi sajtóban. Mv.-en utca viselte a nevét (1941–1995). <strong>F. m.:</strong> Utazás a jegestengerre (Szigetvár, 1905); La question ruthéne (Bp. -Párizs, 1920); The Resposibility of the Hung. nation in the war (Bp., 1921); A boszorkány. Megelevenült korrajz, mely önmagát magyarázza (Bp., 1922), előszó: Kék könyv (Bp., 1939). <br /><strong>Irod.:</strong> Gudenus; Gulyás; Ki kicsoda a m. történelemben; MÉL; MNL; RÚL; Szabó–Simon–Szögi; ÚMÉL; Vigh</br></p>

<p>Segesvár, 1894. júl. 18., † Bp., 1941. jan. 27.: politikus, diplomata, külügyminiszter. – Apja csendőrőrnagy Bp.-en. – Tanulmányait a debreceni Szvetlics Intézetben, a bp.-i Ferenc József Intézetben és némi megszakítással a bécsi Konzuli Akad. Dipl. Karán végezte (1913–19), később a bp.-i egy.-en államtud, doktori oklevelet szerzett. Az I. vh. kitörésekor Rouen-ban tartózkodott, mint ellenséges ország [&hellip;]</p>
