{"id":5982,"date":"2025-06-28T17:36:27","date_gmt":"2025-06-28T15:36:27","guid":{"rendered":"https:\/\/uj.adatbank.ro\/lexikon\/termek\/csaky-istvan-korosszegi-es-adorjani-gr\/"},"modified":"2025-06-28T17:36:27","modified_gmt":"2025-06-28T15:36:27","slug":"csaky-istvan-korosszegi-es-adorjani-gr","status":"publish","type":"product","link":"https:\/\/uj.adatbank.ro\/lexikon\/termek\/csaky-istvan-korosszegi-es-adorjani-gr\/","title":{"rendered":"CS\u00c1KY Istv\u00e1n, k\u0151r\u00f6sszegi \u00e9s adorj\u00e1ni gr."},"content":{"rendered":"<p>1570., \u2020\u00a0Medgyes, 1606 v. 1605. szept., temetve Szal\u00e1rdon: az erd\u00e9lyi hadak f\u0151gener\u00e1lisa. \u2013 Cs. L\u00e1szl\u00f3 \u00e9s gyarmati Balassa Zs\u00f3fia fia. Feles\u00e9ge: Wessel\u00e9nyi Anna (Krakk\u00f3, 1584. -Krakk\u00f3, 1649. j\u00fal. 5. \u2013 1650. j\u00fan. 29. k\u00f6z\u00f6tt), aki k\u00f6zel \u00f6tven \u00e9vig volt \u00f6zvegy. Gyermekeik: Anna (1601\u20131673), ap\u00e1ca a pozsonyi klarissza rendh\u00e1z f\u0151n\u00f6ke; Istv\u00e1n (1603\u20131662), f\u0151t\u00e1rnokmester; Adorj\u00e1n, Egeres \u00f6r\u00f6k\u00f6se; Krisztina (1604); L\u00e1szl\u00f3 (1605- 1655) kir. tan\u00e1csos kamar\u00e1s, Kom\u00e1rom \u00e9s Zolyom f\u0151isp\u00e1nja, orsz\u00e1gb\u00edr\u00f3. \u2013 B\u00e1thori Zsigmond majd Andr\u00e1s h\u00edve, r\u00e9szt vett a Schellenbergi csat\u00e1ban (1599). B\u00e1thori Andr\u00e1s hal\u00e1la ut\u00e1n Mih\u00e1j vajd\u00e1t\u00f3l nyert birtokadom\u00e1nyokat visszakapta Adorj\u00e1nt \u00e9s megkapta Egeres v\u00e1r\u00e1t \u00e9s uradalm\u00e1t. Torda melletti t\u00e1bori ogy.-en orsz\u00e1gos f\u0151kapit\u00e1nny\u00e1 v\u00e1lasztott\u00e1k (1600). K\u00e9s\u0151bb szembefordult Mih\u00e1j vajd\u00e1val, majd Mo.-ra t\u00e1vozott (1602). Bocskai Istv\u00e1n fejedelem kinevezte ism\u00e9t az erd\u00e9lyi hadak parancsnok\u00e1v\u00e1 (1605), f\u0151szerepet j\u00e1tszott Segesv\u00e1r elfoglal\u00e1s\u00e1ban. Bog\u00e1th Menyh\u00e9rt az erd\u00e9lyi hadak f\u0151parancsnoka megfeddi V\u00e1s\u00e1rhelyen, mert a hajd\u00fakkal v\u00e1llvetve d\u00falta a nemess\u00e9g birtokait. H\u00e1zass\u00e1ga \u00fatj\u00e1n, feles\u00e9ge r\u00e9v\u00e9n birtokai voltak V\u00e9csen, \u00d6rm\u00e9nyesen \u00e9s gyakran ott is tart\u00f3zkodott. <br \/><strong>Irod.:<\/strong> Basta; Id\u0151t\u00e1r 1; Krauss Gy\u00f6rgy; Papp Kl\u00e1ra; Szamosk\u00f6zy Istv\u00e1n; Wikip\u00e9dia<\/br><\/p>\n","protected":false},"excerpt":{"rendered":"<p>1570., \u2020\u00a0Medgyes, 1606 v. 1605. szept., temetve Szal\u00e1rdon: az erd\u00e9lyi hadak f\u0151gener\u00e1lisa. \u2013 Cs. L\u00e1szl\u00f3 \u00e9s gyarmati Balassa Zs\u00f3fia fia. Feles\u00e9ge: Wessel\u00e9nyi Anna (Krakk\u00f3, 1584. -Krakk\u00f3, 1649. j\u00fal. 5. \u2013 1650. j\u00fan. 29. k\u00f6z\u00f6tt), aki k\u00f6zel \u00f6tven \u00e9vig volt \u00f6zvegy. Gyermekeik: Anna (1601\u20131673), ap\u00e1ca a pozsonyi klarissza rendh\u00e1z f\u0151n\u00f6ke; Istv\u00e1n (1603\u20131662), f\u0151t\u00e1rnokmester; Adorj\u00e1n, Egeres \u00f6r\u00f6k\u00f6se; [&hellip;]<\/p>\n","protected":false},"featured_media":0,"comment_status":"open","ping_status":"closed","template":"","meta":[],"product_brand":[],"product_cat":[137],"product_tag":[],"class_list":{"0":"post-5982","1":"product","2":"type-product","3":"status-publish","5":"product_cat-maros-megyei-eletrajzi-lexikon","7":"first","8":"instock","9":"shipping-taxable","10":"product-type-simple"},"_links":{"self":[{"href":"https:\/\/uj.adatbank.ro\/lexikon\/wp-json\/wp\/v2\/product\/5982","targetHints":{"allow":["GET"]}}],"collection":[{"href":"https:\/\/uj.adatbank.ro\/lexikon\/wp-json\/wp\/v2\/product"}],"about":[{"href":"https:\/\/uj.adatbank.ro\/lexikon\/wp-json\/wp\/v2\/types\/product"}],"replies":[{"embeddable":true,"href":"https:\/\/uj.adatbank.ro\/lexikon\/wp-json\/wp\/v2\/comments?post=5982"}],"wp:attachment":[{"href":"https:\/\/uj.adatbank.ro\/lexikon\/wp-json\/wp\/v2\/media?parent=5982"}],"wp:term":[{"taxonomy":"product_brand","embeddable":true,"href":"https:\/\/uj.adatbank.ro\/lexikon\/wp-json\/wp\/v2\/product_brand?post=5982"},{"taxonomy":"product_cat","embeddable":true,"href":"https:\/\/uj.adatbank.ro\/lexikon\/wp-json\/wp\/v2\/product_cat?post=5982"},{"taxonomy":"product_tag","embeddable":true,"href":"https:\/\/uj.adatbank.ro\/lexikon\/wp-json\/wp\/v2\/product_tag?post=5982"}],"curies":[{"name":"wp","href":"https:\/\/api.w.org\/{rel}","templated":true}]}}

CSÁKY István, kőrösszegi és adorjáni gr.

<p>1570., † Medgyes, 1606 v. 1605. szept., temetve Szalárdon: az erdélyi hadak főgenerálisa. – Cs. László és gyarmati Balassa Zsófia fia. Felesége: Wesselényi Anna (Krakkó, 1584. -Krakkó, 1649. júl. 5. – 1650. jún. 29. között), aki közel ötven évig volt özvegy. Gyermekeik: Anna (1601–1673), apáca a pozsonyi klarissza rendház főnöke; István (1603–1662), főtárnokmester; Adorján, Egeres örököse; Krisztina (1604); László (1605- 1655) kir. tanácsos kamarás, Komárom és Zolyom főispánja, országbíró. – Báthori Zsigmond majd András híve, részt vett a Schellenbergi csatában (1599). Báthori András halála után Miháj vajdától nyert birtokadományokat visszakapta Adorjánt és megkapta Egeres várát és uradalmát. Torda melletti tábori ogy.-en országos főkapitánnyá választották (1600). Később szembefordult Miháj vajdával, majd Mo.-ra távozott (1602). Bocskai István fejedelem kinevezte ismét az erdélyi hadak parancsnokává (1605), főszerepet játszott Segesvár elfoglalásában. Bogáth Menyhért az erdélyi hadak főparancsnoka megfeddi Vásárhelyen, mert a hajdúkkal vállvetve dúlta a nemesség birtokait. Házassága útján, felesége révén birtokai voltak Vécsen, Örményesen és gyakran ott is tartózkodott. <br /><strong>Irod.:</strong> Basta; Időtár 1; Krauss György; Papp Klára; Szamosközy István; Wikipédia</br></p>

<p>1570., † Medgyes, 1606 v. 1605. szept., temetve Szalárdon: az erdélyi hadak főgenerálisa. – Cs. László és gyarmati Balassa Zsófia fia. Felesége: Wesselényi Anna (Krakkó, 1584. -Krakkó, 1649. júl. 5. – 1650. jún. 29. között), aki közel ötven évig volt özvegy. Gyermekeik: Anna (1601–1673), apáca a pozsonyi klarissza rendház főnöke; István (1603–1662), főtárnokmester; Adorján, Egeres örököse; [&hellip;]</p>
