{"id":5986,"date":"2025-06-28T17:36:41","date_gmt":"2025-06-28T15:36:41","guid":{"rendered":"https:\/\/uj.adatbank.ro\/lexikon\/termek\/csaky-krisztina-mihalyi-iktari-bethlen-istvanne\/"},"modified":"2025-06-28T17:36:41","modified_gmt":"2025-06-28T15:36:41","slug":"csaky-krisztina-mihalyi-iktari-bethlen-istvanne","status":"publish","type":"product","link":"https:\/\/uj.adatbank.ro\/lexikon\/termek\/csaky-krisztina-mihalyi-iktari-bethlen-istvanne\/","title":{"rendered":"CS\u00c1KY Krisztina, mih\u00e1lyi; ikt\u00e1ri Bethlen Istv\u00e1nn\u00e9"},"content":{"rendered":"<p>? \u2020\u00a0? : f\u00f6ldbirtokos. \u2013 G\u00e1bor \u00e9s B\u00e1nffy Krisztina l\u00e1nya. F\u00e9rje ikt\u00e1ri Bethlen Istv\u00e1n, a fejedelem \u00f6ccse. Gyermekei: G\u00e1bor, Istv\u00e1n (1606\u20131633), P\u00e9ter (\u2020 1646), Kata Zolyomi D\u00e1vidn\u00e9 (\u2020 1649), Anna Gyulaffy S\u00e1mueln\u00e9, Druzsi\u00e1nna Rh\u00e9dey Ferenc fejedelem feles\u00e9ge (1610\u20131667). A dun\u00e1nt\u00fali mih\u00e1lyi Cs. csal\u00e1d a 17. sz. elej\u00e9n kihalt. Aranyozott ez\u00fcst kelyhet \u00e9s keny\u00e9roszt\u00f3 t\u00e1ny\u00e9rt adom\u00e1nyozott a k\u00fck\u00fcll\u0151v\u00e1ri ref. egyh\u00e1znak (1618). A k\u00fck\u00fcll\u0151v\u00e1ri nemesi udvarh\u00e1zat \u00e1talak\u00edtott\u00e1k f\u00e9rj\u00e9vel renesz\u00e1nsz kast\u00e9lly\u00e1 (1622\u201325). <br \/><strong>Irod.:<\/strong> Horn Ildik\u00f3: Hit \u00e9s hatalom. Az erd\u00e9lyi unit. nemess\u00e9g a 16. sz.-ban (Bp., 2009); K\u00fck\u00fcll\u0151i Ref. Egyh\u00e1zm. 3., Nagy Iv\u00e1n, P\u00e1lmay<\/br><\/p>\n","protected":false},"excerpt":{"rendered":"<p>? \u2020\u00a0? : f\u00f6ldbirtokos. \u2013 G\u00e1bor \u00e9s B\u00e1nffy Krisztina l\u00e1nya. F\u00e9rje ikt\u00e1ri Bethlen Istv\u00e1n, a fejedelem \u00f6ccse. Gyermekei: G\u00e1bor, Istv\u00e1n (1606\u20131633), P\u00e9ter (\u2020 1646), Kata Zolyomi D\u00e1vidn\u00e9 (\u2020 1649), Anna Gyulaffy S\u00e1mueln\u00e9, Druzsi\u00e1nna Rh\u00e9dey Ferenc fejedelem feles\u00e9ge (1610\u20131667). A dun\u00e1nt\u00fali mih\u00e1lyi Cs. csal\u00e1d a 17. sz. elej\u00e9n kihalt. Aranyozott ez\u00fcst kelyhet \u00e9s keny\u00e9roszt\u00f3 t\u00e1ny\u00e9rt adom\u00e1nyozott [&hellip;]<\/p>\n","protected":false},"featured_media":0,"comment_status":"open","ping_status":"closed","template":"","meta":[],"product_brand":[],"product_cat":[137],"product_tag":[],"class_list":{"0":"post-5986","1":"product","2":"type-product","3":"status-publish","5":"product_cat-maros-megyei-eletrajzi-lexikon","7":"first","8":"instock","9":"shipping-taxable","10":"product-type-simple"},"_links":{"self":[{"href":"https:\/\/uj.adatbank.ro\/lexikon\/wp-json\/wp\/v2\/product\/5986","targetHints":{"allow":["GET"]}}],"collection":[{"href":"https:\/\/uj.adatbank.ro\/lexikon\/wp-json\/wp\/v2\/product"}],"about":[{"href":"https:\/\/uj.adatbank.ro\/lexikon\/wp-json\/wp\/v2\/types\/product"}],"replies":[{"embeddable":true,"href":"https:\/\/uj.adatbank.ro\/lexikon\/wp-json\/wp\/v2\/comments?post=5986"}],"wp:attachment":[{"href":"https:\/\/uj.adatbank.ro\/lexikon\/wp-json\/wp\/v2\/media?parent=5986"}],"wp:term":[{"taxonomy":"product_brand","embeddable":true,"href":"https:\/\/uj.adatbank.ro\/lexikon\/wp-json\/wp\/v2\/product_brand?post=5986"},{"taxonomy":"product_cat","embeddable":true,"href":"https:\/\/uj.adatbank.ro\/lexikon\/wp-json\/wp\/v2\/product_cat?post=5986"},{"taxonomy":"product_tag","embeddable":true,"href":"https:\/\/uj.adatbank.ro\/lexikon\/wp-json\/wp\/v2\/product_tag?post=5986"}],"curies":[{"name":"wp","href":"https:\/\/api.w.org\/{rel}","templated":true}]}}

CSÁKY Krisztina, mihályi; iktári Bethlen Istvánné

<p>? † ? : földbirtokos. – Gábor és Bánffy Krisztina lánya. Férje iktári Bethlen István, a fejedelem öccse. Gyermekei: Gábor, István (1606–1633), Péter († 1646), Kata Zolyomi Dávidné († 1649), Anna Gyulaffy Sámuelné, Druzsiánna Rhédey Ferenc fejedelem felesége (1610–1667). A dunántúli mihályi Cs. család a 17. sz. elején kihalt. Aranyozott ezüst kelyhet és kenyérosztó tányért adományozott a küküllővári ref. egyháznak (1618). A küküllővári nemesi udvarházat átalakították férjével reneszánsz kastéllyá (1622–25). <br /><strong>Irod.:</strong> Horn Ildikó: Hit és hatalom. Az erdélyi unit. nemesség a 16. sz.-ban (Bp., 2009); Küküllői Ref. Egyházm. 3., Nagy Iván, Pálmay</br></p>

<p>? † ? : földbirtokos. – Gábor és Bánffy Krisztina lánya. Férje iktári Bethlen István, a fejedelem öccse. Gyermekei: Gábor, István (1606–1633), Péter († 1646), Kata Zolyomi Dávidné († 1649), Anna Gyulaffy Sámuelné, Druzsiánna Rhédey Ferenc fejedelem felesége (1610–1667). A dunántúli mihályi Cs. család a 17. sz. elején kihalt. Aranyozott ezüst kelyhet és kenyérosztó tányért adományozott [&hellip;]</p>
