{"id":5987,"date":"2025-06-28T17:36:42","date_gmt":"2025-06-28T15:36:42","guid":{"rendered":"https:\/\/uj.adatbank.ro\/lexikon\/termek\/csaky-laszlo\/"},"modified":"2025-06-28T17:36:42","modified_gmt":"2025-06-28T15:36:42","slug":"csaky-laszlo","status":"publish","type":"product","link":"https:\/\/uj.adatbank.ro\/lexikon\/termek\/csaky-laszlo\/","title":{"rendered":"CS\u00c1KY L\u00e1szl\u00f3"},"content":{"rendered":"<p>k\u0151r\u00f6sszegi \u00e9s adorj\u00e1ni gr. 1641., \u2020\u00a01698.: f\u00f6ldbirtokos, f\u0151isp\u00e1n, gub. tan\u00e1csos. \u2013 Istv\u00e1n (1603\u20131662) \u00e9s Per\u00e9nyi M\u00e1ria (\u20201641) fia. Feles\u00e9ge: 1. K\u00e1lnoky Kata (1660), 2. Bethlen \u00c9va (1670 \u2013s \u00e9vek eleje), 3. J\u00f3sika Judit. Gyermekei: G\u00e1bor (1662-?) aki feles\u00e9ge Gyulaffy Zs\u00f3fia r\u00e9v\u00e9n a szentdemeteri kast\u00e9ly tulajdonosa lett; Istv\u00e1n (1669\u20131720) kolozsi f\u0151isp\u00e1n, L\u00e1szl\u00f3 (\u2020 1708) k\u0151z\u00e9pszolnoki f\u0151isp. \u2013 Az erd\u00e9lyi \u00e1g megalap\u00edt\u00f3ja, a nagyalm\u00e1si v\u00e1r \u00e9s uradalom, k\u0151r\u00f6sszegi birtokosa. R\u00e1k\u00f3czi fejedelmek h\u00edve. Dob\u00f3ka vm. f\u0151isp\u00e1nja, B\u00e9ldi P\u00e1llal T\u00f6r\u00f6ko. -ba sz\u00f6k\u00f6tt, a csal\u00e1d kiv\u00e1ltotta. Birtokai nagyr\u00e9sz\u00e9t Apafi fejedelem elkobozta. A fejedelemasszonynak siker\u00fclt megkegyelmez\u00e9si okiratot kapnia, de mire Bethlenbe \u00e9rkezett az irat, Cs\u00e1ki L\u00e1szl\u00f3t m\u00e1r kiv\u00e9gezt\u00e9k.<\/br><\/p>\n","protected":false},"excerpt":{"rendered":"<p>k\u0151r\u00f6sszegi \u00e9s adorj\u00e1ni gr. 1641., \u2020\u00a01698.: f\u00f6ldbirtokos, f\u0151isp\u00e1n, gub. tan\u00e1csos. \u2013 Istv\u00e1n (1603\u20131662) \u00e9s Per\u00e9nyi M\u00e1ria (\u20201641) fia. Feles\u00e9ge: 1. K\u00e1lnoky Kata (1660), 2. Bethlen \u00c9va (1670 \u2013s \u00e9vek eleje), 3. J\u00f3sika Judit. Gyermekei: G\u00e1bor (1662-?) aki feles\u00e9ge Gyulaffy Zs\u00f3fia r\u00e9v\u00e9n a szentdemeteri kast\u00e9ly tulajdonosa lett; Istv\u00e1n (1669\u20131720) kolozsi f\u0151isp\u00e1n, L\u00e1szl\u00f3 (\u2020 1708) k\u0151z\u00e9pszolnoki f\u0151isp. [&hellip;]<\/p>\n","protected":false},"featured_media":0,"comment_status":"open","ping_status":"closed","template":"","meta":[],"product_brand":[],"product_cat":[137],"product_tag":[],"class_list":{"0":"post-5987","1":"product","2":"type-product","3":"status-publish","5":"product_cat-maros-megyei-eletrajzi-lexikon","7":"first","8":"instock","9":"shipping-taxable","10":"product-type-simple"},"_links":{"self":[{"href":"https:\/\/uj.adatbank.ro\/lexikon\/wp-json\/wp\/v2\/product\/5987","targetHints":{"allow":["GET"]}}],"collection":[{"href":"https:\/\/uj.adatbank.ro\/lexikon\/wp-json\/wp\/v2\/product"}],"about":[{"href":"https:\/\/uj.adatbank.ro\/lexikon\/wp-json\/wp\/v2\/types\/product"}],"replies":[{"embeddable":true,"href":"https:\/\/uj.adatbank.ro\/lexikon\/wp-json\/wp\/v2\/comments?post=5987"}],"wp:attachment":[{"href":"https:\/\/uj.adatbank.ro\/lexikon\/wp-json\/wp\/v2\/media?parent=5987"}],"wp:term":[{"taxonomy":"product_brand","embeddable":true,"href":"https:\/\/uj.adatbank.ro\/lexikon\/wp-json\/wp\/v2\/product_brand?post=5987"},{"taxonomy":"product_cat","embeddable":true,"href":"https:\/\/uj.adatbank.ro\/lexikon\/wp-json\/wp\/v2\/product_cat?post=5987"},{"taxonomy":"product_tag","embeddable":true,"href":"https:\/\/uj.adatbank.ro\/lexikon\/wp-json\/wp\/v2\/product_tag?post=5987"}],"curies":[{"name":"wp","href":"https:\/\/api.w.org\/{rel}","templated":true}]}}

CSÁKY László

<p>kőrösszegi és adorjáni gr. 1641., † 1698.: földbirtokos, főispán, gub. tanácsos. – István (1603–1662) és Perényi Mária (†1641) fia. Felesége: 1. Kálnoky Kata (1660), 2. Bethlen Éva (1670 –s évek eleje), 3. Jósika Judit. Gyermekei: Gábor (1662-?) aki felesége Gyulaffy Zsófia révén a szentdemeteri kastély tulajdonosa lett; István (1669–1720) kolozsi főispán, László († 1708) kőzépszolnoki főisp. – Az erdélyi ág megalapítója, a nagyalmási vár és uradalom, kőrösszegi birtokosa. Rákóczi fejedelmek híve. Dobóka vm. főispánja, Béldi Pállal Töröko. -ba szökött, a család kiváltotta. Birtokai nagyrészét Apafi fejedelem elkobozta. A fejedelemasszonynak sikerült megkegyelmezési okiratot kapnia, de mire Bethlenbe érkezett az irat, Csáki Lászlót már kivégezték.</br></p>

<p>kőrösszegi és adorjáni gr. 1641., † 1698.: földbirtokos, főispán, gub. tanácsos. – István (1603–1662) és Perényi Mária (†1641) fia. Felesége: 1. Kálnoky Kata (1660), 2. Bethlen Éva (1670 –s évek eleje), 3. Jósika Judit. Gyermekei: Gábor (1662-?) aki felesége Gyulaffy Zsófia révén a szentdemeteri kastély tulajdonosa lett; István (1669–1720) kolozsi főispán, László († 1708) kőzépszolnoki főisp. [&hellip;]</p>
