{"id":5991,"date":"2025-06-28T17:36:50","date_gmt":"2025-06-28T15:36:50","guid":{"rendered":"https:\/\/uj.adatbank.ro\/lexikon\/termek\/csanadi-albert\/"},"modified":"2025-06-28T17:36:50","modified_gmt":"2025-06-28T15:36:50","slug":"csanadi-albert","status":"publish","type":"product","link":"https:\/\/uj.adatbank.ro\/lexikon\/termek\/csanadi-albert\/","title":{"rendered":"CSAN\u00c1DI Albert"},"content":{"rendered":"<p>1470\/80, \u2020 Bajcs, 1515 ut\u00e1n: k\u00f6lt\u0151, hitsz\u00f3nok, kolostori perjel. \u2013 A p\u00e1los rendbe l\u00e9pett (1494\u2013). Budaszentl\u0151rinci hitsz\u00f3nok (1500), feltehet\u0151en a nov\u00edciusok magisztere is. T\u00f6bb kolostorban volt perjel; Feh\u00e9r\u00adegyh\u00e1z\u00e1n lakott (1515). Latin besz\u00e9dei elvesztek. Gy\u00f6ngy\u00f6si Gergely rendt\u00f6rt\u00e9net\u00e9ben maradt fenn k\u00e9t himnusza \u00e9s egy levele, amelyben m. nyelv\u0171 passi\u00f3j\u00e1t eml\u00edti. A rend brevi\u00e1riuma \u0151rizte meg egy verses zsolozsm\u00e1j\u00e1t Remete Szent P\u00e1l translati\u00f3j\u00e1r\u00f3l. \u2013 <strong>F. m.:<\/strong> De annuntiatione Beatae Mariae Virginis [1513] \u2013 De Angelis et Archangelis [1513]- Vitae Fratrum Eremitarum Ordinis Sancti Pauli primi eremitae. Kiad. Hervay Ferenc (Bp., 1988; magyarul: Arcok a magyar k\u00f6z\u00e9pkorb\u00f3l. Ford. \u00c1rva Vince, Csonka Ferenc. Kiad. V. Kov\u00e1cs S\u00e1ndor. Bp., 1983). <br \/><strong>Irod.:<\/strong> \u00daM\u00c9L<\/br><\/p>\n","protected":false},"excerpt":{"rendered":"<p>1470\/80, \u2020 Bajcs, 1515 ut\u00e1n: k\u00f6lt\u0151, hitsz\u00f3nok, kolostori perjel. \u2013 A p\u00e1los rendbe l\u00e9pett (1494\u2013). Budaszentl\u0151rinci hitsz\u00f3nok (1500), feltehet\u0151en a nov\u00edciusok magisztere is. T\u00f6bb kolostorban volt perjel; Feh\u00e9r\u00adegyh\u00e1z\u00e1n lakott (1515). Latin besz\u00e9dei elvesztek. Gy\u00f6ngy\u00f6si Gergely rendt\u00f6rt\u00e9net\u00e9ben maradt fenn k\u00e9t himnusza \u00e9s egy levele, amelyben m. nyelv\u0171 passi\u00f3j\u00e1t eml\u00edti. A rend brevi\u00e1riuma \u0151rizte meg egy verses [&hellip;]<\/p>\n","protected":false},"featured_media":0,"comment_status":"open","ping_status":"closed","template":"","meta":[],"product_brand":[],"product_cat":[137],"product_tag":[],"class_list":{"0":"post-5991","1":"product","2":"type-product","3":"status-publish","5":"product_cat-maros-megyei-eletrajzi-lexikon","7":"first","8":"instock","9":"shipping-taxable","10":"product-type-simple"},"_links":{"self":[{"href":"https:\/\/uj.adatbank.ro\/lexikon\/wp-json\/wp\/v2\/product\/5991","targetHints":{"allow":["GET"]}}],"collection":[{"href":"https:\/\/uj.adatbank.ro\/lexikon\/wp-json\/wp\/v2\/product"}],"about":[{"href":"https:\/\/uj.adatbank.ro\/lexikon\/wp-json\/wp\/v2\/types\/product"}],"replies":[{"embeddable":true,"href":"https:\/\/uj.adatbank.ro\/lexikon\/wp-json\/wp\/v2\/comments?post=5991"}],"wp:attachment":[{"href":"https:\/\/uj.adatbank.ro\/lexikon\/wp-json\/wp\/v2\/media?parent=5991"}],"wp:term":[{"taxonomy":"product_brand","embeddable":true,"href":"https:\/\/uj.adatbank.ro\/lexikon\/wp-json\/wp\/v2\/product_brand?post=5991"},{"taxonomy":"product_cat","embeddable":true,"href":"https:\/\/uj.adatbank.ro\/lexikon\/wp-json\/wp\/v2\/product_cat?post=5991"},{"taxonomy":"product_tag","embeddable":true,"href":"https:\/\/uj.adatbank.ro\/lexikon\/wp-json\/wp\/v2\/product_tag?post=5991"}],"curies":[{"name":"wp","href":"https:\/\/api.w.org\/{rel}","templated":true}]}}

CSANÁDI Albert

<p>1470/80, † Bajcs, 1515 után: költő, hitszónok, kolostori perjel. – A pálos rendbe lépett (1494–). Budaszentlőrinci hitszónok (1500), feltehetően a novíciusok magisztere is. Több kolostorban volt perjel; Fehér­egyházán lakott (1515). Latin beszédei elvesztek. Gyöngyösi Gergely rendtörténetében maradt fenn két himnusza és egy levele, amelyben m. nyelvű passióját említi. A rend breviáriuma őrizte meg egy verses zsolozsmáját Remete Szent Pál translatiójáról. – <strong>F. m.:</strong> De annuntiatione Beatae Mariae Virginis [1513] – De Angelis et Archangelis [1513]- Vitae Fratrum Eremitarum Ordinis Sancti Pauli primi eremitae. Kiad. Hervay Ferenc (Bp., 1988; magyarul: Arcok a magyar középkorból. Ford. Árva Vince, Csonka Ferenc. Kiad. V. Kovács Sándor. Bp., 1983). <br /><strong>Irod.:</strong> ÚMÉL</br></p>

<p>1470/80, † Bajcs, 1515 után: költő, hitszónok, kolostori perjel. – A pálos rendbe lépett (1494–). Budaszentlőrinci hitszónok (1500), feltehetően a novíciusok magisztere is. Több kolostorban volt perjel; Fehér­egyházán lakott (1515). Latin beszédei elvesztek. Gyöngyösi Gergely rendtörténetében maradt fenn két himnusza és egy levele, amelyben m. nyelvű passióját említi. A rend breviáriuma őrizte meg egy verses [&hellip;]</p>
