{"id":5995,"date":"2025-06-28T17:36:57","date_gmt":"2025-06-28T15:36:57","guid":{"rendered":"https:\/\/uj.adatbank.ro\/lexikon\/termek\/csanadi-janos-csinadi-tsanadi\/"},"modified":"2025-06-28T17:36:57","modified_gmt":"2025-06-28T15:36:57","slug":"csanadi-janos-csinadi-tsanadi","status":"publish","type":"product","link":"https:\/\/uj.adatbank.ro\/lexikon\/termek\/csanadi-janos-csinadi-tsanadi\/","title":{"rendered":"CSAN\u00c1DI J\u00e1nos, Csin\u00e1di, Tsan\u00e1di"},"content":{"rendered":"<p>? \u2020 ? : l\u00e9vita tan\u00edt\u00f3. \u2013 Bern\u00e1don l\u00e9vita (1720\u201342, 1745\u201349) \u00e9s Balav\u00e1s\u00e1ron tan\u00edt\u00f3 (1742\u201344). Egrest\u0151i mester (1742\u201345). <br \/><strong>Irod.:<\/strong> K\u00fck\u00fcll\u0151i Ref. Egyh\u00e1zm. 1., 2.<\/br><\/p>\n","protected":false},"excerpt":{"rendered":"<p>? \u2020 ? : l\u00e9vita tan\u00edt\u00f3. \u2013 Bern\u00e1don l\u00e9vita (1720\u201342, 1745\u201349) \u00e9s Balav\u00e1s\u00e1ron tan\u00edt\u00f3 (1742\u201344). Egrest\u0151i mester (1742\u201345). Irod.: K\u00fck\u00fcll\u0151i Ref. Egyh\u00e1zm. 1., 2.<\/p>\n","protected":false},"featured_media":0,"comment_status":"open","ping_status":"closed","template":"","meta":[],"product_brand":[],"product_cat":[137],"product_tag":[],"class_list":{"0":"post-5995","1":"product","2":"type-product","3":"status-publish","5":"product_cat-maros-megyei-eletrajzi-lexikon","7":"first","8":"instock","9":"shipping-taxable","10":"product-type-simple"},"_links":{"self":[{"href":"https:\/\/uj.adatbank.ro\/lexikon\/wp-json\/wp\/v2\/product\/5995","targetHints":{"allow":["GET"]}}],"collection":[{"href":"https:\/\/uj.adatbank.ro\/lexikon\/wp-json\/wp\/v2\/product"}],"about":[{"href":"https:\/\/uj.adatbank.ro\/lexikon\/wp-json\/wp\/v2\/types\/product"}],"replies":[{"embeddable":true,"href":"https:\/\/uj.adatbank.ro\/lexikon\/wp-json\/wp\/v2\/comments?post=5995"}],"wp:attachment":[{"href":"https:\/\/uj.adatbank.ro\/lexikon\/wp-json\/wp\/v2\/media?parent=5995"}],"wp:term":[{"taxonomy":"product_brand","embeddable":true,"href":"https:\/\/uj.adatbank.ro\/lexikon\/wp-json\/wp\/v2\/product_brand?post=5995"},{"taxonomy":"product_cat","embeddable":true,"href":"https:\/\/uj.adatbank.ro\/lexikon\/wp-json\/wp\/v2\/product_cat?post=5995"},{"taxonomy":"product_tag","embeddable":true,"href":"https:\/\/uj.adatbank.ro\/lexikon\/wp-json\/wp\/v2\/product_tag?post=5995"}],"curies":[{"name":"wp","href":"https:\/\/api.w.org\/{rel}","templated":true}]}}