{"id":5997,"date":"2025-06-28T17:37:00","date_gmt":"2025-06-28T15:37:00","guid":{"rendered":"https:\/\/uj.adatbank.ro\/lexikon\/termek\/csanadi-matika-mari\/"},"modified":"2025-06-28T17:37:00","modified_gmt":"2025-06-28T15:37:00","slug":"csanadi-matika-mari","status":"publish","type":"product","link":"https:\/\/uj.adatbank.ro\/lexikon\/termek\/csanadi-matika-mari\/","title":{"rendered":"CSAN\u00c1DI Matika Mari"},"content":{"rendered":"<p>Marosludas, 1859. dec. 25., \u2020 Gy\u00f6ngy\u00f6s, 1909. j\u00fal. 27.: sz\u00edn\u00e9sz. \u2013 Zolt\u00e1n Gyula t\u00e1rsulat\u00e1ban kezdte sz\u00edn\u00e9szi p\u00e1lyafut\u00e1s\u00e1t. (1887). <br \/><strong>Irod.:<\/strong> Sch\u00f6pflin<\/br><\/p>\n","protected":false},"excerpt":{"rendered":"<p>Marosludas, 1859. dec. 25., \u2020 Gy\u00f6ngy\u00f6s, 1909. j\u00fal. 27.: sz\u00edn\u00e9sz. \u2013 Zolt\u00e1n Gyula t\u00e1rsulat\u00e1ban kezdte sz\u00edn\u00e9szi p\u00e1lyafut\u00e1s\u00e1t. (1887). Irod.: Sch\u00f6pflin<\/p>\n","protected":false},"featured_media":0,"comment_status":"open","ping_status":"closed","template":"","meta":[],"product_brand":[],"product_cat":[137],"product_tag":[],"class_list":{"0":"post-5997","1":"product","2":"type-product","3":"status-publish","5":"product_cat-maros-megyei-eletrajzi-lexikon","7":"first","8":"instock","9":"shipping-taxable","10":"product-type-simple"},"_links":{"self":[{"href":"https:\/\/uj.adatbank.ro\/lexikon\/wp-json\/wp\/v2\/product\/5997","targetHints":{"allow":["GET"]}}],"collection":[{"href":"https:\/\/uj.adatbank.ro\/lexikon\/wp-json\/wp\/v2\/product"}],"about":[{"href":"https:\/\/uj.adatbank.ro\/lexikon\/wp-json\/wp\/v2\/types\/product"}],"replies":[{"embeddable":true,"href":"https:\/\/uj.adatbank.ro\/lexikon\/wp-json\/wp\/v2\/comments?post=5997"}],"wp:attachment":[{"href":"https:\/\/uj.adatbank.ro\/lexikon\/wp-json\/wp\/v2\/media?parent=5997"}],"wp:term":[{"taxonomy":"product_brand","embeddable":true,"href":"https:\/\/uj.adatbank.ro\/lexikon\/wp-json\/wp\/v2\/product_brand?post=5997"},{"taxonomy":"product_cat","embeddable":true,"href":"https:\/\/uj.adatbank.ro\/lexikon\/wp-json\/wp\/v2\/product_cat?post=5997"},{"taxonomy":"product_tag","embeddable":true,"href":"https:\/\/uj.adatbank.ro\/lexikon\/wp-json\/wp\/v2\/product_tag?post=5997"}],"curies":[{"name":"wp","href":"https:\/\/api.w.org\/{rel}","templated":true}]}}