{"id":6000,"date":"2025-06-28T17:37:08","date_gmt":"2025-06-28T15:37:08","guid":{"rendered":"https:\/\/uj.adatbank.ro\/lexikon\/termek\/csanyi-balazs\/"},"modified":"2025-06-28T17:37:08","modified_gmt":"2025-06-28T15:37:08","slug":"csanyi-balazs","status":"publish","type":"product","link":"https:\/\/uj.adatbank.ro\/lexikon\/termek\/csanyi-balazs\/","title":{"rendered":"CS\u00c1NYI Bal\u00e1zs"},"content":{"rendered":"<p>? \u2020\u00a0? : szentkir\u00e1lyi polg\u00e1r. \u2013 Barlab\u00e1ssy L\u00e9n\u00e1rd erd\u00e9lyi alvajda (1523) enged\u00e9lyezte hogy V\u00e1s\u00e1rhelyt a Maroson l\u00e9v\u0151 malm\u00e1nak bizonyos h\u00e1nyad\u00e1t elz\u00e1logos\u00edtsa. <br \/><strong>Irod.:<\/strong> Id\u0151t\u00e1r 1<\/br><\/p>\n","protected":false},"excerpt":{"rendered":"<p>? \u2020\u00a0? : szentkir\u00e1lyi polg\u00e1r. \u2013 Barlab\u00e1ssy L\u00e9n\u00e1rd erd\u00e9lyi alvajda (1523) enged\u00e9lyezte hogy V\u00e1s\u00e1rhelyt a Maroson l\u00e9v\u0151 malm\u00e1nak bizonyos h\u00e1nyad\u00e1t elz\u00e1logos\u00edtsa. Irod.: Id\u0151t\u00e1r 1<\/p>\n","protected":false},"featured_media":0,"comment_status":"open","ping_status":"closed","template":"","meta":[],"product_brand":[],"product_cat":[137],"product_tag":[],"class_list":{"0":"post-6000","1":"product","2":"type-product","3":"status-publish","5":"product_cat-maros-megyei-eletrajzi-lexikon","7":"first","8":"instock","9":"shipping-taxable","10":"product-type-simple"},"_links":{"self":[{"href":"https:\/\/uj.adatbank.ro\/lexikon\/wp-json\/wp\/v2\/product\/6000","targetHints":{"allow":["GET"]}}],"collection":[{"href":"https:\/\/uj.adatbank.ro\/lexikon\/wp-json\/wp\/v2\/product"}],"about":[{"href":"https:\/\/uj.adatbank.ro\/lexikon\/wp-json\/wp\/v2\/types\/product"}],"replies":[{"embeddable":true,"href":"https:\/\/uj.adatbank.ro\/lexikon\/wp-json\/wp\/v2\/comments?post=6000"}],"wp:attachment":[{"href":"https:\/\/uj.adatbank.ro\/lexikon\/wp-json\/wp\/v2\/media?parent=6000"}],"wp:term":[{"taxonomy":"product_brand","embeddable":true,"href":"https:\/\/uj.adatbank.ro\/lexikon\/wp-json\/wp\/v2\/product_brand?post=6000"},{"taxonomy":"product_cat","embeddable":true,"href":"https:\/\/uj.adatbank.ro\/lexikon\/wp-json\/wp\/v2\/product_cat?post=6000"},{"taxonomy":"product_tag","embeddable":true,"href":"https:\/\/uj.adatbank.ro\/lexikon\/wp-json\/wp\/v2\/product_tag?post=6000"}],"curies":[{"name":"wp","href":"https:\/\/api.w.org\/{rel}","templated":true}]}}