{"id":6004,"date":"2025-06-28T17:37:19","date_gmt":"2025-06-28T15:37:19","guid":{"rendered":"https:\/\/uj.adatbank.ro\/lexikon\/termek\/csanyi-lazar-baldoczi\/"},"modified":"2025-06-28T17:37:19","modified_gmt":"2025-06-28T15:37:19","slug":"csanyi-lazar-baldoczi","status":"publish","type":"product","link":"https:\/\/uj.adatbank.ro\/lexikon\/termek\/csanyi-lazar-baldoczi\/","title":{"rendered":"CS\u00c1NYI L\u00e1z\u00e1r, b\u00e1ld\u00f3czi"},"content":{"rendered":"<p>? \u2020\u00a0? : f\u0151b\u00edr\u00f3. \u2013 Marossz\u00e9k f\u0151b\u00edr\u00f3ja (1495). K\u00f6z\u00f6sen L\u00e1szl\u00f3 erd\u00e9lyi p\u00fcsp\u00f6k \u00e9s Ving\u00e1rti Ger\u00e9b P\u00e9ter orsz\u00e1gb\u00edr\u00f3, mint a kir\u00e1ly \u00e1ltal kirendelt bir\u00e1k, it\u00e9lkeztek n\u00e9h\u00e1ny Maros sz\u00e9ki f\u0151ember \u00fcgy\u00e9ben, kiket a sz\u00e9kely nemzeti gy\u00fcl\u00e9s sz\u00e1mkivet\u00e9sre s h\u00e1zaik \u00e9s malmaik f\u00f6ld\u00fal\u00e1s\u00e1ra it\u00e9lt. A bir\u00e1k elrendelt\u00e9k, hogy az el\u0151tt\u00fck kihallgatott felek k\u00f6vess\u00e9k meg a sz\u00e9kely nemzetet \u00e9s k\u00fcl\u00f6n\u00f6sen Marossz\u00e9k k\u00f6z\u00f6ns\u00e9g\u00e9t, majd a sz\u00e9kely \u00f6r\u00f6ks\u00e9geit kapj\u00e1k vissza, de azokban Maros sz\u00e9k engedelme n\u00e9lk\u00fcl ne lakhasson, sz\u00e9kely f\u00f6ld\u00f6n szolg\u00e1it se tarthassa, adjon el\u00e9gt\u00e9telt a megk\u00e1ros\u00edtott sz\u00e9kelyeknek (Mv., 1498. szept. 13). <br \/><strong>Irod.:<\/strong> Aranka; SzOkl, 3<\/br><\/p>\n","protected":false},"excerpt":{"rendered":"<p>? \u2020\u00a0? : f\u0151b\u00edr\u00f3. \u2013 Marossz\u00e9k f\u0151b\u00edr\u00f3ja (1495). K\u00f6z\u00f6sen L\u00e1szl\u00f3 erd\u00e9lyi p\u00fcsp\u00f6k \u00e9s Ving\u00e1rti Ger\u00e9b P\u00e9ter orsz\u00e1gb\u00edr\u00f3, mint a kir\u00e1ly \u00e1ltal kirendelt bir\u00e1k, it\u00e9lkeztek n\u00e9h\u00e1ny Maros sz\u00e9ki f\u0151ember \u00fcgy\u00e9ben, kiket a sz\u00e9kely nemzeti gy\u00fcl\u00e9s sz\u00e1mkivet\u00e9sre s h\u00e1zaik \u00e9s malmaik f\u00f6ld\u00fal\u00e1s\u00e1ra it\u00e9lt. A bir\u00e1k elrendelt\u00e9k, hogy az el\u0151tt\u00fck kihallgatott felek k\u00f6vess\u00e9k meg a sz\u00e9kely nemzetet \u00e9s [&hellip;]<\/p>\n","protected":false},"featured_media":0,"comment_status":"open","ping_status":"closed","template":"","meta":[],"product_brand":[],"product_cat":[137],"product_tag":[],"class_list":{"0":"post-6004","1":"product","2":"type-product","3":"status-publish","5":"product_cat-maros-megyei-eletrajzi-lexikon","7":"first","8":"instock","9":"shipping-taxable","10":"product-type-simple"},"_links":{"self":[{"href":"https:\/\/uj.adatbank.ro\/lexikon\/wp-json\/wp\/v2\/product\/6004","targetHints":{"allow":["GET"]}}],"collection":[{"href":"https:\/\/uj.adatbank.ro\/lexikon\/wp-json\/wp\/v2\/product"}],"about":[{"href":"https:\/\/uj.adatbank.ro\/lexikon\/wp-json\/wp\/v2\/types\/product"}],"replies":[{"embeddable":true,"href":"https:\/\/uj.adatbank.ro\/lexikon\/wp-json\/wp\/v2\/comments?post=6004"}],"wp:attachment":[{"href":"https:\/\/uj.adatbank.ro\/lexikon\/wp-json\/wp\/v2\/media?parent=6004"}],"wp:term":[{"taxonomy":"product_brand","embeddable":true,"href":"https:\/\/uj.adatbank.ro\/lexikon\/wp-json\/wp\/v2\/product_brand?post=6004"},{"taxonomy":"product_cat","embeddable":true,"href":"https:\/\/uj.adatbank.ro\/lexikon\/wp-json\/wp\/v2\/product_cat?post=6004"},{"taxonomy":"product_tag","embeddable":true,"href":"https:\/\/uj.adatbank.ro\/lexikon\/wp-json\/wp\/v2\/product_tag?post=6004"}],"curies":[{"name":"wp","href":"https:\/\/api.w.org\/{rel}","templated":true}]}}

CSÁNYI Lázár, báldóczi

<p>? † ? : főbíró. – Marosszék főbírója (1495). Közösen László erdélyi püspök és Vingárti Geréb Péter országbíró, mint a király által kirendelt birák, itélkeztek néhány Maros széki főember ügyében, kiket a székely nemzeti gyülés számkivetésre s házaik és malmaik földúlására itélt. A birák elrendelték, hogy az előttük kihallgatott felek kövessék meg a székely nemzetet és különösen Marosszék közönségét, majd a székely örökségeit kapják vissza, de azokban Maros szék engedelme nélkül ne lakhasson, székely földön szolgáit se tarthassa, adjon elégtételt a megkárosított székelyeknek (Mv., 1498. szept. 13). <br /><strong>Irod.:</strong> Aranka; SzOkl, 3</br></p>

<p>? † ? : főbíró. – Marosszék főbírója (1495). Közösen László erdélyi püspök és Vingárti Geréb Péter országbíró, mint a király által kirendelt birák, itélkeztek néhány Maros széki főember ügyében, kiket a székely nemzeti gyülés számkivetésre s házaik és malmaik földúlására itélt. A birák elrendelték, hogy az előttük kihallgatott felek kövessék meg a székely nemzetet és [&hellip;]</p>
