{"id":6009,"date":"2025-06-28T17:37:28","date_gmt":"2025-06-28T15:37:28","guid":{"rendered":"https:\/\/uj.adatbank.ro\/lexikon\/termek\/csapai-laszlo-kaali-es-kolosvari\/"},"modified":"2025-06-28T17:37:28","modified_gmt":"2025-06-28T15:37:28","slug":"csapai-laszlo-kaali-es-kolosvari","status":"publish","type":"product","link":"https:\/\/uj.adatbank.ro\/lexikon\/termek\/csapai-laszlo-kaali-es-kolosvari\/","title":{"rendered":"CSAPAI L\u00e1szl\u00f3, ka\u00e1li \u00e9s kolosv\u00e1ri"},"content":{"rendered":"<p>? \u2020\u00a01790., Mikh\u00e1z\u00e1n nyugszik a kolostorban a szent\u00e9ly alatt: alkir\u00e1lyb\u00edr\u00f3. \u2013 Marossz\u00e9ki kir. perceptor (1751); ad\u00f3t\u00e1rnok Maros-sz\u00e9k 1763-ban megalakult folytonos t\u00e1bl\u00e1j\u00e1n. Mv.-en polg\u00e1ri esk\u00fct tett (1771. nov. 29.). Marossz\u00e9k alkir\u00e1lyb\u00edr\u00f3ja (1775\u20131781), aki Tompos J\u00e1nos k\u00fck\u00fcll\u0151megyei f\u0151b\u00edr\u00f3val \u00e9s Sz\u0151ts Albert k\u00fck\u00fcll\u0151i alisp\u00e1nnal egy\u00fctt saj\u00e1t k\u00f6lts\u00e9g\u00fck\u00f6n k\u00e9t harangot hozattak Pestr\u0151l a mv.-i Ferencrendi templom r\u00e9sz\u00e9re (1775). <br \/><strong>Irod.:<\/strong> Benk\u0151 K.: Mv.; Id\u0151t\u00e1r 1; Kr\u00f3n. F\u00fcz. (1936. 17\/18; 1939. 4\/9); Orb\u00e1n J\u00e1nos: T\u00e1blab\u00edr\u00e1k, f\u0151nemesek, pall\u00e9rok \u00e9s h\u00e1zak: V\u00e1rosk\u00e9p \u00e9s t\u00e1rsadalom v\u00e1ltoz\u00e1sai Mv.-en a Kir\u00e1lyi T\u00e1bla bek\u00f6lt\u00f6z\u00e9se ut\u00e1n [1754] = K\u00f6nyvek \u00e1ltal; P\u00e1l-Antal 2004<\/br><\/p>\n","protected":false},"excerpt":{"rendered":"<p>? \u2020\u00a01790., Mikh\u00e1z\u00e1n nyugszik a kolostorban a szent\u00e9ly alatt: alkir\u00e1lyb\u00edr\u00f3. \u2013 Marossz\u00e9ki kir. perceptor (1751); ad\u00f3t\u00e1rnok Maros-sz\u00e9k 1763-ban megalakult folytonos t\u00e1bl\u00e1j\u00e1n. Mv.-en polg\u00e1ri esk\u00fct tett (1771. nov. 29.). Marossz\u00e9k alkir\u00e1lyb\u00edr\u00f3ja (1775\u20131781), aki Tompos J\u00e1nos k\u00fck\u00fcll\u0151megyei f\u0151b\u00edr\u00f3val \u00e9s Sz\u0151ts Albert k\u00fck\u00fcll\u0151i alisp\u00e1nnal egy\u00fctt saj\u00e1t k\u00f6lts\u00e9g\u00fck\u00f6n k\u00e9t harangot hozattak Pestr\u0151l a mv.-i Ferencrendi templom r\u00e9sz\u00e9re (1775). Irod.: [&hellip;]<\/p>\n","protected":false},"featured_media":0,"comment_status":"open","ping_status":"closed","template":"","meta":[],"product_brand":[],"product_cat":[137],"product_tag":[],"class_list":{"0":"post-6009","1":"product","2":"type-product","3":"status-publish","5":"product_cat-maros-megyei-eletrajzi-lexikon","7":"first","8":"instock","9":"shipping-taxable","10":"product-type-simple"},"_links":{"self":[{"href":"https:\/\/uj.adatbank.ro\/lexikon\/wp-json\/wp\/v2\/product\/6009","targetHints":{"allow":["GET"]}}],"collection":[{"href":"https:\/\/uj.adatbank.ro\/lexikon\/wp-json\/wp\/v2\/product"}],"about":[{"href":"https:\/\/uj.adatbank.ro\/lexikon\/wp-json\/wp\/v2\/types\/product"}],"replies":[{"embeddable":true,"href":"https:\/\/uj.adatbank.ro\/lexikon\/wp-json\/wp\/v2\/comments?post=6009"}],"wp:attachment":[{"href":"https:\/\/uj.adatbank.ro\/lexikon\/wp-json\/wp\/v2\/media?parent=6009"}],"wp:term":[{"taxonomy":"product_brand","embeddable":true,"href":"https:\/\/uj.adatbank.ro\/lexikon\/wp-json\/wp\/v2\/product_brand?post=6009"},{"taxonomy":"product_cat","embeddable":true,"href":"https:\/\/uj.adatbank.ro\/lexikon\/wp-json\/wp\/v2\/product_cat?post=6009"},{"taxonomy":"product_tag","embeddable":true,"href":"https:\/\/uj.adatbank.ro\/lexikon\/wp-json\/wp\/v2\/product_tag?post=6009"}],"curies":[{"name":"wp","href":"https:\/\/api.w.org\/{rel}","templated":true}]}}

CSAPAI László, kaáli és kolosvári

<p>? † 1790., Mikházán nyugszik a kolostorban a szentély alatt: alkirálybíró. – Marosszéki kir. perceptor (1751); adótárnok Maros-szék 1763-ban megalakult folytonos tábláján. Mv.-en polgári esküt tett (1771. nov. 29.). Marosszék alkirálybírója (1775–1781), aki Tompos János küküllőmegyei főbíróval és Szőts Albert küküllői alispánnal együtt saját költségükön két harangot hozattak Pestről a mv.-i Ferencrendi templom részére (1775). <br /><strong>Irod.:</strong> Benkő K.: Mv.; Időtár 1; Krón. Füz. (1936. 17/18; 1939. 4/9); Orbán János: Táblabírák, főnemesek, pallérok és házak: Városkép és társadalom változásai Mv.-en a Királyi Tábla beköltözése után [1754] = Könyvek által; Pál-Antal 2004</br></p>

<p>? † 1790., Mikházán nyugszik a kolostorban a szentély alatt: alkirálybíró. – Marosszéki kir. perceptor (1751); adótárnok Maros-szék 1763-ban megalakult folytonos tábláján. Mv.-en polgári esküt tett (1771. nov. 29.). Marosszék alkirálybírója (1775–1781), aki Tompos János küküllőmegyei főbíróval és Szőts Albert küküllői alispánnal együtt saját költségükön két harangot hozattak Pestről a mv.-i Ferencrendi templom részére (1775). Irod.: [&hellip;]</p>
