{"id":6019,"date":"2025-06-28T17:37:49","date_gmt":"2025-06-28T15:37:49","guid":{"rendered":"https:\/\/uj.adatbank.ro\/lexikon\/termek\/csath-karoly\/"},"modified":"2025-06-28T17:37:49","modified_gmt":"2025-06-28T15:37:49","slug":"csath-karoly","status":"publish","type":"product","link":"https:\/\/uj.adatbank.ro\/lexikon\/termek\/csath-karoly\/","title":{"rendered":"CSATH K\u00e1roly"},"content":{"rendered":"<p>Mv., 1908., \u2020\u00a0?: m\u0171b\u00fatorasztalos. \u2013 Cs. K\u00e1roly \u00e9s M\u00fcncher Vikt\u00f3ria (\u2020\u00a0Mv., 1889. m\u00e1rc. 26.) fia. Testv\u00e9rei: \u00c1kos, Ir\u00e9n \u2013 \u00d6n\u00e1ll\u00f3, j\u00f3nev\u0171 iparosa lett sz\u00fcl\u0151v\u00e1ros\u00e1nak (1934\u2013), az Ipart\u00e1rsulat v\u00e1lasztm\u00e1nyi tagja \u00e9s jegyz\u0151je volt. Megrendel\u00e9sre dolgozott. <br \/><strong>Irod.:<\/strong> Gy\u00e1szjelent\u0151; Sz\u00e9kelyf\u00f6ld \u00ed. k<\/br><\/p>\n","protected":false},"excerpt":{"rendered":"<p>Mv., 1908., \u2020\u00a0?: m\u0171b\u00fatorasztalos. \u2013 Cs. K\u00e1roly \u00e9s M\u00fcncher Vikt\u00f3ria (\u2020\u00a0Mv., 1889. m\u00e1rc. 26.) fia. Testv\u00e9rei: \u00c1kos, Ir\u00e9n \u2013 \u00d6n\u00e1ll\u00f3, j\u00f3nev\u0171 iparosa lett sz\u00fcl\u0151v\u00e1ros\u00e1nak (1934\u2013), az Ipart\u00e1rsulat v\u00e1lasztm\u00e1nyi tagja \u00e9s jegyz\u0151je volt. Megrendel\u00e9sre dolgozott. Irod.: Gy\u00e1szjelent\u0151; Sz\u00e9kelyf\u00f6ld \u00ed. k<\/p>\n","protected":false},"featured_media":0,"comment_status":"open","ping_status":"closed","template":"","meta":[],"product_brand":[],"product_cat":[137],"product_tag":[],"class_list":{"0":"post-6019","1":"product","2":"type-product","3":"status-publish","5":"product_cat-maros-megyei-eletrajzi-lexikon","7":"first","8":"instock","9":"shipping-taxable","10":"product-type-simple"},"_links":{"self":[{"href":"https:\/\/uj.adatbank.ro\/lexikon\/wp-json\/wp\/v2\/product\/6019","targetHints":{"allow":["GET"]}}],"collection":[{"href":"https:\/\/uj.adatbank.ro\/lexikon\/wp-json\/wp\/v2\/product"}],"about":[{"href":"https:\/\/uj.adatbank.ro\/lexikon\/wp-json\/wp\/v2\/types\/product"}],"replies":[{"embeddable":true,"href":"https:\/\/uj.adatbank.ro\/lexikon\/wp-json\/wp\/v2\/comments?post=6019"}],"wp:attachment":[{"href":"https:\/\/uj.adatbank.ro\/lexikon\/wp-json\/wp\/v2\/media?parent=6019"}],"wp:term":[{"taxonomy":"product_brand","embeddable":true,"href":"https:\/\/uj.adatbank.ro\/lexikon\/wp-json\/wp\/v2\/product_brand?post=6019"},{"taxonomy":"product_cat","embeddable":true,"href":"https:\/\/uj.adatbank.ro\/lexikon\/wp-json\/wp\/v2\/product_cat?post=6019"},{"taxonomy":"product_tag","embeddable":true,"href":"https:\/\/uj.adatbank.ro\/lexikon\/wp-json\/wp\/v2\/product_tag?post=6019"}],"curies":[{"name":"wp","href":"https:\/\/api.w.org\/{rel}","templated":true}]}}