{"id":6022,"date":"2025-06-28T17:37:53","date_gmt":"2025-06-28T15:37:53","guid":{"rendered":"https:\/\/uj.adatbank.ro\/lexikon\/termek\/csatho-gabor-jankafalvi-csato-gabor\/"},"modified":"2025-06-28T17:37:53","modified_gmt":"2025-06-28T15:37:53","slug":"csatho-gabor-jankafalvi-csato-gabor","status":"publish","type":"product","link":"https:\/\/uj.adatbank.ro\/lexikon\/termek\/csatho-gabor-jankafalvi-csato-gabor\/","title":{"rendered":"CSATH\u00d3 G\u00e1bor, jankafalvi, Csat\u00f3 G\u00e1bor"},"content":{"rendered":"<p>? \u2020\u00a0? : alisp\u00e1n. \u2013 Feles\u00e9ge: bukuresti Bokor J\u00falia (1863 \u2013 Dics\u0151szentm\u00e1rton, 1935. jan. 22.). Gyermekeik: Cs. J\u00falia Frankovich L\u00e1szl\u00f3n\u00e9; G\u00e1bri Dr. V\u00e1r\u00f3 G\u00e9z\u00e1n\u00e9; Margit dr. Barab\u00e1s B\u00e9l\u00e1n\u00e9; Anna Kir\u00e1ly Lajosn\u00e9; Jol\u00e1n \u00e9s Erzs\u00e9bet. \u2013 Dics\u0151szentm\u00e1rtonban gazdatan\u00e1csosk\u00e9nt tev\u00e9kenykedett. Tagja volt a K. M. Term\u00e9szettud.-i T\u00e1rsulatnak (1892). Kis-K\u00fck\u00fcll\u0151 vm. alisp\u00e1nj\u00e1v\u00e1 v\u00e1lasztott\u00e1k (1900), a megye utols\u00f3 m. alisp\u00e1nja volt (\u20131918). Memorandumot \u00edrt arr\u00f3l, hogyan lehetne a n\u00e9pet az amerikai kiv\u00e1ndorl\u00e1st\u00f3l visszariasztani (1936). Az EMKE kisk\u00fck\u00fcll\u0151megyei fi\u00f3kj\u00e1nak aleln\u00f6ke (1905\u2013). \u2013 <strong>F. m.:<\/strong> S\u00e1ndor J\u00e1nos \u00e9s br. Kem\u00e9ny J\u00e1nos eml\u00e9kezet\u00e9r\u0151l. A Kisk\u00fck\u00fcll\u0151v\u00e1rmegyei F\u00f6ldg\u00e1z R\u00e9szv\u00e9nyt\u00e1rsas\u00e1g 1922. \u00e9vi augusztus h\u00f3 28. napj\u00e1n tartott k\u00f6zgy\u00fcl\u00e9s\u00e9n \u2013 eln\u00f6k \u00e1ltal elmondott megny\u00edt\u00f3 besz\u00e9d. (Dics\u0151szentm\u00e1rton, 1922). <br \/><strong>Irod.:<\/strong> Dics\u0151szentm\u00e1rton; Dics\u0151szentm\u00e1rton r\u00e9gi arca; Eml\u00e9kk\u00f6nyv a K. M. Term\u00e9szettud.-i T\u00e1rsulat f\u00e9lsz\u00e1zados jubileum\u00e1n (Bp., 1892); Gy\u00e1szjelent\u0151; Gy\u00f6rgy 1926; S\u00e1ndor<\/br><\/p>\n","protected":false},"excerpt":{"rendered":"<p>? \u2020\u00a0? : alisp\u00e1n. \u2013 Feles\u00e9ge: bukuresti Bokor J\u00falia (1863 \u2013 Dics\u0151szentm\u00e1rton, 1935. jan. 22.). Gyermekeik: Cs. J\u00falia Frankovich L\u00e1szl\u00f3n\u00e9; G\u00e1bri Dr. V\u00e1r\u00f3 G\u00e9z\u00e1n\u00e9; Margit dr. Barab\u00e1s B\u00e9l\u00e1n\u00e9; Anna Kir\u00e1ly Lajosn\u00e9; Jol\u00e1n \u00e9s Erzs\u00e9bet. \u2013 Dics\u0151szentm\u00e1rtonban gazdatan\u00e1csosk\u00e9nt tev\u00e9kenykedett. Tagja volt a K. M. Term\u00e9szettud.-i T\u00e1rsulatnak (1892). Kis-K\u00fck\u00fcll\u0151 vm. alisp\u00e1nj\u00e1v\u00e1 v\u00e1lasztott\u00e1k (1900), a megye utols\u00f3 m. [&hellip;]<\/p>\n","protected":false},"featured_media":0,"comment_status":"open","ping_status":"closed","template":"","meta":[],"product_brand":[],"product_cat":[137],"product_tag":[],"class_list":{"0":"post-6022","1":"product","2":"type-product","3":"status-publish","5":"product_cat-maros-megyei-eletrajzi-lexikon","7":"first","8":"instock","9":"shipping-taxable","10":"product-type-simple"},"_links":{"self":[{"href":"https:\/\/uj.adatbank.ro\/lexikon\/wp-json\/wp\/v2\/product\/6022","targetHints":{"allow":["GET"]}}],"collection":[{"href":"https:\/\/uj.adatbank.ro\/lexikon\/wp-json\/wp\/v2\/product"}],"about":[{"href":"https:\/\/uj.adatbank.ro\/lexikon\/wp-json\/wp\/v2\/types\/product"}],"replies":[{"embeddable":true,"href":"https:\/\/uj.adatbank.ro\/lexikon\/wp-json\/wp\/v2\/comments?post=6022"}],"wp:attachment":[{"href":"https:\/\/uj.adatbank.ro\/lexikon\/wp-json\/wp\/v2\/media?parent=6022"}],"wp:term":[{"taxonomy":"product_brand","embeddable":true,"href":"https:\/\/uj.adatbank.ro\/lexikon\/wp-json\/wp\/v2\/product_brand?post=6022"},{"taxonomy":"product_cat","embeddable":true,"href":"https:\/\/uj.adatbank.ro\/lexikon\/wp-json\/wp\/v2\/product_cat?post=6022"},{"taxonomy":"product_tag","embeddable":true,"href":"https:\/\/uj.adatbank.ro\/lexikon\/wp-json\/wp\/v2\/product_tag?post=6022"}],"curies":[{"name":"wp","href":"https:\/\/api.w.org\/{rel}","templated":true}]}}

CSATHÓ Gábor, jankafalvi, Csató Gábor

<p>? † ? : alispán. – Felesége: bukuresti Bokor Júlia (1863 – Dicsőszentmárton, 1935. jan. 22.). Gyermekeik: Cs. Júlia Frankovich Lászlóné; Gábri Dr. Váró Gézáné; Margit dr. Barabás Béláné; Anna Király Lajosné; Jolán és Erzsébet. – Dicsőszentmártonban gazdatanácsosként tevékenykedett. Tagja volt a K. M. Természettud.-i Társulatnak (1892). Kis-Küküllő vm. alispánjává választották (1900), a megye utolsó m. alispánja volt (–1918). Memorandumot írt arról, hogyan lehetne a népet az amerikai kivándorlástól visszariasztani (1936). Az EMKE kisküküllőmegyei fiókjának alelnöke (1905–). – <strong>F. m.:</strong> Sándor János és br. Kemény János emlékezetéről. A Kisküküllővármegyei Földgáz Részvénytársaság 1922. évi augusztus hó 28. napján tartott közgyülésén – elnök által elmondott megnyító beszéd. (Dicsőszentmárton, 1922). <br /><strong>Irod.:</strong> Dicsőszentmárton; Dicsőszentmárton régi arca; Emlékkönyv a K. M. Természettud.-i Társulat félszázados jubileumán (Bp., 1892); Gyászjelentő; György 1926; Sándor</br></p>

<p>? † ? : alispán. – Felesége: bukuresti Bokor Júlia (1863 – Dicsőszentmárton, 1935. jan. 22.). Gyermekeik: Cs. Júlia Frankovich Lászlóné; Gábri Dr. Váró Gézáné; Margit dr. Barabás Béláné; Anna Király Lajosné; Jolán és Erzsébet. – Dicsőszentmártonban gazdatanácsosként tevékenykedett. Tagja volt a K. M. Természettud.-i Társulatnak (1892). Kis-Küküllő vm. alispánjává választották (1900), a megye utolsó m. [&hellip;]</p>
