{"id":6023,"date":"2025-06-28T17:37:55","date_gmt":"2025-06-28T15:37:55","guid":{"rendered":"https:\/\/uj.adatbank.ro\/lexikon\/termek\/csath-stancel-zamfira\/"},"modified":"2025-06-28T17:37:55","modified_gmt":"2025-06-28T15:37:55","slug":"csath-stancel-zamfira","status":"publish","type":"product","link":"https:\/\/uj.adatbank.ro\/lexikon\/termek\/csath-stancel-zamfira\/","title":{"rendered":"CSATH-ST\u00c2NCEL Zamfira"},"content":{"rendered":"<p>Torda, 1930. m\u00e1rc. 8., \u2020 Mv., 1997. nov. 18.: gy\u00f3gyszer\u00e9sz, egyetemi adjunktus \u2013 Vasutas apja r\u00e9v\u00e9n a csal\u00e1dja G\u00f6demesterh\u00e1z\u00e1ra ker\u00fclt. Tanulm\u00e1nyait a mv.-i Unirea L\u00edc.-ban (1948), \u00e9s a MOGYI gy\u00f3gyszer\u00e9szeti kar\u00e1n v\u00e9gezte (1953). A gy\u00f3gyszer\u00e9szeti tudom\u00e1nyok doktora (t\u00e9zise: Studiul unor noi tehnologii pentru imbun\u0103t\u0103\u0163irea calit\u0103\u0163ii emulsiilor farmaceutice cu ajutorul tensidelor, 1974). A MOGYI-n a gy\u00f3gyszertechnol\u00f3gia (Galenika) oktat\u00f3ja, gyakornok, tan\u00e1rseg\u00e9d majd adjunktus, a gyakorlatokat \u00e9s az el\u0151ad\u00e1sokat rom\u00e1n-m. nyelven tartotta nyugd\u00edjaz\u00e1s\u00e1ig (1953\u201387). \u2013 <strong>F. m.:<\/strong> <strong>t\u00e1rssz.:<\/strong> Farmacopeea Rom\u00e2n\u0103 (Buc., 1965); Tehnic\u0103 farmaceutic\u0103 (Buc., 1969, 1976); \u00cendrum\u0103tor pentru lucr\u0103ri practice de tehnic\u0103 farmaceutic\u0103 (1. Csegedi J\u00falia Jol\u00e1nnal; Tg. M., 1980; 2. \u00c1d\u00e1m Lajossal, Giurgiu Mihaijal; Tg. M., 1979; 3\u20134. Popovici, Adriana-, Sz\u00e1nt\u00f3 \u00c9v\u00e1val; Tg. M., 1980\u20131981); Gy\u00f3gyszertechnol\u00f3gia (Csegedi J\u00falia Jol\u00e1nnal; Mv., 1980). <br \/><strong>Irod.:<\/strong> Facultatea de Farmacie; Genersich; [Nekrol\u00f3g] (N\u00fa., 1997. nov. 20.); P\u00e9ter H. M.; R\u00e9thy\u2013\u00dajv\u00e1ri\u2013V\u00e1czy; Todea\u2013F\u00fcl\u00f6p\u2013Avram<\/br><\/p>\n","protected":false},"excerpt":{"rendered":"<p>Torda, 1930. m\u00e1rc. 8., \u2020 Mv., 1997. nov. 18.: gy\u00f3gyszer\u00e9sz, egyetemi adjunktus \u2013 Vasutas apja r\u00e9v\u00e9n a csal\u00e1dja G\u00f6demesterh\u00e1z\u00e1ra ker\u00fclt. Tanulm\u00e1nyait a mv.-i Unirea L\u00edc.-ban (1948), \u00e9s a MOGYI gy\u00f3gyszer\u00e9szeti kar\u00e1n v\u00e9gezte (1953). A gy\u00f3gyszer\u00e9szeti tudom\u00e1nyok doktora (t\u00e9zise: Studiul unor noi tehnologii pentru imbun\u0103t\u0103\u0163irea calit\u0103\u0163ii emulsiilor farmaceutice cu ajutorul tensidelor, 1974). A MOGYI-n a gy\u00f3gyszertechnol\u00f3gia [&hellip;]<\/p>\n","protected":false},"featured_media":0,"comment_status":"open","ping_status":"closed","template":"","meta":[],"product_brand":[],"product_cat":[137],"product_tag":[],"class_list":{"0":"post-6023","1":"product","2":"type-product","3":"status-publish","5":"product_cat-maros-megyei-eletrajzi-lexikon","7":"first","8":"instock","9":"shipping-taxable","10":"product-type-simple"},"_links":{"self":[{"href":"https:\/\/uj.adatbank.ro\/lexikon\/wp-json\/wp\/v2\/product\/6023","targetHints":{"allow":["GET"]}}],"collection":[{"href":"https:\/\/uj.adatbank.ro\/lexikon\/wp-json\/wp\/v2\/product"}],"about":[{"href":"https:\/\/uj.adatbank.ro\/lexikon\/wp-json\/wp\/v2\/types\/product"}],"replies":[{"embeddable":true,"href":"https:\/\/uj.adatbank.ro\/lexikon\/wp-json\/wp\/v2\/comments?post=6023"}],"wp:attachment":[{"href":"https:\/\/uj.adatbank.ro\/lexikon\/wp-json\/wp\/v2\/media?parent=6023"}],"wp:term":[{"taxonomy":"product_brand","embeddable":true,"href":"https:\/\/uj.adatbank.ro\/lexikon\/wp-json\/wp\/v2\/product_brand?post=6023"},{"taxonomy":"product_cat","embeddable":true,"href":"https:\/\/uj.adatbank.ro\/lexikon\/wp-json\/wp\/v2\/product_cat?post=6023"},{"taxonomy":"product_tag","embeddable":true,"href":"https:\/\/uj.adatbank.ro\/lexikon\/wp-json\/wp\/v2\/product_tag?post=6023"}],"curies":[{"name":"wp","href":"https:\/\/api.w.org\/{rel}","templated":true}]}}