{"id":6024,"date":"2025-06-28T17:37:58","date_gmt":"2025-06-28T15:37:58","guid":{"rendered":"https:\/\/uj.adatbank.ro\/lexikon\/termek\/csatlos-ferenc\/"},"modified":"2025-06-28T17:37:58","modified_gmt":"2025-06-28T15:37:58","slug":"csatlos-ferenc","status":"publish","type":"product","link":"https:\/\/uj.adatbank.ro\/lexikon\/termek\/csatlos-ferenc\/","title":{"rendered":"CSATL\u00d3S Ferenc"},"content":{"rendered":"<p>Holtmaros, 1882., \u2020 Holtmaros, 1971.: tartal\u00e9kos tizedes. \u2013 Alakulata: magyar kir\u00e1lyi 22. honv\u00e9d gyalogezred, 2. t\u00e1bori menetsz\u00e1zada. <strong>Kit\u00fcntet\u00e9sei:<\/strong> O1, O2, OB, Kcsk, a vit\u00e9zi avat\u00e1si id\u0151pont: 1942. m\u00e1rc. 1. <br \/><strong>Irod.:<\/strong> Berekm\u00e9ri\u2013Nemes<\/br><\/p>\n","protected":false},"excerpt":{"rendered":"<p>Holtmaros, 1882., \u2020 Holtmaros, 1971.: tartal\u00e9kos tizedes. \u2013 Alakulata: magyar kir\u00e1lyi 22. honv\u00e9d gyalogezred, 2. t\u00e1bori menetsz\u00e1zada. Kit\u00fcntet\u00e9sei: O1, O2, OB, Kcsk, a vit\u00e9zi avat\u00e1si id\u0151pont: 1942. m\u00e1rc. 1. Irod.: Berekm\u00e9ri\u2013Nemes<\/p>\n","protected":false},"featured_media":0,"comment_status":"open","ping_status":"closed","template":"","meta":[],"product_brand":[],"product_cat":[137],"product_tag":[],"class_list":{"0":"post-6024","1":"product","2":"type-product","3":"status-publish","5":"product_cat-maros-megyei-eletrajzi-lexikon","7":"first","8":"instock","9":"shipping-taxable","10":"product-type-simple"},"_links":{"self":[{"href":"https:\/\/uj.adatbank.ro\/lexikon\/wp-json\/wp\/v2\/product\/6024","targetHints":{"allow":["GET"]}}],"collection":[{"href":"https:\/\/uj.adatbank.ro\/lexikon\/wp-json\/wp\/v2\/product"}],"about":[{"href":"https:\/\/uj.adatbank.ro\/lexikon\/wp-json\/wp\/v2\/types\/product"}],"replies":[{"embeddable":true,"href":"https:\/\/uj.adatbank.ro\/lexikon\/wp-json\/wp\/v2\/comments?post=6024"}],"wp:attachment":[{"href":"https:\/\/uj.adatbank.ro\/lexikon\/wp-json\/wp\/v2\/media?parent=6024"}],"wp:term":[{"taxonomy":"product_brand","embeddable":true,"href":"https:\/\/uj.adatbank.ro\/lexikon\/wp-json\/wp\/v2\/product_brand?post=6024"},{"taxonomy":"product_cat","embeddable":true,"href":"https:\/\/uj.adatbank.ro\/lexikon\/wp-json\/wp\/v2\/product_cat?post=6024"},{"taxonomy":"product_tag","embeddable":true,"href":"https:\/\/uj.adatbank.ro\/lexikon\/wp-json\/wp\/v2\/product_tag?post=6024"}],"curies":[{"name":"wp","href":"https:\/\/api.w.org\/{rel}","templated":true}]}}