{"id":6029,"date":"2025-06-28T17:38:05","date_gmt":"2025-06-28T15:38:05","guid":{"rendered":"https:\/\/uj.adatbank.ro\/lexikon\/termek\/csato-csaba\/"},"modified":"2025-06-28T17:38:05","modified_gmt":"2025-06-28T15:38:05","slug":"csato-csaba","status":"publish","type":"product","link":"https:\/\/uj.adatbank.ro\/lexikon\/termek\/csato-csaba\/","title":{"rendered":"CSAT\u00d3 Csaba"},"content":{"rendered":"<p>1935., \u2020 1972.: egyetemi hallgat\u00f3. \u2013 Mv.-i. A Kv.-i Protest\u00e1ns Teol\u00f3giai Int\u00e9zet hallgat\u00f3ja volt. Letart\u00f3ztatt\u00e1k (1959. m\u00e1rc. 15). A kv.-i Katonai T\u00f6rv\u00e9nysz\u00e9k nyolc \u00e9v fegyh\u00e1zb\u00fcntet\u00e9sre it\u00e9lte (1859. m\u00e1j. 25. \u2013 1964. aug. 1. szabadul\u00e1s\u00e1ig). Post mortem a Haz\u00e1\u00e9rt \u00e9s a Szabads\u00e1g\u00e9rt 1956-os Eml\u00e9k\u00e9rmet kapott (1996). <br \/><strong>Irod.:<\/strong> T\u00f3falvi 5.<\/br><\/p>\n","protected":false},"excerpt":{"rendered":"<p>1935., \u2020 1972.: egyetemi hallgat\u00f3. \u2013 Mv.-i. A Kv.-i Protest\u00e1ns Teol\u00f3giai Int\u00e9zet hallgat\u00f3ja volt. Letart\u00f3ztatt\u00e1k (1959. m\u00e1rc. 15). A kv.-i Katonai T\u00f6rv\u00e9nysz\u00e9k nyolc \u00e9v fegyh\u00e1zb\u00fcntet\u00e9sre it\u00e9lte (1859. m\u00e1j. 25. \u2013 1964. aug. 1. szabadul\u00e1s\u00e1ig). Post mortem a Haz\u00e1\u00e9rt \u00e9s a Szabads\u00e1g\u00e9rt 1956-os Eml\u00e9k\u00e9rmet kapott (1996). Irod.: T\u00f3falvi 5.<\/p>\n","protected":false},"featured_media":0,"comment_status":"open","ping_status":"closed","template":"","meta":[],"product_brand":[],"product_cat":[137],"product_tag":[],"class_list":{"0":"post-6029","1":"product","2":"type-product","3":"status-publish","5":"product_cat-maros-megyei-eletrajzi-lexikon","7":"first","8":"instock","9":"shipping-taxable","10":"product-type-simple"},"_links":{"self":[{"href":"https:\/\/uj.adatbank.ro\/lexikon\/wp-json\/wp\/v2\/product\/6029","targetHints":{"allow":["GET"]}}],"collection":[{"href":"https:\/\/uj.adatbank.ro\/lexikon\/wp-json\/wp\/v2\/product"}],"about":[{"href":"https:\/\/uj.adatbank.ro\/lexikon\/wp-json\/wp\/v2\/types\/product"}],"replies":[{"embeddable":true,"href":"https:\/\/uj.adatbank.ro\/lexikon\/wp-json\/wp\/v2\/comments?post=6029"}],"wp:attachment":[{"href":"https:\/\/uj.adatbank.ro\/lexikon\/wp-json\/wp\/v2\/media?parent=6029"}],"wp:term":[{"taxonomy":"product_brand","embeddable":true,"href":"https:\/\/uj.adatbank.ro\/lexikon\/wp-json\/wp\/v2\/product_brand?post=6029"},{"taxonomy":"product_cat","embeddable":true,"href":"https:\/\/uj.adatbank.ro\/lexikon\/wp-json\/wp\/v2\/product_cat?post=6029"},{"taxonomy":"product_tag","embeddable":true,"href":"https:\/\/uj.adatbank.ro\/lexikon\/wp-json\/wp\/v2\/product_tag?post=6029"}],"curies":[{"name":"wp","href":"https:\/\/api.w.org\/{rel}","templated":true}]}}