{"id":6032,"date":"2025-06-28T17:38:12","date_gmt":"2025-06-28T15:38:12","guid":{"rendered":"https:\/\/uj.adatbank.ro\/lexikon\/termek\/csato-ferenc\/"},"modified":"2025-06-28T17:38:12","modified_gmt":"2025-06-28T15:38:12","slug":"csato-ferenc","status":"publish","type":"product","link":"https:\/\/uj.adatbank.ro\/lexikon\/termek\/csato-ferenc\/","title":{"rendered":"CSAT\u00d3 Ferenc"},"content":{"rendered":"<p>Cs\u00edkszentimre, 1845. okt. 9., \u2020\u00a01925. febr. 7.: r. k. pap. \u2013 A gimn. -ot Sz\u00e9kelyudvarhelyen, teol\u00f3gi\u00e1t Bp.-en \u00e9s a b\u00e9csi Augustineum Hittud. Kar\u00e1n v\u00e9gezte (1868\u201369). Felszentel\u00e9se ut\u00e1n Gyulafeh\u00e9rv\u00e1ron gimn.-i tan\u00e1r. K\u00e1pl\u00e1n \u00e9s gimn.-i tan\u00e1r volt Mv.-en (1870\u201374.). T\u00f6visen pl\u00e9b\u00e1nos (1874), nyugd\u00edjas (1901\u2013), majd pl\u00e9b\u00e1nos Cs\u00edkszentl\u00e9leken (1901), B\u00e1lv\u00e1nyosv\u00e1ralj\u00e1n, T\u00fcrk\u00f6s\u00f6n (1903) \u00e9s Sz\u00e9kelyp\u00e1lfalv\u00e1n szolg\u00e1lt (1911). <br \/><strong>Irod.:<\/strong> Ferenczi S\u00e1ndor 2009<\/br><\/p>\n","protected":false},"excerpt":{"rendered":"<p>Cs\u00edkszentimre, 1845. okt. 9., \u2020\u00a01925. febr. 7.: r. k. pap. \u2013 A gimn. -ot Sz\u00e9kelyudvarhelyen, teol\u00f3gi\u00e1t Bp.-en \u00e9s a b\u00e9csi Augustineum Hittud. Kar\u00e1n v\u00e9gezte (1868\u201369). Felszentel\u00e9se ut\u00e1n Gyulafeh\u00e9rv\u00e1ron gimn.-i tan\u00e1r. K\u00e1pl\u00e1n \u00e9s gimn.-i tan\u00e1r volt Mv.-en (1870\u201374.). T\u00f6visen pl\u00e9b\u00e1nos (1874), nyugd\u00edjas (1901\u2013), majd pl\u00e9b\u00e1nos Cs\u00edkszentl\u00e9leken (1901), B\u00e1lv\u00e1nyosv\u00e1ralj\u00e1n, T\u00fcrk\u00f6s\u00f6n (1903) \u00e9s Sz\u00e9kelyp\u00e1lfalv\u00e1n szolg\u00e1lt (1911). Irod.: Ferenczi [&hellip;]<\/p>\n","protected":false},"featured_media":0,"comment_status":"open","ping_status":"closed","template":"","meta":[],"product_brand":[],"product_cat":[137],"product_tag":[],"class_list":{"0":"post-6032","1":"product","2":"type-product","3":"status-publish","5":"product_cat-maros-megyei-eletrajzi-lexikon","7":"first","8":"instock","9":"shipping-taxable","10":"product-type-simple"},"_links":{"self":[{"href":"https:\/\/uj.adatbank.ro\/lexikon\/wp-json\/wp\/v2\/product\/6032","targetHints":{"allow":["GET"]}}],"collection":[{"href":"https:\/\/uj.adatbank.ro\/lexikon\/wp-json\/wp\/v2\/product"}],"about":[{"href":"https:\/\/uj.adatbank.ro\/lexikon\/wp-json\/wp\/v2\/types\/product"}],"replies":[{"embeddable":true,"href":"https:\/\/uj.adatbank.ro\/lexikon\/wp-json\/wp\/v2\/comments?post=6032"}],"wp:attachment":[{"href":"https:\/\/uj.adatbank.ro\/lexikon\/wp-json\/wp\/v2\/media?parent=6032"}],"wp:term":[{"taxonomy":"product_brand","embeddable":true,"href":"https:\/\/uj.adatbank.ro\/lexikon\/wp-json\/wp\/v2\/product_brand?post=6032"},{"taxonomy":"product_cat","embeddable":true,"href":"https:\/\/uj.adatbank.ro\/lexikon\/wp-json\/wp\/v2\/product_cat?post=6032"},{"taxonomy":"product_tag","embeddable":true,"href":"https:\/\/uj.adatbank.ro\/lexikon\/wp-json\/wp\/v2\/product_tag?post=6032"}],"curies":[{"name":"wp","href":"https:\/\/api.w.org\/{rel}","templated":true}]}}

CSATÓ Ferenc

<p>Csíkszentimre, 1845. okt. 9., † 1925. febr. 7.: r. k. pap. – A gimn. -ot Székelyudvarhelyen, teológiát Bp.-en és a bécsi Augustineum Hittud. Karán végezte (1868–69). Felszentelése után Gyulafehérváron gimn.-i tanár. Káplán és gimn.-i tanár volt Mv.-en (1870–74.). Tövisen plébános (1874), nyugdíjas (1901–), majd plébános Csíkszentléleken (1901), Bálványosváralján, Türkösön (1903) és Székelypálfalván szolgált (1911). <br /><strong>Irod.:</strong> Ferenczi Sándor 2009</br></p>

<p>Csíkszentimre, 1845. okt. 9., † 1925. febr. 7.: r. k. pap. – A gimn. -ot Székelyudvarhelyen, teológiát Bp.-en és a bécsi Augustineum Hittud. Karán végezte (1868–69). Felszentelése után Gyulafehérváron gimn.-i tanár. Káplán és gimn.-i tanár volt Mv.-en (1870–74.). Tövisen plébános (1874), nyugdíjas (1901–), majd plébános Csíkszentléleken (1901), Bálványosváralján, Türkösön (1903) és Székelypálfalván szolgált (1911). Irod.: Ferenczi [&hellip;]</p>
