{"id":6036,"date":"2025-06-28T17:38:19","date_gmt":"2025-06-28T15:38:19","guid":{"rendered":"https:\/\/uj.adatbank.ro\/lexikon\/termek\/csavar-bela\/"},"modified":"2025-06-28T17:38:19","modified_gmt":"2025-06-28T15:38:19","slug":"csavar-bela","status":"publish","type":"product","link":"https:\/\/uj.adatbank.ro\/lexikon\/termek\/csavar-bela\/","title":{"rendered":"CSAVAR B\u00e9la"},"content":{"rendered":"<p>Kov\u00e1szna megye, 1910. aug. \u2020 Mv., 1969. okt. 4.: p\u00e1rtakt\u00edvista. \u2013 Inas volt, majd lakatos k\u00fcl\u00f6nb\u00f6z\u0151 mag\u00e1nv\u00e1llalatokn\u00e1l (1928\u2013), f\u0171t\u0151 majd mozdonyvezet\u0151 lett (1941\u201353), ekkor kiemelt\u00e9k a termel\u00e9sb\u0151l \u00e9s bev\u00e1lasztott\u00e1k a mv.-i szakszervezek helyi tan\u00e1cs\u00e1ba. A tartom\u00e1nyi Szakszervezetek V\u00e1rosi majd Tartom\u00e1nyi Bizotts\u00e1g Tan\u00e1cs\u00e1nak eln\u00f6ke (1954\u201364), majd a mv.-i Cukorgy\u00e1r igazgat\u00f3ja hal\u00e1l\u00e1ig (1964\u201369). Kit\u00fcntett\u00e9k a RSZK \u00e9rdemrendj\u00e9vel \u00e9s \u00e9rdem\u00e9rm\u00e9vel. <br \/><strong>Irod.:<\/strong> Bartos 2012; CS. B. [Nekrol\u00f3g] (V. Z., 1969. okt. 7.); Id\u0151t\u00e1r 4.<\/br><\/p>\n","protected":false},"excerpt":{"rendered":"<p>Kov\u00e1szna megye, 1910. aug. \u2020 Mv., 1969. okt. 4.: p\u00e1rtakt\u00edvista. \u2013 Inas volt, majd lakatos k\u00fcl\u00f6nb\u00f6z\u0151 mag\u00e1nv\u00e1llalatokn\u00e1l (1928\u2013), f\u0171t\u0151 majd mozdonyvezet\u0151 lett (1941\u201353), ekkor kiemelt\u00e9k a termel\u00e9sb\u0151l \u00e9s bev\u00e1lasztott\u00e1k a mv.-i szakszervezek helyi tan\u00e1cs\u00e1ba. A tartom\u00e1nyi Szakszervezetek V\u00e1rosi majd Tartom\u00e1nyi Bizotts\u00e1g Tan\u00e1cs\u00e1nak eln\u00f6ke (1954\u201364), majd a mv.-i Cukorgy\u00e1r igazgat\u00f3ja hal\u00e1l\u00e1ig (1964\u201369). Kit\u00fcntett\u00e9k a RSZK \u00e9rdemrendj\u00e9vel [&hellip;]<\/p>\n","protected":false},"featured_media":0,"comment_status":"open","ping_status":"closed","template":"","meta":[],"product_brand":[],"product_cat":[137],"product_tag":[],"class_list":{"0":"post-6036","1":"product","2":"type-product","3":"status-publish","5":"product_cat-maros-megyei-eletrajzi-lexikon","7":"first","8":"instock","9":"shipping-taxable","10":"product-type-simple"},"_links":{"self":[{"href":"https:\/\/uj.adatbank.ro\/lexikon\/wp-json\/wp\/v2\/product\/6036","targetHints":{"allow":["GET"]}}],"collection":[{"href":"https:\/\/uj.adatbank.ro\/lexikon\/wp-json\/wp\/v2\/product"}],"about":[{"href":"https:\/\/uj.adatbank.ro\/lexikon\/wp-json\/wp\/v2\/types\/product"}],"replies":[{"embeddable":true,"href":"https:\/\/uj.adatbank.ro\/lexikon\/wp-json\/wp\/v2\/comments?post=6036"}],"wp:attachment":[{"href":"https:\/\/uj.adatbank.ro\/lexikon\/wp-json\/wp\/v2\/media?parent=6036"}],"wp:term":[{"taxonomy":"product_brand","embeddable":true,"href":"https:\/\/uj.adatbank.ro\/lexikon\/wp-json\/wp\/v2\/product_brand?post=6036"},{"taxonomy":"product_cat","embeddable":true,"href":"https:\/\/uj.adatbank.ro\/lexikon\/wp-json\/wp\/v2\/product_cat?post=6036"},{"taxonomy":"product_tag","embeddable":true,"href":"https:\/\/uj.adatbank.ro\/lexikon\/wp-json\/wp\/v2\/product_tag?post=6036"}],"curies":[{"name":"wp","href":"https:\/\/api.w.org\/{rel}","templated":true}]}}

CSAVAR Béla

<p>Kovászna megye, 1910. aug. † Mv., 1969. okt. 4.: pártaktívista. – Inas volt, majd lakatos különböző magánvállalatoknál (1928–), fűtő majd mozdonyvezető lett (1941–53), ekkor kiemelték a termelésből és beválasztották a mv.-i szakszervezek helyi tanácsába. A tartományi Szakszervezetek Városi majd Tartományi Bizottság Tanácsának elnöke (1954–64), majd a mv.-i Cukorgyár igazgatója haláláig (1964–69). Kitüntették a RSZK érdemrendjével és érdemérmével. <br /><strong>Irod.:</strong> Bartos 2012; CS. B. [Nekrológ] (V. Z., 1969. okt. 7.); Időtár 4.</br></p>

<p>Kovászna megye, 1910. aug. † Mv., 1969. okt. 4.: pártaktívista. – Inas volt, majd lakatos különböző magánvállalatoknál (1928–), fűtő majd mozdonyvezető lett (1941–53), ekkor kiemelték a termelésből és beválasztották a mv.-i szakszervezek helyi tanácsába. A tartományi Szakszervezetek Városi majd Tartományi Bizottság Tanácsának elnöke (1954–64), majd a mv.-i Cukorgyár igazgatója haláláig (1964–69). Kitüntették a RSZK érdemrendjével [&hellip;]</p>
