{"id":6060,"date":"2025-06-28T17:39:10","date_gmt":"2025-06-28T15:39:10","guid":{"rendered":"https:\/\/uj.adatbank.ro\/lexikon\/termek\/csedo-andras\/"},"modified":"2025-06-28T17:39:10","modified_gmt":"2025-06-28T15:39:10","slug":"csedo-andras","status":"publish","type":"product","link":"https:\/\/uj.adatbank.ro\/lexikon\/termek\/csedo-andras\/","title":{"rendered":"CSED\u0150 Andr\u00e1s"},"content":{"rendered":"<p>Cs\u00edkszentgy\u00f6rgy, ? \u2020 1741.: rom. kat. pap \u2013 Kv.-on \u00e9s Nagyszombaton tanult. Pl\u00e9b\u00e1nos Sz\u00e9kelyhodoson (1716). Marosi f\u0151esperes (1718\u201329). Pl\u00e9b\u00e1nos Cs\u00edknagyboldogasszonyon (1729). <br \/><strong>Irod.:<\/strong> Ferenczi S\u00e1ndor 2009; P\u00e1l-Antal 2004<\/br><\/p>\n","protected":false},"excerpt":{"rendered":"<p>Cs\u00edkszentgy\u00f6rgy, ? \u2020 1741.: rom. kat. pap \u2013 Kv.-on \u00e9s Nagyszombaton tanult. Pl\u00e9b\u00e1nos Sz\u00e9kelyhodoson (1716). Marosi f\u0151esperes (1718\u201329). Pl\u00e9b\u00e1nos Cs\u00edknagyboldogasszonyon (1729). Irod.: Ferenczi S\u00e1ndor 2009; P\u00e1l-Antal 2004<\/p>\n","protected":false},"featured_media":0,"comment_status":"open","ping_status":"closed","template":"","meta":[],"product_brand":[],"product_cat":[137],"product_tag":[],"class_list":{"0":"post-6060","1":"product","2":"type-product","3":"status-publish","5":"product_cat-maros-megyei-eletrajzi-lexikon","7":"first","8":"instock","9":"shipping-taxable","10":"product-type-simple"},"_links":{"self":[{"href":"https:\/\/uj.adatbank.ro\/lexikon\/wp-json\/wp\/v2\/product\/6060","targetHints":{"allow":["GET"]}}],"collection":[{"href":"https:\/\/uj.adatbank.ro\/lexikon\/wp-json\/wp\/v2\/product"}],"about":[{"href":"https:\/\/uj.adatbank.ro\/lexikon\/wp-json\/wp\/v2\/types\/product"}],"replies":[{"embeddable":true,"href":"https:\/\/uj.adatbank.ro\/lexikon\/wp-json\/wp\/v2\/comments?post=6060"}],"wp:attachment":[{"href":"https:\/\/uj.adatbank.ro\/lexikon\/wp-json\/wp\/v2\/media?parent=6060"}],"wp:term":[{"taxonomy":"product_brand","embeddable":true,"href":"https:\/\/uj.adatbank.ro\/lexikon\/wp-json\/wp\/v2\/product_brand?post=6060"},{"taxonomy":"product_cat","embeddable":true,"href":"https:\/\/uj.adatbank.ro\/lexikon\/wp-json\/wp\/v2\/product_cat?post=6060"},{"taxonomy":"product_tag","embeddable":true,"href":"https:\/\/uj.adatbank.ro\/lexikon\/wp-json\/wp\/v2\/product_tag?post=6060"}],"curies":[{"name":"wp","href":"https:\/\/api.w.org\/{rel}","templated":true}]}}