{"id":6070,"date":"2025-06-28T17:39:47","date_gmt":"2025-06-28T15:39:47","guid":{"rendered":"https:\/\/uj.adatbank.ro\/lexikon\/termek\/cseh-andras-andor\/"},"modified":"2025-06-28T17:39:47","modified_gmt":"2025-06-28T15:39:47","slug":"cseh-andras-andor","status":"publish","type":"product","link":"https:\/\/uj.adatbank.ro\/lexikon\/termek\/cseh-andras-andor\/","title":{"rendered":"CSEH Andr\u00e1s Andor"},"content":{"rendered":"<p>Marosludas, 1895. szept. 12., \u2020 H\u00e1ga, (Holl.), 1979. m\u00e1rc. 9. A kerkhofflaani rom. kat temet\u0151ben nyugszik.: r. k. pap, nyelvpedag\u00f3gus, eszperantista. \u2013 Erd\u00e9lyi egyhm-s papp\u00e1 szentelt\u00e9k (1919). K\u00e1pl\u00e1n t\u00f6bb v\u00e1rosban, pl\u00e9b\u00e1nos Marosportuson (1926\u201327). Az eszper\u00e1nt\u00f3 nyelv kutatja (1910\u2013). Kidolgozta az eszper\u00e1nt\u00f3 nyelv oktat\u00e1si rendszer\u00e9t, melynek sikere ut\u00e1n megh\u00edvt\u00e1k Mv.-re, majd Kv.-ra, Buk. -be. \u00dajj\u00e1szervezte a rom\u00e1niai eszper\u00e1nt\u00f3 mozgalmat \u00e9s az Eszper\u00e1nt\u00f3 Vil\u00e1gsz\u00f6vets\u00e9g rom\u00e1niai f\u0151deleg\u00e1tusa (1921), megalap\u00edtotta a Rom\u00e1n Eszperant\u00f3 K\u00f6zpontot (1922). Elbocs\u00e1tott\u00e1k az egyh\u00e1zmegy\u00e9b\u0151l, \u00edgy \u00e9let\u00e9t az eszperant\u00f3nak szentelte (1924). Genfben, Gdanskban, Bp.-en, Sv\u00e9dorsz\u00e1gban, \u00c9sztorsz\u00e1gban tan\u00edtott (1924\u2013), Hollandi\u00e1ban tan\u00edtott (1930\u2013), ahol r\u00f3la nevezt\u00e9k el a ma is m\u0171k\u00f6d\u0151 Nemzetk\u00f6zi Cseh Int\u00e9zetet. Paps\u00e1g\u00e1b\u00f3l felf\u00fcggesztett\u00e9k (1935\u2013), \u00e9s rehabilit\u00e1lt\u00e1k (1978\u2013). Az Eszperant\u00f3 Vil\u00e1gsz\u00f6vets\u00e9g tb. (1934), az Eszper\u00e1nt\u00f3 Akad. tagja (1938\u201369). Foly\u00f3iratot alap\u00edtott La Praktiko c. -mel \u00e9s szerk. -e is t\u00f6bb \u00e9vig (1931\u201341, 1946, 1948\u201379). <br \/><strong>Irod.:<\/strong> Ferenczi S\u00e1ndor 2009; MKL; R\u00daL<\/br><\/p>\n","protected":false},"excerpt":{"rendered":"<p>Marosludas, 1895. szept. 12., \u2020 H\u00e1ga, (Holl.), 1979. m\u00e1rc. 9. A kerkhofflaani rom. kat temet\u0151ben nyugszik.: r. k. pap, nyelvpedag\u00f3gus, eszperantista. \u2013 Erd\u00e9lyi egyhm-s papp\u00e1 szentelt\u00e9k (1919). K\u00e1pl\u00e1n t\u00f6bb v\u00e1rosban, pl\u00e9b\u00e1nos Marosportuson (1926\u201327). Az eszper\u00e1nt\u00f3 nyelv kutatja (1910\u2013). Kidolgozta az eszper\u00e1nt\u00f3 nyelv oktat\u00e1si rendszer\u00e9t, melynek sikere ut\u00e1n megh\u00edvt\u00e1k Mv.-re, majd Kv.-ra, Buk. -be. \u00dajj\u00e1szervezte a [&hellip;]<\/p>\n","protected":false},"featured_media":0,"comment_status":"open","ping_status":"closed","template":"","meta":[],"product_brand":[],"product_cat":[137],"product_tag":[],"class_list":{"0":"post-6070","1":"product","2":"type-product","3":"status-publish","5":"product_cat-maros-megyei-eletrajzi-lexikon","7":"first","8":"instock","9":"shipping-taxable","10":"product-type-simple"},"_links":{"self":[{"href":"https:\/\/uj.adatbank.ro\/lexikon\/wp-json\/wp\/v2\/product\/6070","targetHints":{"allow":["GET"]}}],"collection":[{"href":"https:\/\/uj.adatbank.ro\/lexikon\/wp-json\/wp\/v2\/product"}],"about":[{"href":"https:\/\/uj.adatbank.ro\/lexikon\/wp-json\/wp\/v2\/types\/product"}],"replies":[{"embeddable":true,"href":"https:\/\/uj.adatbank.ro\/lexikon\/wp-json\/wp\/v2\/comments?post=6070"}],"wp:attachment":[{"href":"https:\/\/uj.adatbank.ro\/lexikon\/wp-json\/wp\/v2\/media?parent=6070"}],"wp:term":[{"taxonomy":"product_brand","embeddable":true,"href":"https:\/\/uj.adatbank.ro\/lexikon\/wp-json\/wp\/v2\/product_brand?post=6070"},{"taxonomy":"product_cat","embeddable":true,"href":"https:\/\/uj.adatbank.ro\/lexikon\/wp-json\/wp\/v2\/product_cat?post=6070"},{"taxonomy":"product_tag","embeddable":true,"href":"https:\/\/uj.adatbank.ro\/lexikon\/wp-json\/wp\/v2\/product_tag?post=6070"}],"curies":[{"name":"wp","href":"https:\/\/api.w.org\/{rel}","templated":true}]}}

CSEH András Andor

<p>Marosludas, 1895. szept. 12., † Hága, (Holl.), 1979. márc. 9. A kerkhofflaani rom. kat temetőben nyugszik.: r. k. pap, nyelvpedagógus, eszperantista. – Erdélyi egyhm-s pappá szentelték (1919). Káplán több városban, plébános Marosportuson (1926–27). Az eszperántó nyelv kutatja (1910–). Kidolgozta az eszperántó nyelv oktatási rendszerét, melynek sikere után meghívták Mv.-re, majd Kv.-ra, Buk. -be. Újjászervezte a romániai eszperántó mozgalmat és az Eszperántó Világszövetség romániai fődelegátusa (1921), megalapította a Román Eszperantó Központot (1922). Elbocsátották az egyházmegyéből, így életét az eszperantónak szentelte (1924). Genfben, Gdanskban, Bp.-en, Svédországban, Észtországban tanított (1924–), Hollandiában tanított (1930–), ahol róla nevezték el a ma is működő Nemzetközi Cseh Intézetet. Papságából felfüggesztették (1935–), és rehabilitálták (1978–). Az Eszperantó Világszövetség tb. (1934), az Eszperántó Akad. tagja (1938–69). Folyóiratot alapított La Praktiko c. -mel és szerk. -e is több évig (1931–41, 1946, 1948–79). <br /><strong>Irod.:</strong> Ferenczi Sándor 2009; MKL; RÚL</br></p>

<p>Marosludas, 1895. szept. 12., † Hága, (Holl.), 1979. márc. 9. A kerkhofflaani rom. kat temetőben nyugszik.: r. k. pap, nyelvpedagógus, eszperantista. – Erdélyi egyhm-s pappá szentelték (1919). Káplán több városban, plébános Marosportuson (1926–27). Az eszperántó nyelv kutatja (1910–). Kidolgozta az eszperántó nyelv oktatási rendszerét, melynek sikere után meghívták Mv.-re, majd Kv.-ra, Buk. -be. Újjászervezte a [&hellip;]</p>
