{"id":6079,"date":"2025-06-28T17:40:07","date_gmt":"2025-06-28T15:40:07","guid":{"rendered":"https:\/\/uj.adatbank.ro\/lexikon\/termek\/cseh-zoltan-dr-%c2%a7\/"},"modified":"2025-06-28T17:40:07","modified_gmt":"2025-06-28T15:40:07","slug":"cseh-zoltan-dr-%c2%a7","status":"publish","type":"product","link":"https:\/\/uj.adatbank.ro\/lexikon\/termek\/cseh-zoltan-dr-%c2%a7\/","title":{"rendered":"CSEH Zolt\u00e1n, dr. \u00a7"},"content":{"rendered":"<p>Kv., 1930. m\u00e1rc. 27., \u2020 Tatab\u00e1nya, 2006. febr. 22., Mv.-en a ref. temet\u0151ben nyugszik: orvos, adjunktus. \u2013 Feles\u00e9ge: dr. B\u00edr\u00f3 Felicia (1929\u20132012), gyermekorvos, m\u0171kedvel\u0151 fest\u0151m\u0171v\u00e9sz. Az OGYI Gyermekgy\u00f3gy\u00e1sz kar\u00e1n v\u00e9gzett (1954) \u00e9s a Gyermekklinik\u00e1n dolgozott. \u2013 A k\u00f6z\u00e9piskol\u00e1t kv-i. Ref. Koll.-ban (1948), az orvosit a MOGYI \u00c1ltal\u00e1nos Orvosi Kar\u00e1n v\u00e9gezte (1954). K\u00f6rorvos Ajtony-ban (1954\u201358), fogorvosi szakk\u00e9pes\u00edt\u0151 tanfolyamon vett r\u00e9szt az OGYI-n Kv.-on (1959), Cs\u00edkszered\u00e1ban fogorvos \u00e9s a rajoni Fog\u00e1szati H\u00e1l\u00f3zat vezet\u0151i tiszts\u00e9g\u00e9t is ell\u00e1tta (1959\u201363), fogszakorvosi vizsg\u00e1t tett (1962). Kinevezt\u00e9k a MOGYI Fogorvostudom\u00e1nyi Fog\u00e1szati Propedeutika Tansz\u00e9k\u00e9re tan\u00e1rseg\u00e9dnek (1963. febr. 1. \u201376) a m. nyelv\u0171 el\u0151ad\u00e1sokat tartotta, adjunktus nyugd\u00edjaz\u00e1s\u00e1ig (1976\u201390). R\u00e9szt vett a gyakorlati oktat\u00e1sban is \u00e9s a betegell\u00e1t\u00e1sban a II. sz. Feln\u0151tt Fog\u00e1szati Poliklinik\u00e1n. A Fog\u00e1szati Protetika tansz\u00e9ken is tartott el\u0151ad\u00e1sokat helyettes\u00edt\u0151k\u00e9nt. Kutat\u00e1sainak c\u00e9lja az alum\u00ednium\u00f6tv\u00f6zetnek a fog\u00e1szati protetik\u00e1ban val\u00f3 felhaszn\u00e1l\u00e1sa \u00d6t \u00faj\u00edt\u00e1st vezetett be, elk\u00e9sz\u00edtette a doktori disszert\u00e1ci\u00f3j\u00e1t, dr. Guzner Mikl\u00f3s, majd prof. docens-dr. Cs\u0151g\u00f6r Lajos ir\u00e1ny\u00edt\u00e1s\u00e1val (1974). Nyugd\u00edjba vonult (1990) \u2013 <strong>F. m.:<\/strong> Contribu\u0163ii la confec\u0163ionarea \u015fi aplicarea protezelor totale cu baz\u0103 metalic\u0103. Proteza cu baz\u0103 de aluminiu (doktori disszert\u00e1ci\u00f3, Mv., 1973); <strong>t\u00e1rssz.:<\/strong> Curs de propedeutic\u0103 stomatologic\u0103 protetic\u0103 (2. k\u00f6t.; Ieremia Lucian-nal; Tg. M., 1977); Curs de protetic\u0103 dentar\u0103 (Ieremia Lucian-; Mocanu-Bardac Venera-val; Tg. M., 1981); Tehnici dentare speciale de protezare total\u0103 (Ieremia Lucian-; Mocanu-Bardac Venera-val; Buc., 1981); Curs de practic\u0103 dentar\u0103. Aspecte chimice, terapeutice \u015fi tehnice \u00een edenta\u0163ia total\u0103. Pentru uzul studen\u0163ilor. Facultatea de stomatologie. (Tg. M., 1981); Curs de propedeutic\u0103 stomatologic\u0103. Microprotezele (Mocanu-Bardac Venera-val; Tg. M., 1983), ford: Ieremia Lucian: Fog\u00e1szati propedeutika. A teljes prot\u00e9zis. El\u0151ad\u00e1sok 1. k. (Mv., 1979);. <br \/><strong>Irod.:<\/strong> Genersich; Barab\u00e1s-P\u00e9ter M.\u2013P\u00e9ter H. M.; P\u00e9ter Mih\u00e1ly 2006; R\u00e9thy\u2013\u00dajv\u00e1ri\u2013V\u00e1czy<\/br><\/p>\n","protected":false},"excerpt":{"rendered":"<p>Kv., 1930. m\u00e1rc. 27., \u2020 Tatab\u00e1nya, 2006. febr. 22., Mv.-en a ref. temet\u0151ben nyugszik: orvos, adjunktus. \u2013 Feles\u00e9ge: dr. B\u00edr\u00f3 Felicia (1929\u20132012), gyermekorvos, m\u0171kedvel\u0151 fest\u0151m\u0171v\u00e9sz. Az OGYI Gyermekgy\u00f3gy\u00e1sz kar\u00e1n v\u00e9gzett (1954) \u00e9s a Gyermekklinik\u00e1n dolgozott. \u2013 A k\u00f6z\u00e9piskol\u00e1t kv-i. Ref. Koll.-ban (1948), az orvosit a MOGYI \u00c1ltal\u00e1nos Orvosi Kar\u00e1n v\u00e9gezte (1954). K\u00f6rorvos Ajtony-ban (1954\u201358), fogorvosi [&hellip;]<\/p>\n","protected":false},"featured_media":0,"comment_status":"open","ping_status":"closed","template":"","meta":[],"product_brand":[],"product_cat":[137],"product_tag":[],"class_list":{"0":"post-6079","1":"product","2":"type-product","3":"status-publish","5":"product_cat-maros-megyei-eletrajzi-lexikon","7":"first","8":"instock","9":"shipping-taxable","10":"product-type-simple"},"_links":{"self":[{"href":"https:\/\/uj.adatbank.ro\/lexikon\/wp-json\/wp\/v2\/product\/6079","targetHints":{"allow":["GET"]}}],"collection":[{"href":"https:\/\/uj.adatbank.ro\/lexikon\/wp-json\/wp\/v2\/product"}],"about":[{"href":"https:\/\/uj.adatbank.ro\/lexikon\/wp-json\/wp\/v2\/types\/product"}],"replies":[{"embeddable":true,"href":"https:\/\/uj.adatbank.ro\/lexikon\/wp-json\/wp\/v2\/comments?post=6079"}],"wp:attachment":[{"href":"https:\/\/uj.adatbank.ro\/lexikon\/wp-json\/wp\/v2\/media?parent=6079"}],"wp:term":[{"taxonomy":"product_brand","embeddable":true,"href":"https:\/\/uj.adatbank.ro\/lexikon\/wp-json\/wp\/v2\/product_brand?post=6079"},{"taxonomy":"product_cat","embeddable":true,"href":"https:\/\/uj.adatbank.ro\/lexikon\/wp-json\/wp\/v2\/product_cat?post=6079"},{"taxonomy":"product_tag","embeddable":true,"href":"https:\/\/uj.adatbank.ro\/lexikon\/wp-json\/wp\/v2\/product_tag?post=6079"}],"curies":[{"name":"wp","href":"https:\/\/api.w.org\/{rel}","templated":true}]}}

CSEH Zoltán, dr. §

<p>Kv., 1930. márc. 27., † Tatabánya, 2006. febr. 22., Mv.-en a ref. temetőben nyugszik: orvos, adjunktus. – Felesége: dr. Bíró Felicia (1929–2012), gyermekorvos, műkedvelő festőművész. Az OGYI Gyermekgyógyász karán végzett (1954) és a Gyermekklinikán dolgozott. – A középiskolát kv-i. Ref. Koll.-ban (1948), az orvosit a MOGYI Általános Orvosi Karán végezte (1954). Körorvos Ajtony-ban (1954–58), fogorvosi szakképesítő tanfolyamon vett részt az OGYI-n Kv.-on (1959), Csíkszeredában fogorvos és a rajoni Fogászati Hálózat vezetői tisztségét is ellátta (1959–63), fogszakorvosi vizsgát tett (1962). Kinevezték a MOGYI Fogorvostudományi Fogászati Propedeutika Tanszékére tanársegédnek (1963. febr. 1. –76) a m. nyelvű előadásokat tartotta, adjunktus nyugdíjazásáig (1976–90). Részt vett a gyakorlati oktatásban is és a betegellátásban a II. sz. Felnőtt Fogászati Poliklinikán. A Fogászati Protetika tanszéken is tartott előadásokat helyettesítőként. Kutatásainak célja az alumíniumötvözetnek a fogászati protetikában való felhasználása Öt újítást vezetett be, elkészítette a doktori disszertációját, dr. Guzner Miklós, majd prof. docens-dr. Csőgör Lajos irányításával (1974). Nyugdíjba vonult (1990) – <strong>F. m.:</strong> Contribuţii la confecţionarea şi aplicarea protezelor totale cu bază metalică. Proteza cu bază de aluminiu (doktori disszertáció, Mv., 1973); <strong>társsz.:</strong> Curs de propedeutică stomatologică protetică (2. köt.; Ieremia Lucian-nal; Tg. M., 1977); Curs de protetică dentară (Ieremia Lucian-; Mocanu-Bardac Venera-val; Tg. M., 1981); Tehnici dentare speciale de protezare totală (Ieremia Lucian-; Mocanu-Bardac Venera-val; Buc., 1981); Curs de practică dentară. Aspecte chimice, terapeutice şi tehnice în edentaţia totală. Pentru uzul studenţilor. Facultatea de stomatologie. (Tg. M., 1981); Curs de propedeutică stomatologică. Microprotezele (Mocanu-Bardac Venera-val; Tg. M., 1983), ford: Ieremia Lucian: Fogászati propedeutika. A teljes protézis. Előadások 1. k. (Mv., 1979);. <br /><strong>Irod.:</strong> Genersich; Barabás-Péter M.–Péter H. M.; Péter Mihály 2006; Réthy–Újvári–Váczy</br></p>

<p>Kv., 1930. márc. 27., † Tatabánya, 2006. febr. 22., Mv.-en a ref. temetőben nyugszik: orvos, adjunktus. – Felesége: dr. Bíró Felicia (1929–2012), gyermekorvos, műkedvelő festőművész. Az OGYI Gyermekgyógyász karán végzett (1954) és a Gyermekklinikán dolgozott. – A középiskolát kv-i. Ref. Koll.-ban (1948), az orvosit a MOGYI Általános Orvosi Karán végezte (1954). Körorvos Ajtony-ban (1954–58), fogorvosi [&hellip;]</p>
