{"id":6082,"date":"2025-06-28T17:40:11","date_gmt":"2025-06-28T15:40:11","guid":{"rendered":"https:\/\/uj.adatbank.ro\/lexikon\/termek\/csehy-arpad-%c2%a7-szigeti\/"},"modified":"2025-06-28T17:40:11","modified_gmt":"2025-06-28T15:40:11","slug":"csehy-arpad-%c2%a7-szigeti","status":"publish","type":"product","link":"https:\/\/uj.adatbank.ro\/lexikon\/termek\/csehy-arpad-%c2%a7-szigeti\/","title":{"rendered":"CSEHY \u00c1rp\u00e1d, \u00a7 szigeti"},"content":{"rendered":"<p>Nasz\u00f3d, 1896., \u2020\u00a0? : hadnagy, k\u00f6nyvel\u0151 Mv.-en. \u2013 A els\u0151 vh.-ban harcolt a 22. gy. ezredben, (1915. m\u00e1j. 15\u2013), a Papp dand\u00e1rral (1916. jan-\u00e1pr) a Russ k\u00fcl\u00f6n\u00edtmenyn\u00e9l (1916 aug. &#8211; 1917 febr, ), a 2. gy. e.-ben (1917\u2013). Leszerelt (1918. nov. 19) kit\u00fcntet\u00e9sekkel. <br \/><strong>Irod.:<\/strong> Erd\u00e9lyi ezredek<\/br><\/p>\n","protected":false},"excerpt":{"rendered":"<p>Nasz\u00f3d, 1896., \u2020\u00a0? : hadnagy, k\u00f6nyvel\u0151 Mv.-en. \u2013 A els\u0151 vh.-ban harcolt a 22. gy. ezredben, (1915. m\u00e1j. 15\u2013), a Papp dand\u00e1rral (1916. jan-\u00e1pr) a Russ k\u00fcl\u00f6n\u00edtmenyn\u00e9l (1916 aug. &#8211; 1917 febr, ), a 2. gy. e.-ben (1917\u2013). Leszerelt (1918. nov. 19) kit\u00fcntet\u00e9sekkel. Irod.: Erd\u00e9lyi ezredek<\/p>\n","protected":false},"featured_media":0,"comment_status":"open","ping_status":"closed","template":"","meta":[],"product_brand":[],"product_cat":[137],"product_tag":[],"class_list":{"0":"post-6082","1":"product","2":"type-product","3":"status-publish","5":"product_cat-maros-megyei-eletrajzi-lexikon","7":"first","8":"instock","9":"shipping-taxable","10":"product-type-simple"},"_links":{"self":[{"href":"https:\/\/uj.adatbank.ro\/lexikon\/wp-json\/wp\/v2\/product\/6082","targetHints":{"allow":["GET"]}}],"collection":[{"href":"https:\/\/uj.adatbank.ro\/lexikon\/wp-json\/wp\/v2\/product"}],"about":[{"href":"https:\/\/uj.adatbank.ro\/lexikon\/wp-json\/wp\/v2\/types\/product"}],"replies":[{"embeddable":true,"href":"https:\/\/uj.adatbank.ro\/lexikon\/wp-json\/wp\/v2\/comments?post=6082"}],"wp:attachment":[{"href":"https:\/\/uj.adatbank.ro\/lexikon\/wp-json\/wp\/v2\/media?parent=6082"}],"wp:term":[{"taxonomy":"product_brand","embeddable":true,"href":"https:\/\/uj.adatbank.ro\/lexikon\/wp-json\/wp\/v2\/product_brand?post=6082"},{"taxonomy":"product_cat","embeddable":true,"href":"https:\/\/uj.adatbank.ro\/lexikon\/wp-json\/wp\/v2\/product_cat?post=6082"},{"taxonomy":"product_tag","embeddable":true,"href":"https:\/\/uj.adatbank.ro\/lexikon\/wp-json\/wp\/v2\/product_tag?post=6082"}],"curies":[{"name":"wp","href":"https:\/\/api.w.org\/{rel}","templated":true}]}}