{"id":6083,"date":"2025-06-28T17:40:13","date_gmt":"2025-06-28T15:40:13","guid":{"rendered":"https:\/\/uj.adatbank.ro\/lexikon\/termek\/csehy-ferenc-csehy-franciscus-cseny-ferenc\/"},"modified":"2025-06-28T17:40:13","modified_gmt":"2025-06-28T15:40:13","slug":"csehy-ferenc-csehy-franciscus-cseny-ferenc","status":"publish","type":"product","link":"https:\/\/uj.adatbank.ro\/lexikon\/termek\/csehy-ferenc-csehy-franciscus-cseny-ferenc\/","title":{"rendered":"CSEHY Ferenc, Csehy Franciscus, Cs\u00e9ny Ferenc"},"content":{"rendered":"<p>Mv., 1652, \u2020 Mv., 1676.: jezsuita tan\u00e1r. \u2013 Tanulm\u00e1nyainak elv\u00e9gz\u00e9se ut\u00e1n Mv-en l\u00e9pett a jezsuita rendbe, t\u00f6bb \u00e9vig volt a latin nyelv tan\u00e1ra \u00e9s egyh\u00e1zi besz\u00e9deket tartott. Ludovico de Ponte elm\u00e9lked\u00e9seit ford\u00edtotta magyarra, de betegesked\u00e9se \u00e9s hal\u00e1la megakad\u00e1lyozta befejez\u00e9s\u00e9t, k\u00e9s\u0151bb Wenner Jakab fejezte be \u00e9s adta ki (1717). \u2013 <strong>F. m.:<\/strong> Dupont Lajosnak szent elm\u00e9lked\u00e9sei (1717). <br \/><strong>Irod.:<\/strong> Hor\u00e1nyi; Szinnyei<\/br><\/p>\n","protected":false},"excerpt":{"rendered":"<p>Mv., 1652, \u2020 Mv., 1676.: jezsuita tan\u00e1r. \u2013 Tanulm\u00e1nyainak elv\u00e9gz\u00e9se ut\u00e1n Mv-en l\u00e9pett a jezsuita rendbe, t\u00f6bb \u00e9vig volt a latin nyelv tan\u00e1ra \u00e9s egyh\u00e1zi besz\u00e9deket tartott. Ludovico de Ponte elm\u00e9lked\u00e9seit ford\u00edtotta magyarra, de betegesked\u00e9se \u00e9s hal\u00e1la megakad\u00e1lyozta befejez\u00e9s\u00e9t, k\u00e9s\u0151bb Wenner Jakab fejezte be \u00e9s adta ki (1717). \u2013 F. m.: Dupont Lajosnak szent elm\u00e9lked\u00e9sei [&hellip;]<\/p>\n","protected":false},"featured_media":0,"comment_status":"open","ping_status":"closed","template":"","meta":[],"product_brand":[],"product_cat":[137],"product_tag":[],"class_list":{"0":"post-6083","1":"product","2":"type-product","3":"status-publish","5":"product_cat-maros-megyei-eletrajzi-lexikon","7":"first","8":"instock","9":"shipping-taxable","10":"product-type-simple"},"_links":{"self":[{"href":"https:\/\/uj.adatbank.ro\/lexikon\/wp-json\/wp\/v2\/product\/6083","targetHints":{"allow":["GET"]}}],"collection":[{"href":"https:\/\/uj.adatbank.ro\/lexikon\/wp-json\/wp\/v2\/product"}],"about":[{"href":"https:\/\/uj.adatbank.ro\/lexikon\/wp-json\/wp\/v2\/types\/product"}],"replies":[{"embeddable":true,"href":"https:\/\/uj.adatbank.ro\/lexikon\/wp-json\/wp\/v2\/comments?post=6083"}],"wp:attachment":[{"href":"https:\/\/uj.adatbank.ro\/lexikon\/wp-json\/wp\/v2\/media?parent=6083"}],"wp:term":[{"taxonomy":"product_brand","embeddable":true,"href":"https:\/\/uj.adatbank.ro\/lexikon\/wp-json\/wp\/v2\/product_brand?post=6083"},{"taxonomy":"product_cat","embeddable":true,"href":"https:\/\/uj.adatbank.ro\/lexikon\/wp-json\/wp\/v2\/product_cat?post=6083"},{"taxonomy":"product_tag","embeddable":true,"href":"https:\/\/uj.adatbank.ro\/lexikon\/wp-json\/wp\/v2\/product_tag?post=6083"}],"curies":[{"name":"wp","href":"https:\/\/api.w.org\/{rel}","templated":true}]}}

CSEHY Ferenc, Csehy Franciscus, Csény Ferenc

<p>Mv., 1652, † Mv., 1676.: jezsuita tanár. – Tanulmányainak elvégzése után Mv-en lépett a jezsuita rendbe, több évig volt a latin nyelv tanára és egyházi beszédeket tartott. Ludovico de Ponte elmélkedéseit fordította magyarra, de betegeskedése és halála megakadályozta befejezését, később Wenner Jakab fejezte be és adta ki (1717). – <strong>F. m.:</strong> Dupont Lajosnak szent elmélkedései (1717). <br /><strong>Irod.:</strong> Horányi; Szinnyei</br></p>

<p>Mv., 1652, † Mv., 1676.: jezsuita tanár. – Tanulmányainak elvégzése után Mv-en lépett a jezsuita rendbe, több évig volt a latin nyelv tanára és egyházi beszédeket tartott. Ludovico de Ponte elmélkedéseit fordította magyarra, de betegeskedése és halála megakadályozta befejezését, később Wenner Jakab fejezte be és adta ki (1717). – F. m.: Dupont Lajosnak szent elmélkedései [&hellip;]</p>
